000
CXUS51 KBTV 011423
CLM1V4
CLIMATE REPORT
NATIONAL WEATHER SERVICE BURLINGTON VT
923 AM EST FRI DEC 01 2023
...................................
...THE SAINT JOHNSBURY VT ASOS CLIMATE SUMMARY FOR THE MONTH OF NOVEMBER 2023...
CLIMATE NORMAL PERIOD: 1991 TO 2020
CLIMATE RECORD PERIOD: 1998 TO 2023
WEATHER OBSERVED NORMAL DEPART LAST YEAR`S
VALUE DATE(S) VALUE FROM VALUE DATE(S)
NORMAL
................................................................
TEMPERATURE (F)
RECORD
HIGH 77
LOW -13
HIGHEST 60 11/17 MM MM 74 11/06
LOWEST 13 11/21 MM MM 9 11/21
AVG. MAXIMUM 45.1 43.3 1.8 48.9
AVG. MINIMUM 28.4 27.4 1.0 29.0
MEAN 36.7 35.3 1.4 39.0
DAYS MAX >= 90 0 0.0 0.0 0
DAYS MAX <= 32 0 3.4 -3.4 1
DAYS MIN <= 32 21 21.6 -0.6 24
DAYS MIN <= 0 0 0.1 -0.1 0
PRECIPITATION (INCHES)
RECORD
MAXIMUM 9.34 1927
MINIMUM 0.00 2022
TOTALS 2.27 3.05 -0.78 0.00
DAILY AVG. 0.08 0.10 -0.02 0.00
DAYS >= .01 14 13.9 0.1 0
DAYS >= .10 6 6.6 -0.6 0
DAYS >= .50 1 1.9 -0.9 0
DAYS >= 1.00 0 0.5 -0.5 0
GREATEST
24 HR. TOTAL 0.81 11/27 TO 11/27 MM
STORM TOTAL 0.81 0.00
(MM/DD(HH)) MM
DEGREE DAYS
HEATING TOTAL 841 890 -49 779
SINCE 7/1 1285 1739 -454 MM
COOLING TOTAL 0 0 0 5
SINCE 1/1 521 330 191 MM
................................................................
WIND (MPH)
AVERAGE WIND SPEED MM
HIGHEST WIND SPEED/DIRECTION MM DATE MM
HIGHEST GUST SPEED/DIRECTION MM DATE MM
SKY COVER
POSSIBLE SUNSHINE (PERCENT) MM
AVERAGE SKY COVER 0.00
NUMBER OF DAYS FAIR 30
NUMBER OF DAYS PC 0
NUMBER OF DAYS CLOUDY 0
AVERAGE RH (PERCENT) 63
WEATHER CONDITIONS. NUMBER OF DAYS WITH
THUNDERSTORM 0 MIXED PRECIP 0
HEAVY RAIN 0 RAIN 0
LIGHT RAIN 0 FREEZING RAIN 0
LT FREEZING RAIN 0 HAIL 0
HEAVY SNOW 0 SNOW 0
LIGHT SNOW 0 SLEET 0
FOG 0 FOG W/VIS <= 1/4 MILE 0
HAZE 0
- INDICATES NEGATIVE NUMBERS.
R INDICATES RECORD WAS SET OR TIED.
MM INDICATES DATA IS MISSING.
T INDICATES TRACE AMOUNT.
$$