000
CXUS53 KUNR 031839
CF62WX
PRELIMINARY LOCAL CLIMATOLOGICAL DATA (WS FORM: F-6)
STATION: BUFFALO SD
MONTH: OCTOBER
YEAR: 2020
LATITUDE: 45 35 N
LONGITUDE: 103 33 W
TEMPERATURE IN F: :PCPN: SNOW: WIND :SUNSHINE: SKY :PK WND
================================================================================
1 2 3 4 5 6A 6B 7 8 9 10 11 12 13 14 15 16 17 18
12Z AVG MX 2MIN
DY MAX MIN AVG DEP HDD CDD WTR SNW DPTH SPD SPD DIR MIN PSBL S-S WX SPD DR
================================================================================
1 57 31 44 -7 21 0 0.00 M M 8.0 15 310 M M M 18 300
2 64 32 48 -3 17 0 0.03 M M 11.1 32 330 M M M 43 310
3 68 40 54 4 11 0 0.00 M M 9.2 18 330 M M M 24 330
4 79 37 58 8 7 0 0.00 M M 9.4 18 200 M M M 26 190
5 72 49 61 12 4 0 0.00 M M 15.5 32 330 M M M 45 320
6 84 49 67 18 0 2 0.00 M M 16.2 33 290 M M M 49 280
7 73 42 58 9 7 0 0.00 M M 9.9 17 100 M M M 23 100
8 84 46 65 17 0 0 0.00 M M 10.5 22 190 M M M 28 190
9 75 48 62 14 3 0 0.00 M M 12.8 31 320 M M M 37 310
10 80 46 63 15 2 0 0.00 M M 17.0 32 160 M M M 40 140
11 74 36 55 8 10 0 0.00 M M 21.4 53 300 M M M 67 300
12 69 34 52 5 13 0 0.00 M M 16.4 40 260 M M M 50 280
13 64 31 48 2 17 0 0.18 M M 13.8 26 330 M M M 33 330
14 53 30 42 -4 23 0 0.12 M M 22.5 47 300 M M M 61 310
15 46 29 38 -8 27 0 0.02 M M 16.8 36 290 M M M 45 310
16 47 28 38 -7 27 0 0.12 M M 11.2 23 280 M M M 30 270
17 47 24 36 -9 29 0 0.00 M M 18.4 30 340 M M M 37 310
18 33 17 25 -20 40 0 0.03 M M 7.4 16 340 M M M 19 340
19 33 25 29 -15 36 0 0.05 M M 11.7 20 160 M M M 25 140
20 41 25 33 -11 32 0 0.05 M M 14.2 37 310 M M M 46 310
21 33 26 30 -14 35 0 0.32 M M 8.9 16 100 M M M 21 100
22 28 21 25 -18 40 0 0.06 M M 13.8 23 340 M M M 29 340
23 21 5 13 -30 52 0 0.05 M M 7.1 20 340 M M M 24 330
24 21 15 18 -24 47 0 0.14 M M 18.5 30 70 M M M 36 80
25 17 6 12 -30 53 0 0.00 M M 13.6 24 310 M M M 29 310
26 19 -3 8 -34 57 0 0.00 M M 7.2 14 270 M M M 15 270
27 40 13 27 -14 38 0 0.00 M M 16.1 28 270 M M M 34 250
28 42 33 38 -3 27 0 0.00 M M 9.9 21 300 M M M 25 300
29 52 34 43 3 22 0 0.00 M M 10.3 18 250 M M M 23 250
30 64 36 50 10 15 0 0.00 M M M 47 330 M M M 58 320
31 51 28 40 0 25 0 0.00 M M M 51 310 M M M 65 310
================================================================================
SM 1631 913 737 2 1.17 M 378.8 M M
================================================================================
AV 52.6 29.5 13.1 FASTST M M M MAX(MPH)
MISC ----> 53 300 67 300
================================================================================
NOTES:
# LAST OF SEVERAL OCCURRENCES
COLUMN 17 PEAK WIND IN M.P.H.
PRELIMINARY LOCAL CLIMATOLOGICAL DATA (WS FORM: F-6) , PAGE 2
STATION: BUFFALO SD
MONTH: OCTOBER
YEAR: 2020
LATITUDE: 45 35 N
LONGITUDE: 103 33 W
[TEMPERATURE DATA] [PRECIPITATION DATA] SYMBOLS USED IN COLUMN 16
AVERAGE MONTHLY: 41.0 TOTAL FOR MONTH: 1.17 1 = FOG OR MIST
DPTR FM NORMAL: -4.4 DPTR FM NORMAL: 0.47 2 = FOG REDUCING VISIBILITY
HIGHEST: 84 ON 8, 6 GRTST 24HR 0.32 ON 21-21 TO 1/4 MILE OR LESS
LOWEST: -3 ON 26 3 = THUNDER
SNOW, ICE PELLETS, HAIL 4 = ICE PELLETS
TOTAL MONTH: M 5 = HAIL
GRTST 24HR M ON M 6 = FREEZING RAIN OR DRIZZLE
GRTST DEPTH: M ON M 7 = DUSTSTORM OR SANDSTORM:
VSBY 1/2 MILE OR LESS
8 = SMOKE OR HAZE
[NO. OF DAYS WITH] [WEATHER - DAYS WITH] 9 = BLOWING SNOW
X = TORNADO
MAX 32 OR BELOW: 5 0.01 INCH OR MORE: 12
MAX 90 OR ABOVE: 0 0.10 INCH OR MORE: 5
MIN 32 OR BELOW: 18 0.50 INCH OR MORE: 0
MIN 0 OR BELOW: 1 1.00 INCH OR MORE: 0
[HDD (BASE 65) ]
TOTAL THIS MO. 737 CLEAR (SCALE 0-3) 0
DPTR FM NORMAL 127 PTCLDY (SCALE 4-7) 0
TOTAL FM JUL 1 912 CLOUDY (SCALE 8-10) 31
DPTR FM NORMAL 10
[CDD (BASE 65) ]
TOTAL THIS MO. 2
DPTR FM NORMAL 1 [PRESSURE DATA]
TOTAL FM JAN 1 738 HIGHEST SLP M ON M
DPTR FM NORMAL 225 LOWEST SLP 29.24 ON 11
[REMARKS]
#FINAL-10-20#