000
CXUS55 KBOU 010900
CF633V
PRELIMINARY LOCAL CLIMATOLOGICAL DATA (WS FORM: F-6)
STATION: WALDEN
MONTH: MARCH
YEAR: 2022
LATITUDE: 40 45 N
LONGITUDE: 106 16 W
TEMPERATURE IN F: :PCPN: SNOW: WIND :SUNSHINE: SKY :PK WND
================================================================================
1 2 3 4 5 6A 6B 7 8 9 10 11 12 13 14 15 16 17 18
12Z AVG MX 2MIN
DY MAX MIN AVG DEP HDD CDD WTR SNW DPTH SPD SPD DIR MIN PSBL S-S WX SPD DR
================================================================================
1 41 19 30 M 35 0 M M M 6.2 15 190 M M 0 21 180
2 36 14 25 M 40 0 M M M 3.9 9 140 M M 0 M M
3 37 18 28 M 37 0 M M M 3.0 9 140 M M 0 M M
4 41 14 28 M 37 0 M M M 5.7 16 240 M M 5 26 300
5 32 12 22 M 43 0 M M M 9.7 22 360 M M 9 26 360
6 23 7 15 M 50 0 M M M 4.9 15 340 M M 8 M M
7 14 -9 3 M 62 0 M M M 4.1 12 360 M M 2 M M
8 21 -17 2 M 63 0 M M M 6.6 14 210 M M 4 20 190
9 21 0 11 M 54 0 M M M 12.1 21 350 M M 10 29 350
10 10 -15 -2 M 67 0 M M M 7.1 17 360 M M 3 M M
11 18 -18 0 M 65 0 M M M 8.8 18 210 M M 4 27 210
12 34 14 24 M 41 0 M M M 15.0 24 230 M M 2 29 210
13 37 19 28 M 37 0 M M M 10.5 22 250 M M 3 33 250
14 34 12 23 M 42 0 M M M 5.8 10 130 M M 4 M M
15 41 14 28 M 37 0 M M M 7.9 17 220 M M 1 20 200
16 36 27 32 M 33 0 M M M 5.6 15 360 M M 9 17 350
17 30 14 22 M 43 0 M M M 10.2 21 340 M M 7 24 340
18 34 3 19 M 46 0 M M M 6.0 10 230 M M 2 M M
19 41 19 30 M 35 0 M M M 7.7 14 190 M M 2 16 200
20 41 21 31 M 34 0 M M M 5.5 9 120 M M 3 20 20
21 30 14 22 M 43 0 M M M 16.5 24 350 M M 6 31 350
22 30 5 18 M 47 0 M M M 9.5 21 350 M M 6 31 340
23 34 3 19 M 46 0 M M M 6.2 10 130 M M 0 M M
24 43 14 29 M 36 0 M M M 6.3 13 200 M M 0 18 210
25 46 23 35 M 30 0 M M M 7.4 14 230 M M 2 21 310
26 50 34 42 M 23 0 M M M 9.3 18 260 M M 2 24 270
27 54 28 41 M 24 0 M M M 4.9 8 240 M M 0 M M
28 54 32 43 M 22 0 M M M 7.9 13 250 M M 2 17 220
29 37 28 33 M 32 0 M M M 8.5 17 20 M M 9 22 360
30 34 18 26 M 39 0 M M M 14.1 23 310 M M 5 30 310
31 41 14 28 M 37 0 M M M 7.2 13 230 M M 3 21 240
================================================================================
SM 1075 381 1280 0 M M 244.2 M 113
================================================================================
AV 34.7 12.3 7.9 FASTST M M 4 MAX(MPH)
MISC ----> # 24 350 33 250
================================================================================
NOTES:
# LAST OF SEVERAL OCCURRENCES
COLUMN 17 PEAK WIND IN M.P.H.
PRELIMINARY LOCAL CLIMATOLOGICAL DATA (WS FORM: F-6) , PAGE 2
STATION: WALDEN
MONTH: MARCH
YEAR: 2022
LATITUDE: 40 45 N
LONGITUDE: 106 16 W
[TEMPERATURE DATA] [PRECIPITATION DATA] SYMBOLS USED IN COLUMN 16
AVERAGE MONTHLY: 23.5 TOTAL FOR MONTH: M 1 = FOG OR MIST
DPTR FM NORMAL: 0.0 DPTR FM NORMAL: M 2 = FOG REDUCING VISIBILITY
HIGHEST: 54 ON 27,28 GRTST 24HR M ON M TO 1/4 MILE OR LESS
LOWEST: -18 ON 11 3 = THUNDER
SNOW, ICE PELLETS, HAIL 4 = ICE PELLETS
TOTAL MONTH: M 5 = HAIL
GRTST 24HR M ON M 6 = FREEZING RAIN OR DRIZZLE
GRTST DEPTH: M ON M 7 = DUSTSTORM OR SANDSTORM:
VSBY 1/2 MILE OR LESS
8 = SMOKE OR HAZE
[NO. OF DAYS WITH] [WEATHER - DAYS WITH] 9 = BLOWING SNOW
X = TORNADO
MAX 32 OR BELOW: 10 0.01 INCH OR MORE: 0
MAX 90 OR ABOVE: 0 0.10 INCH OR MORE: 0
MIN 32 OR BELOW: 30 0.50 INCH OR MORE: 0
MIN 0 OR BELOW: 5 1.00 INCH OR MORE: 0
[HDD (BASE 65) ]
TOTAL THIS MO. 1280 CLEAR (SCALE 0-3) 18
DPTR FM NORMAL M PTCLDY (SCALE 4-7) 8
TOTAL FM JUL 1 7914 CLOUDY (SCALE 8-10) 5
DPTR FM NORMAL M
[CDD (BASE 65) ]
TOTAL THIS MO. 0
DPTR FM NORMAL M [PRESSURE DATA]
TOTAL FM JAN 1 0 HIGHEST SLP M ON M
DPTR FM NORMAL M LOWEST SLP M ON M
[REMARKS]
#FINAL-03-22#