000
CXUS55 KBOU 010900
CF633V
PRELIMINARY LOCAL CLIMATOLOGICAL DATA (WS FORM: F-6)
STATION: WALDEN
MONTH: SEPTEMBER
YEAR: 2023
LATITUDE: 40 45 N
LONGITUDE: 106 16 W
TEMPERATURE IN F: :PCPN: SNOW: WIND :SUNSHINE: SKY :PK WND
================================================================================
1 2 3 4 5 6A 6B 7 8 9 10 11 12 13 14 15 16 17 18
12Z AVG MX 2MIN
DY MAX MIN AVG DEP HDD CDD WTR SNW DPTH SPD SPD DIR MIN PSBL S-S WX SPD DR
================================================================================
1 79 39 59 M 6 0 M M M 7.8 18 210 M M 2 43 330
2 73 41 57 M 8 0 M M M 5.3 16 200 M M 3 25 240
3 72 41 57 M 8 0 M M M 6.9 15 190 M M 2 29 190
4 64 43 54 M 11 0 M M M 12.3 30 260 M M 5 40 210
5 66 37 52 M 13 0 M M M 6.7 12 270 M M 1 17 220
6 73 34 54 M 11 0 M M M 8.7 22 250 M M 0 29 250
7 72 36 54 M 11 0 M M M 8.2 18 270 M M 0 25 270
8 73 30 52 M 13 0 M M M 8.9 23 260 M M 0 28 240
9 73 32 53 M 12 0 M M M 4.6 12 300 M M 1 20 50
10 63 45 54 M 11 0 M M M 6.7 18 10 M M 8 31 10
11 64 34 49 M 16 0 M M M 5.8 12 70 M M 4 20 360
12 68 30 49 M 16 0 M M M 5.0 10 50 M M 1 16 40
13 68 30 49 M 16 0 M M M 5.8 16 10 M M 3 23 260
14 55 37 46 M 19 0 M M M 5.5 25 350 M M 8 33 350
15 61 32 47 M 18 0 M M M 4.8 12 60 M M 4 18 50
16 66 27 47 M 18 0 M M M 5.0 9 140 M M 0 M M
17 70 28 49 M 16 0 M M M 6.4 15 250 M M 1 21 250
18 68 37 53 M 12 0 M M M 8.3 35 250 M M 3 40 250
19 63 32 48 M 17 0 M M M 7.7 20 320 M M 4 30 320
20 68 32 50 M 15 0 M M M 7.3 16 150 M M 2 23 210
21 64 36 50 M 15 0 M M M 7.8 18 180 M M 3 28 180
22 64 32 48 M 17 0 M M M 14.3 27 340 M M 2 36 340
23 59 30 45 M 20 0 M M M 10.4 21 220 M M 1 29 220
24 64 25 45 M 20 0 M M M 3.9 9 130 M M 0 M M
25 68 23 46 M 19 0 M M M 4.3 9 130 M M 0 M M
26 72 25 49 M 16 0 M M M 5.5 13 260 M M 0 17 250
27 73 28 51 M 14 0 M M M 6.5 13 240 M M 0 18 190
28 73 32 53 M 12 0 M M M 8.5 14 250 M M 0 22 220
29 72 32 52 M 13 0 M M M 8.0 15 240 M M 0 28 230
30 73 30 52 M 13 0 M M M 8.9 22 210 M M 1 41 140
================================================================================
SM 2041 990 426 0 M M 215.7 M 59
================================================================================
AV 68.0 33.0 7.2 FASTST M M 2 MAX(MPH)
MISC ----> 35 250 43 330
================================================================================
NOTES:
# LAST OF SEVERAL OCCURRENCES
COLUMN 17 PEAK WIND IN M.P.H.
PRELIMINARY LOCAL CLIMATOLOGICAL DATA (WS FORM: F-6) , PAGE 2
STATION: WALDEN
MONTH: SEPTEMBER
YEAR: 2023
LATITUDE: 40 45 N
LONGITUDE: 106 16 W
[TEMPERATURE DATA] [PRECIPITATION DATA] SYMBOLS USED IN COLUMN 16
AVERAGE MONTHLY: 50.5 TOTAL FOR MONTH: M 1 = FOG OR MIST
DPTR FM NORMAL: 0.0 DPTR FM NORMAL: M 2 = FOG REDUCING VISIBILITY
HIGHEST: 79 ON 1 GRTST 24HR M ON M TO 1/4 MILE OR LESS
LOWEST: 23 ON 25 3 = THUNDER
SNOW, ICE PELLETS, HAIL 4 = ICE PELLETS
TOTAL MONTH: M 5 = HAIL
GRTST 24HR M ON M 6 = FREEZING RAIN OR DRIZZLE
GRTST DEPTH: M ON M 7 = DUSTSTORM OR SANDSTORM:
VSBY 1/2 MILE OR LESS
8 = SMOKE OR HAZE
[NO. OF DAYS WITH] [WEATHER - DAYS WITH] 9 = BLOWING SNOW
X = TORNADO
MAX 32 OR BELOW: 0 0.01 INCH OR MORE: 0
MAX 90 OR ABOVE: 0 0.10 INCH OR MORE: 0
MIN 32 OR BELOW: 18 0.50 INCH OR MORE: 0
MIN 0 OR BELOW: 0 1.00 INCH OR MORE: 0
[HDD (BASE 65) ]
TOTAL THIS MO. 426 CLEAR (SCALE 0-3) 23
DPTR FM NORMAL M PTCLDY (SCALE 4-7) 7
TOTAL FM JUL 1 775 CLOUDY (SCALE 8-10) 0
DPTR FM NORMAL M
[CDD (BASE 65) ]
TOTAL THIS MO. 0
DPTR FM NORMAL M [PRESSURE DATA]
TOTAL FM JAN 1 1 HIGHEST SLP M ON M
DPTR FM NORMAL M LOWEST SLP M ON M
[REMARKS]
#FINAL-09-23#