000
CXUS51 KPHI 010815
CF6ABE
PRELIMINARY LOCAL CLIMATOLOGICAL DATA (WS FORM: F-6)
STATION: ALLENTOWN PA
MONTH: OCTOBER
YEAR: 2022
LATITUDE: 40 39 N
LONGITUDE: 75 26 W
TEMPERATURE IN F: :PCPN: SNOW: WIND :SUNSHINE: SKY :PK WND
================================================================================
1 2 3 4 5 6A 6B 7 8 9 10 11 12 13 14 15 16 17 18
12Z AVG MX 2MIN
DY MAX MIN AVG DEP HDD CDD WTR SNW DPTH SPD SPD DIR MIN PSBL S-S WX SPD DR
================================================================================
1 60 51 56 -4 9 0 0.36 0.0 0 13.5 22 60 M M 10 1 27 40
2 59 49 54 -6 11 0 0.08 0.0 0 15.5 28 50 M M 10 37 40
3 51 46 49 -11 16 0 0.15 0.0 0 9.1 18 50 M M 10 24 60
4 52 44 48 -11 17 0 2.08 0.0 0 8.5 21 30 M M 10 1 31 40
5 62 50 56 -3 9 0 0.27 0.0 0 6.9 16 50 M M 8 1 22 60
6 75 43 59 1 6 0 0.00 0.0 0 3.5 7 240 M M 0 1 10 160
7 73 49 61 3 4 0 0.00 0.0 0 7.6 17 300 M M 4 1 23 330
8 56 36 46 -12 19 0 0.00 0.0 0 6.6 16 300 M M 3 20 300
9 61 33 47 -10 18 0 0.00 0.0 0 6.6 17 240 M M 0 22 240
10 67 36 52 -5 13 0 0.00 0.0 0 3.5 17 230 M M 1 22 230
11 71 39 55 -1 10 0 0.00 0.0 0 3.1 14 250 M M 0 18 250
12 69 38 54 -2 11 0 0.00 0.0 0 4.3 17 210 M M 1 1 23 210
13 65 54 60 4 5 0 1.57 0.0 0 5.3 21 310 M M 10 1 26 320
14 66 40 53 -2 12 0 T 0.0 0 3.9 12 280 M M 4 1 16 270
15 70 38 54 -1 11 0 0.00 0.0 0 5.5 22 220 M M 0 27 220
16 63 39 51 -3 14 0 0.00 0.0 0 3.5 10 230 M M 2 1 15 240
17 63 45 54 0 11 0 0.07 0.0 0 4.8 14 310 M M 8 1 19 320
18 54 34 44 -10 21 0 0.00 0.0 0 6.5 16 250 M M 2 24 280
19 51 28 40 -14 25 0 0.00 0.0 0 6.6 21 250 M M 4 27 220
20 57 31 44 -9 21 0 0.00 0.0 0 8.1 23 240 M M 0 32 260
21 63 28 46 -7 19 0 0.00 0.0 0 2.4 10 240 M M 0 14 170
22 69 31 50 -2 15 0 0.00 0.0 0 2.3 8 140 M M 0 13 150
23 63 38 51 -1 14 0 0.08 0.0 0 5.9 18 70 M M 7 24 60
24 59 51 55 3 10 0 0.21 0.0 0 7.5 14 60 M M 10 1 17 50
25 70 57 64 13 1 0 T 0.0 0 5.2 9 150 M M 10 1 13 140
26 68 53 61 10 4 0 0.12 0.0 0 6.1 15 210 M M 9 1 18 250
27 61 40 51 0 14 0 0.00 0.0 0 9.7 22 330 M M 2 28 340
28 59 34 47 -3 18 0 0.00 0.0 0 5.8 18 60 M M 0 25 50
29 61 28 45 -5 20 0 0.00 0.0 0 2.0 9 60 M M 0 14 80
30 63 28 46 -4 19 0 0.00 0.0 0 1.1 8 50 M M 0 9 110
31 61 37 49 0 16 0 0.08 0.0 0 1.6 9 210 M M 6 1 14 220
================================================================================
SM 1942 1248 413 0 5.07 0.0 182.5 M 131
================================================================================
AV 62.6 40.3 5.9 FASTST M M 4 MAX(MPH)
MISC ----> 28 50 37 40
================================================================================
NOTES:
# LAST OF SEVERAL OCCURRENCES
COLUMN 17 PEAK WIND IN M.P.H.
PRELIMINARY LOCAL CLIMATOLOGICAL DATA (WS FORM: F-6) , PAGE 2
STATION: ALLENTOWN PA
MONTH: OCTOBER
YEAR: 2022
LATITUDE: 40 39 N
LONGITUDE: 75 26 W
[TEMPERATURE DATA] [PRECIPITATION DATA] SYMBOLS USED IN COLUMN 16
AVERAGE MONTHLY: 51.5 TOTAL FOR MONTH: 5.07 1 = FOG OR MIST
DPTR FM NORMAL: -3.1 DPTR FM NORMAL: 0.93 2 = FOG REDUCING VISIBILITY
HIGHEST: 75 ON 6 GRTST 24HR 2.19 ON 4- 5 TO 1/4 MILE OR LESS
LOWEST: 28 ON 30,29 3 = THUNDER
SNOW, ICE PELLETS, HAIL 4 = ICE PELLETS
TOTAL MONTH: 0.0 INCH 5 = HAIL
GRTST 24HR 0.0 6 = FREEZING RAIN OR DRIZZLE
GRTST DEPTH: 0 7 = DUSTSTORM OR SANDSTORM:
VSBY 1/2 MILE OR LESS
8 = SMOKE OR HAZE
[NO. OF DAYS WITH] [WEATHER - DAYS WITH] 9 = BLOWING SNOW
X = TORNADO
MAX 32 OR BELOW: 0 0.01 INCH OR MORE: 11
MAX 90 OR ABOVE: 0 0.10 INCH OR MORE: 7
MIN 32 OR BELOW: 6 0.50 INCH OR MORE: 2
MIN 0 OR BELOW: 0 1.00 INCH OR MORE: 2
[HDD (BASE 65) ]
TOTAL THIS MO. 413 CLEAR (SCALE 0-3) 16
DPTR FM NORMAL 79 PTCLDY (SCALE 4-7) 7
TOTAL FM JUL 1 497 CLOUDY (SCALE 8-10) 8
DPTR FM NORMAL 91
[CDD (BASE 65) ]
TOTAL THIS MO. 0
DPTR FM NORMAL -13 [PRESSURE DATA]
TOTAL FM JAN 1 982 HIGHEST SLP 30.53 ON 28
DPTR FM NORMAL 1 LOWEST SLP 29.58 ON 17
[REMARKS]
#FINAL-10-22#