000
CXUS54 KSJT 011638
CF6ABI
PRELIMINARY LOCAL CLIMATOLOGICAL DATA (WS FORM: F-6)
STATION: ABILENE
MONTH: JANUARY
YEAR: 2024
LATITUDE: 32 25 N
LONGITUDE: 99 41 W
TEMPERATURE IN F: :PCPN: SNOW: WIND :SUNSHINE: SKY :PK WND
================================================================================
1 2 3 4 5 6A 6B 7 8 9 10 11 12 13 14 15 16 17 18
12Z AVG MX 2MIN
DY MAX MIN AVG DEP HDD CDD WTR SNW DPTH SPD SPD DIR MIN PSBL S-S WX SPD DR
================================================================================
1 44 29 37 -9 28 0 0.00 0.0 0 6.9 13 350 M M 4 1 19 30
2 42 29 36 -10 29 0 0.62 0.0 0 4.3 12 90 M M 7 1 13 80
3 52 38 45 -1 20 0 0.00 0.0 0 4.6 10 340 M M 6 1 12 230
4 46 34 40 -6 25 0 0.20 0.0 0 10.3 22 150 M M 8 12 36 140
5 57 35 46 0 19 0 0.00 0.0 0 10.4 30 310 M M 0 40 310
6 52 31 42 -4 23 0 0.00 0.0 0 6.7 16 290 M M 3 20 290
7 62 31 47 1 18 0 0.00 0.0 0 16.2 31 170 M M 0 52 140
8 58 35 47 1 18 0 0.50 0.0 0 24.4 47 310 M M 8 138 66 300
9 52 33 43 -3 22 0 0.00 0.0 0 17.2 41 310 M M 0 55 300
10 69 36 53 7 12 0 0.00 0.0 0 13.7 23 200 M M 0 37 260
11 74 42 58 12 7 0 0.00 0.0 0 11.7 24 240 M M 1 43 230
12 54 25 40 -6 25 0 0.00 0.0 0 13.9 37 320 M M 2 49 330
13 65 18 42 -4 23 0 0.00 0.0 0 13.6 28 360 M M 0 35 360
14 18 10 14 -32 51 0 T T 0 11.1 20 360 M M 8 8 27 50
15 28 8 18 -28 47 0 0.00 0.0 0 12.7 25 10 M M 4 40 30
16 29 11 20 -26 45 0 0.00 0.0 0 8.9 21 350 M M 0 28 50
17 54 17 36 -10 29 0 0.00 0.0 0 15.5 30 200 M M 0 45 210
18 66 38 52 6 13 0 0.00 0.0 0 9.5 28 200 M M 0 42 210
19 42 21 32 -14 33 0 0.00 0.0 0 14.4 26 360 M M 0 40 50
20 39 17 28 -18 37 0 0.00 0.0 0 6.8 17 130 M M 1 21 130
21 42 29 36 -10 29 0 0.06 0.0 0 11.6 22 170 M M 8 1 36 140
22 52 38 45 -2 20 0 T 0.0 0 8.1 16 140 M M 10 18 20 150
23 53 44 49 2 16 0 0.07 0.0 0 5.6 15 140 M M 9 12 17 150
24 46 42 44 -3 21 0 T 0.0 0 4.4 10 330 M M 10 12 13 60
25 67 44 56 9 9 0 0.00 0.0 M 4.8 15 150 M M 5 12 21 140
26 53 46 50 3 15 0 0.82 0.0 0 8.1 17 350 M M 10 135 22 350
27 60 40 50 3 15 0 0.02 0.0 0 12.9 23 320 M M 4 1 38 330
28 68 33 51 4 14 0 0.00 0.0 0 4.5 13 280 M M 0 16 260
29 71 44 58 11 7 0 0.00 0.0 0 6.9 13 250 M M 0 17 250
30 73 43 58 10 7 0 0.00 0.0 0 5.0 10 150 M M 0 16 110
31 73 43 58 10 7 0 0.00 0.0 0 4.8 13 140 M M 0 21 200
================================================================================
SM 1661 984 684 0 2.29 T 309.5 M 108
================================================================================
AV 53.6 31.7 10.0 FASTST M M 3 MAX(MPH)
MISC ----> 47 310 66 300
================================================================================
NOTES:
# LAST OF SEVERAL OCCURRENCES
COLUMN 17 PEAK WIND IN M.P.H.
PRELIMINARY LOCAL CLIMATOLOGICAL DATA (WS FORM: F-6) , PAGE 2
STATION: ABILENE
MONTH: JANUARY
YEAR: 2024
LATITUDE: 32 25 N
LONGITUDE: 99 41 W
[TEMPERATURE DATA] [PRECIPITATION DATA] SYMBOLS USED IN COLUMN 16
AVERAGE MONTHLY: 42.7 TOTAL FOR MONTH: 2.29 1 = FOG OR MIST
DPTR FM NORMAL: -3.6 DPTR FM NORMAL: 1.19 2 = FOG REDUCING VISIBILITY
HIGHEST: 74 ON 11 GRTST 24HR 0.82 ON 26-26 TO 1/4 MILE OR LESS
LOWEST: 8 ON 15 3 = THUNDER
SNOW, ICE PELLETS, HAIL 4 = ICE PELLETS
TOTAL MONTH: T 5 = HAIL
GRTST 24HR T ON 14-14 6 = FREEZING RAIN OR DRIZZLE
GRTST DEPTH: 0 7 = DUSTSTORM OR SANDSTORM:
VSBY 1/2 MILE OR LESS
8 = SMOKE OR HAZE
[NO. OF DAYS WITH] [WEATHER - DAYS WITH] 9 = BLOWING SNOW
X = TORNADO
MAX 32 OR BELOW: 3 0.01 INCH OR MORE: 7
MAX 90 OR ABOVE: 0 0.10 INCH OR MORE: 4
MIN 32 OR BELOW: 13 0.50 INCH OR MORE: 3
MIN 0 OR BELOW: 0 1.00 INCH OR MORE: 0
[HDD (BASE 65) ]
TOTAL THIS MO. 684 CLEAR (SCALE 0-3) 16
DPTR FM NORMAL 101 PTCLDY (SCALE 4-7) 10
TOTAL FM JUL 1 1454 CLOUDY (SCALE 8-10) 5
DPTR FM NORMAL -81
[CDD (BASE 65) ]
TOTAL THIS MO. 0
DPTR FM NORMAL -2 [PRESSURE DATA]
TOTAL FM JAN 1 0 HIGHEST SLP 30.61 ON 19
DPTR FM NORMAL -2 LOWEST SLP 29.42 ON 11
[REMARKS]
#FINAL-01-24#