000
CXUS55 KABQ 011110
CF6ABQ
PRELIMINARY LOCAL CLIMATOLOGICAL DATA (WS FORM: F-6)
STATION: ALBUQUERQUE NM
MONTH: NOVEMBER
YEAR: 2021
LATITUDE: 35 2 N
LONGITUDE: 106 37 W
TEMPERATURE IN F: :PCPN: SNOW: WIND :SUNSHINE: SKY :PK WND
================================================================================
1 2 3 4 5 6A 6B 7 8 9 10 11 12 13 14 15 16 17 18
12Z AVG MX 2MIN
DY MAX MIN AVG DEP HDD CDD WTR SNW DPTH SPD SPD DIR MIN PSBL S-S WX SPD DR
================================================================================
1 68 43 56 4 9 0 0.00 0.0 0 6.0 13 190 M M 2 18 190
2 67 44 56 5 9 0 0.00 0.0 0 4.0 14 330 M M 2 18 330
3 66 40 53 2 12 0 0.00 0.0 0 6.7 21 90 M M 1 26 90
4 66 41 54 4 11 0 0.00 0.0 0 4.1 12 20 M M 0 14 10
5 72 40 56 6 9 0 0.00 0.0 0 2.2 9 130 M M 0 12 270
6 73 43 58 8 7 0 0.00 0.0 0 3.9 10 360 M M 0 14 350
7 72 40 56 7 9 0 0.00 0.0 0 3.9 9 220 M M 0 13 190
8 71 45 58 9 7 0 0.00 0.0 0 6.2 15 180 M M 0 19 160
9 68 41 55 7 10 0 0.00 0.0 0 4.1 12 220 M M 1 15 240
10 63 46 55 7 10 0 0.00 0.0 0 12.8 33 320 M M 2 46 310
11 62 40 51 3 14 0 0.00 0.0 0 9.4 16 350 M M 0 21 310
12 63 38 51 4 14 0 0.00 0.0 0 3.7 10 80 M M 0 14 80
13 68 35 52 5 13 0 0.00 0.0 0 5.1 21 340 M M 0 29 330
14 67 41 54 8 11 0 0.00 0.0 0 4.8 13 20 M M 0 17 360
15 70 42 56 10 9 0 0.00 0.0 0 3.7 15 20 M M 0 19 10
16 70 37 54 9 11 0 0.00 0.0 0 4.6 18 220 M M 0 24 270
17 63 38 51 6 14 0 0.00 0.0 0 8.4 35 90 M M 0 8 45 80
18 52 32 42 -3 23 0 0.00 0.0 0 6.9 30 80 M M 0 37 90
19 57 31 44 0 21 0 0.00 0.0 0 3.5 13 190 M M 0 18 170
20 64 33 49 5 16 0 0.00 0.0 0 2.8 10 340 M M 0 17 320
21 57 37 47 4 18 0 0.00 0.0 0 6.5 21 80 M M 0 26 80
22 57 29 43 0 22 0 0.00 0.0 0 2.5 8 120 M M 1 9 130
23 55 29 42 -1 23 0 T 0.0 0 4.0 13 220 M M 6 16 220
24 55 43 49 7 16 0 0.12 0.0 0 6.6 17 330 M M 8 1 21 330
25 51 35 43 1 22 0 0.00 0.0 0 7.8 23 120 M M 4 27 130
26 54 28 41 -1 24 0 0.00 0.0 0 2.2 8 130 M M 1 12 160
27 62 34 48 7 17 0 0.00 0.0 0 7.3 17 90 M M 0 23 90
28 60 34 47 6 18 0 0.00 0.0 0 4.3 12 10 M M 0 14 10
29 63 35 49 9 16 0 0.00 0.0 0 2.1 8 10 M M 0 9 10
30 65 33 49 9 16 0 0.00 0.0 0 5.3 13 350 M M 1 15 350
================================================================================
SM 1901 1127 431 0 0.12 0.0 155.4 M 29
================================================================================
AV 63.4 37.6 5.2 FASTST M M 1 MAX(MPH)
MISC ----> 35 90 46 310
================================================================================
NOTES:
# LAST OF SEVERAL OCCURRENCES
COLUMN 17 PEAK WIND IN M.P.H.
PRELIMINARY LOCAL CLIMATOLOGICAL DATA (WS FORM: F-6) , PAGE 2
STATION: ALBUQUERQUE NM
MONTH: NOVEMBER
YEAR: 2021
LATITUDE: 35 2 N
LONGITUDE: 106 37 W
[TEMPERATURE DATA] [PRECIPITATION DATA] SYMBOLS USED IN COLUMN 16
AVERAGE MONTHLY: 50.5 TOTAL FOR MONTH: 0.12 1 = FOG OR MIST
DPTR FM NORMAL: 4.8 DPTR FM NORMAL: -0.45 2 = FOG REDUCING VISIBILITY
HIGHEST: 73 ON 6 GRTST 24HR 0.12 ON 24-24 TO 1/4 MILE OR LESS
LOWEST: 28 ON 26 3 = THUNDER
SNOW, ICE PELLETS, HAIL 4 = ICE PELLETS
TOTAL MONTH: 0.0 INCH 5 = HAIL
GRTST 24HR 0.0 6 = FREEZING RAIN OR DRIZZLE
GRTST DEPTH: 0 7 = DUSTSTORM OR SANDSTORM:
VSBY 1/2 MILE OR LESS
8 = SMOKE OR HAZE
[NO. OF DAYS WITH] [WEATHER - DAYS WITH] 9 = BLOWING SNOW
X = TORNADO
MAX 32 OR BELOW: 0 0.01 INCH OR MORE: 1
MAX 90 OR ABOVE: 0 0.10 INCH OR MORE: 1
MIN 32 OR BELOW: 5 0.50 INCH OR MORE: 0
MIN 0 OR BELOW: 0 1.00 INCH OR MORE: 0
[HDD (BASE 65) ]
TOTAL THIS MO. 431 CLEAR (SCALE 0-3) 27
DPTR FM NORMAL -148 PTCLDY (SCALE 4-7) 2
TOTAL FM JUL 1 657 CLOUDY (SCALE 8-10) 1
DPTR FM NORMAL -163
[CDD (BASE 65) ]
TOTAL THIS MO. 0
DPTR FM NORMAL 0 [PRESSURE DATA]
TOTAL FM JAN 1 1626 HIGHEST SLP 30.51 ON 25
DPTR FM NORMAL 190 LOWEST SLP 29.79 ON 16
[REMARKS]
#FINAL-11-21#