000
CXUS55 KABQ 011049
CF6ABQ
PRELIMINARY LOCAL CLIMATOLOGICAL DATA (WS FORM: F-6)
STATION: ALBUQUERQUE NM
MONTH: JULY
YEAR: 2021
LATITUDE: 35 2 N
LONGITUDE: 106 37 W
TEMPERATURE IN F: :PCPN: SNOW: WIND :SUNSHINE: SKY :PK WND
================================================================================
1 2 3 4 5 6A 6B 7 8 9 10 11 12 13 14 15 16 17 18
12Z AVG MX 2MIN
DY MAX MIN AVG DEP HDD CDD WTR SNW DPTH SPD SPD DIR MIN PSBL S-S WX SPD DR
================================================================================
1 87 64 76 -3 0 11 0.00 0.0 0 4.8 20 140 M M 7 23 140
2 88 66 77 -2 0 12 0.17 0.0 0 10.3 30 90 M M 6 3 39 90
3 90 65 78 -1 0 13 0.28 0.0 0 7.4 37 70 M M 7 3 47 80
4 92 67 80 1 0 15 0.00 0.0 0 6.2 32 110 M M 5 3 43 90
5 92 68 80 1 0 15 0.12 0.0 0 10.6 36 80 M M 6 3 42 80
6 91 65 78 -1 0 13 0.02 0.0 0 9.6 41 80 M M 4 3 53 80
7 89 66 78 -1 0 13 0.00 0.0 0 8.3 21 130 M M 4 26 140
8 96 70 83 4 0 18 0.00 0.0 0 4.6 20 180 M M 4 27 170
9 100 73 87 8 0 22 0.06 0.0 0 5.5 35 110 M M 5 3 42 90
10 101 68 85 6 0 20 0.00 0.0 0 10.8 24 110 M M 3 38 100
11 91 73 82 3 0 17 T 0.0 0 15.3 31 110 M M 4 39 110
12 90 67 79 0 0 14 0.00 0.0 0 6.3 26 90 M M 3 38 80
13 91 69 80 1 0 15 0.00 0.0 0 8.8 18 190 M M 5 26 210
14 88 68 78 -1 0 13 0.06 0.0 0 10.3 26 300 M M 7 3 38 300
15 89 63 76 -3 0 11 0.18 0.0 0 6.9 29 90 M M 6 13 37 90
16 92 65 79 0 0 14 0.00 0.0 0 9.4 31 170 M M 4 3 40 170
17 92 67 80 1 0 15 T 0.0 0 7.7 23 190 M M 4 29 190
18 90 71 81 2 0 16 0.05 0.0 0 11.5 33 80 M M 6 3 43 80
19 92 71 82 3 0 17 0.00 0.0 0 8.1 21 140 M M 6 25 150
20 90 71 81 2 0 16 0.09 0.0 0 6.2 44 70 M M 8 38 55 70
21 90 65 78 -1 0 13 0.00 0.0 0 6.7 16 200 M M 6 35 220
22 93 71 82 3 0 17 0.00 0.0 0 7.9 23 240 M M 7 3 33 240
23 89 62 76 -3 0 11 0.02 0.0 0 7.8 32 320 M M 5 3 46 330
24 83 61 72 -7 0 7 0.00 0.0 0 8.8 22 200 M M 6 37 270
25 86 63 75 -4 0 10 T 0.0 0 6.4 33 150 M M 7 3 43 150
26 90 66 78 -1 0 13 0.00 0.0 0 4.8 21 190 M M 6 26 260
27 87 69 78 0 0 13 0.00 0.0 0 5.4 25 290 M M 8 3 35 280
28 92 68 80 2 0 15 0.00 0.0 0 5.5 20 170 M M 6 3 25 180
29 92 70 81 3 0 16 0.02 0.0 0 10.0 24 130 M M 5 3 37 140
30 89 68 79 1 0 14 0.00 0.0 0 7.7 20 190 M M 4 29 230
31 90 68 79 1 0 14 0.58 0.0 0 6.4 25 310 M M 7 3 35 300
================================================================================
SM 2812 2088 0 443 1.65 0.0 246.0 M 171
================================================================================
AV 90.7 67.4 7.9 FASTST M M 6 MAX(MPH)
MISC ----> 44 70 55 70
================================================================================
NOTES:
# LAST OF SEVERAL OCCURRENCES
COLUMN 17 PEAK WIND IN M.P.H.
PRELIMINARY LOCAL CLIMATOLOGICAL DATA (WS FORM: F-6) , PAGE 2
STATION: ALBUQUERQUE NM
MONTH: JULY
YEAR: 2021
LATITUDE: 35 2 N
LONGITUDE: 106 37 W
[TEMPERATURE DATA] [PRECIPITATION DATA] SYMBOLS USED IN COLUMN 16
AVERAGE MONTHLY: 79.0 TOTAL FOR MONTH: 1.65 1 = FOG OR MIST
DPTR FM NORMAL: 0.1 DPTR FM NORMAL: 0.01 2 = FOG REDUCING VISIBILITY
HIGHEST: 101 ON 10 GRTST 24HR 0.58 ON 31-31 TO 1/4 MILE OR LESS
LOWEST: 61 ON 24 3 = THUNDER
SNOW, ICE PELLETS, HAIL 4 = ICE PELLETS
TOTAL MONTH: 0.0 INCH 5 = HAIL
GRTST 24HR 0.0 6 = FREEZING RAIN OR DRIZZLE
GRTST DEPTH: 0 7 = DUSTSTORM OR SANDSTORM:
VSBY 1/2 MILE OR LESS
8 = SMOKE OR HAZE
[NO. OF DAYS WITH] [WEATHER - DAYS WITH] 9 = BLOWING SNOW
X = TORNADO
MAX 32 OR BELOW: 0 0.01 INCH OR MORE: 12
MAX 90 OR ABOVE: 21 0.10 INCH OR MORE: 5
MIN 32 OR BELOW: 0 0.50 INCH OR MORE: 1
MIN 0 OR BELOW: 0 1.00 INCH OR MORE: 0
[HDD (BASE 65) ]
TOTAL THIS MO. 0 CLEAR (SCALE 0-3) 1
DPTR FM NORMAL 0 PTCLDY (SCALE 4-7) 30
TOTAL FM JUL 1 0 CLOUDY (SCALE 8-10) 0
DPTR FM NORMAL 0
[CDD (BASE 65) ]
TOTAL THIS MO. 443
DPTR FM NORMAL 14 [PRESSURE DATA]
TOTAL FM JAN 1 952 HIGHEST SLP 30.11 ON 19
DPTR FM NORMAL 75 LOWEST SLP 29.73 ON 4
[REMARKS]
#FINAL-07-21#