000
CXUS55 KABQ 021516
CLMABQ
CLIMATE REPORT
NATIONAL WEATHER SERVICE ALBUQUERQUE NM
916 AM MDT THU NOV 02 2023
...................................
...THE ALBUQUERQUE NM CLIMATE SUMMARY FOR THE MONTH OF OCTOBER 2023...
CLIMATE NORMAL PERIOD 1991 TO 2020
CLIMATE RECORD PERIOD 1891 TO 2023
WEATHER OBSERVED NORMAL DEPART LAST YEAR`S
VALUE DATE(S) VALUE FROM VALUE DATE(S)
NORMAL
................................................................
TEMPERATURE (F)
RECORD
HIGH 91 10/05/1979
LOW 19 10/27/2020
10/26/2020
01/01/2000
HIGHEST 85 10/11 83 2 81 10/01
10/18
LOWEST 30 10/30 30 0 32 10/25
10/28
AVG. MAXIMUM 74.8 70.6 4.2 67.5
AVG. MINIMUM 48.3 46.1 2.2 46.3
MEAN 61.6 58.4 3.2 56.9
DAYS MAX >= 90 0 0.0 0.0 0
DAYS MAX <= 32 0 0.0 0.0 0
DAYS MIN <= 32 3 1.2 1.8 2
DAYS MIN <= 0 0 0.0 0.0 0
PRECIPITATION (INCHES)
RECORD
MAXIMUM 3.08 1972
MINIMUM 0.00 1952
TOTALS T 0.87 -0.87 1.58
DAILY AVG. T 0.03 -0.03 0.05
DAYS >= .01 0 4.7 -4.7 10
DAYS >= .10 0 2.3 -2.3 5
DAYS >= .50 0 0.5 -0.5 0
DAYS >= 1.00 0 0.1 -0.1 0
GREATEST
24 HR. TOTAL T 10/10 TO 10/10 0.67
10/23 TO 10/23
10/24 TO 10/24
SNOWFALL (INCHES)
RECORDS
TOTAL 4.4 2020
TOTALS 0.0 0.3 -0.3 0.1
SINCE 7/1 T 0.3 -0.3 MM
SNOWDEPTH AVG. 0 0
DAYS >= 1.0 0 0.1 -0.1 0
GREATEST
SNOW DEPTH 0 0 MM
24 HR TOTAL MM MM
DEGREE DAYS
HEATING TOTAL 136 220 -84 251
SINCE 7/1 143 238 -95 MM
COOLING TOTAL 34 13 21 9
SINCE 1/1 1790 1436 354 MM
................................................................
WIND (MPH)
AVERAGE WIND SPEED 7.7
HIGHEST WIND SPEED/DIRECTION 37/170 DATE 10/01
37/180 10/02
HIGHEST GUST SPEED/DIRECTION 52/090 DATE 10/06
SKY COVER
POSSIBLE SUNSHINE (PERCENT) MM
AVERAGE SKY COVER 0.22
NUMBER OF DAYS FAIR 24
NUMBER OF DAYS PC 6
NUMBER OF DAYS CLOUDY 1
AVERAGE RH (PERCENT) 37
WEATHER CONDITIONS. NUMBER OF DAYS WITH
THUNDERSTORM 1 MIXED PRECIP 0
HEAVY RAIN 0 RAIN 0
LIGHT RAIN 3 FREEZING RAIN 0
LT FREEZING RAIN 0 HAIL 0
HEAVY SNOW 0 SNOW 0
LIGHT SNOW 0 SLEET 0
FOG 0 FOG W/VIS <= 1/4 MILE 0
HAZE 2
- INDICATES NEGATIVE NUMBERS.
R INDICATES RECORD WAS SET OR TIED.
MM INDICATES DATA IS MISSING.
T INDICATES TRACE AMOUNT.
$$