000
CXUS51 KPHI 010955
CF6ACY
PRELIMINARY LOCAL CLIMATOLOGICAL DATA (WS FORM: F-6)
STATION: ATLANTIC CITY NJ
MONTH: JUNE
YEAR: 2020
LATITUDE: 39 27 N
LONGITUDE: 74 34 W
TEMPERATURE IN F: :PCPN: SNOW: WIND :SUNSHINE: SKY :PK WND
================================================================================
1 2 3 4 5 6A 6B 7 8 9 10 11 12 13 14 15 16 17 18
12Z AVG MX 2MIN
DY MAX MIN AVG DEP HDD CDD WTR SNW DPTH SPD SPD DIR MIN PSBL S-S WX SPD DR
================================================================================
1 73 44 59 -7 6 0 0.00 0.0 0 9.4 21 290 M M 1 29 290
2 77 57 67 0 0 2 0.00 0.0 0 7.4 15 260 M M 5 22 250
3 92 66 79 12 0 14 0.85 0.0 0 8.6 40 320 M M 3 18 56 320
4 87 66 77 10 0 12 0.80 0.0 0 6.4 18 270 M M 2 13 26 290
5 87 69 78 10 0 13 0.05 0.0 0 10.4 21 190 M M 4 18 33 180
6 89 68 79 11 0 14 0.00 0.0 0 7.4 16 290 M M 2 25 240
7 81 61 71 3 0 6 0.00 0.0 0 9.8 21 310 M M 3 28 330
8 77 55 66 -3 0 1 0.00 0.0 0 5.9 16 120 M M 0 21 120
9 85 60 73 4 0 8 0.00 0.0 0 8.1 17 170 M M 0 23 160
10 87 70 79 10 0 14 0.00 0.0 0 11.1 24 200 M M 0 37 210
11 79 71 75 5 0 10 0.83 0.0 0 9.4 20 190 M M 6 123 28 200
12 87 70 79 9 0 14 T 0.0 0 7.1 15 280 M M 2 1 21 20
13 76 56 66 -4 0 1 0.00 0.0 0 7.5 15 340 M M 0 20 130
14 72 52 62 -9 3 0 0.00 0.0 0 9.0 16 90 M M 0 23 110
15 72 54 63 -8 2 0 0.00 0.0 0 10.3 21 80 M M 0 30 50
16 73 54 64 -7 1 0 0.00 0.0 0 12.0 24 60 M M 0 33 60
17 69 61 65 -7 0 0 T 0.0 0 12.7 21 50 M M 9 18 29 40
18 79 63 71 -1 0 6 0.05 0.0 0 6.3 13 70 M M 8 1 18 70
19 83 62 73 1 0 8 0.00 0.0 0 6.1 16 160 M M 3 12 23 160
20 85 65 75 3 0 10 0.00 0.0 0 5.8 16 170 M M 1 24 140
21 85 66 76 3 0 11 0.00 0.0 0 5.6 13 180 M M 3 1 23 190
22 88 69 79 6 0 14 0.00 0.0 0 6.9 16 200 M M 1 24 190
23 87 70 79 6 0 14 0.00 0.0 0 8.2 15 170 M M 1 22 190
24 88 71 80 6 0 15 0.00 0.0 0 9.5 21 310 M M 1 30 280
25 87 70 79 5 0 14 0.00 0.0 0 5.3 17 180 M M 3 27 180
26 90 65 78 4 0 13 T 0.0 0 8.1 20 260 M M 2 1 27 270
27 91 71 81 7 0 16 0.01 0.0 0 8.6 21 220 M M 3 33 240
28 95 72 84 10 0 19 T 0.0 0 6.2 17 260 M M 3 23 260
29 92 70 81 6 0 16 0.00 0.0 0 6.9 16 330 M M 2 23 290
30 84 66 75 0 0 10 0.00 0.0 0 5.4 14 130 M M 5 17 140
================================================================================
SM 2497 1914 12 275 2.59 0.0 241.4 M 73
================================================================================
AV 83.2 63.8 8.0 FASTST M M 2 MAX(MPH)
MISC ----> 40 320 56 320
================================================================================
NOTES:
# LAST OF SEVERAL OCCURRENCES
COLUMN 17 PEAK WIND IN M.P.H.
PRELIMINARY LOCAL CLIMATOLOGICAL DATA (WS FORM: F-6) , PAGE 2
STATION: ATLANTIC CITY NJ
MONTH: JUNE
YEAR: 2020
LATITUDE: 39 27 N
LONGITUDE: 74 34 W
[TEMPERATURE DATA] [PRECIPITATION DATA] SYMBOLS USED IN COLUMN 16
AVERAGE MONTHLY: 73.5 TOTAL FOR MONTH: 2.59 1 = FOG OR MIST
DPTR FM NORMAL: 2.6 DPTR FM NORMAL: -0.52 2 = FOG REDUCING VISIBILITY
HIGHEST: 95 ON 28 GRTST 24HR 0.85 ON 3- 3 TO 1/4 MILE OR LESS
LOWEST: 44 ON 1 3 = THUNDER
SNOW, ICE PELLETS, HAIL 4 = ICE PELLETS
TOTAL MONTH: 0.0 INCH 5 = HAIL
GRTST 24HR 0.0 6 = FREEZING RAIN OR DRIZZLE
GRTST DEPTH: 0 7 = DUSTSTORM OR SANDSTORM:
VSBY 1/2 MILE OR LESS
8 = SMOKE OR HAZE
[NO. OF DAYS WITH] [WEATHER - DAYS WITH] 9 = BLOWING SNOW
X = TORNADO
MAX 32 OR BELOW: 0 0.01 INCH OR MORE: 6
MAX 90 OR ABOVE: 5 0.10 INCH OR MORE: 3
MIN 32 OR BELOW: 0 0.50 INCH OR MORE: 3
MIN 0 OR BELOW: 0 1.00 INCH OR MORE: 0
[HDD (BASE 65) ]
TOTAL THIS MO. 12 CLEAR (SCALE 0-3) 22
DPTR FM NORMAL -15 PTCLDY (SCALE 4-7) 7
TOTAL FM JUL 1 4111 CLOUDY (SCALE 8-10) 1
DPTR FM NORMAL -791
[CDD (BASE 65) ]
TOTAL THIS MO. 275
DPTR FM NORMAL 72 [PRESSURE DATA]
TOTAL FM JAN 1 324 HIGHEST SLP 30.40 ON 15
DPTR FM NORMAL 57 LOWEST SLP 29.64 ON 3
[REMARKS]
#FINAL-06-20#