000
CXUS54 KLCH 010820
CF6AEX
PRELIMINARY LOCAL CLIMATOLOGICAL DATA (WS FORM: F-6)
STATION: ALEXANDRIA
MONTH: SEPTEMBER
YEAR: 2020
LATITUDE: 31 19 N
LONGITUDE: 92 33 W
TEMPERATURE IN F: :PCPN: SNOW: WIND :SUNSHINE: SKY :PK WND
================================================================================
1 2 3 4 5 6A 6B 7 8 9 10 11 12 13 14 15 16 17 18
12Z AVG MX 2MIN
DY MAX MIN AVG DEP HDD CDD WTR SNW DPTH SPD SPD DIR MIN PSBL S-S WX SPD DR
================================================================================
1 95 78 87 6 0 22 0.00 0.0 0 9.0 18 200 M M M 18 27 170
2 96 77 87 6 0 22 0.00 0.0 0 9.4 17 190 M M M 18 26 190
3 95 76 86 5 0 21 0.07 0.0 0 2.9 20 280 M M M 138 30 280
4 97 75 86 6 0 21 0.82 0.0 0 4.0 16 140 M M M 18 28 150
5 92 73 83 3 0 18 0.06 0.0 0 4.3 17 360 M M M 18 26 350
6 93 71 82 2 0 17 0.00 0.0 0 2.3 8 70 M M M 1 11 110
7 94 68 81 1 0 16 0.00 0.0 0 2.4 10 150 M M M 14 150
8 92 71 82 2 0 17 0.00 0.0 0 4.3 10 110 M M M 17 100
9 94 74 84 5 0 19 0.00 0.0 0 4.9 14 70 M M M 1 19 70
10 94 73 84 5 0 19 0.00 0.0 0 2.0 12 10 M M M 1 16 360
11 94 73 84 5 0 19 0.00 0.0 0 5.1 13 30 M M M 18 18 30
12 96 74 85 7 0 20 T 0.0 0 4.1 24 130 M M M 13 33 120
13 92 74 83 5 0 18 0.01 0.0 0 5.4 20 30 M M M 3 30 30
14 91 75 83 5 0 18 T 0.0 0 8.6 17 10 M M M 23 30
15 93 75 84 7 0 19 T 0.0 0 8.8 17 10 M M 2 29 30
16 91 74 83 6 0 18 T 0.0 0 6.8 16 350 M M 2 25 360
17 88 72 80 3 0 15 0.00 0.0 0 5.8 10 40 M M 2 M M
18 84 65 75 -1 0 10 0.00 0.0 M 6.2 12 40 M M 0 M M
19 83 65 74 -2 0 9 0.00 0.0 0 9.0 12 60 M M 0 21 60
20 80 65 73 -3 0 8 T 0.0 0 9.4 13 70 M M 6 23 70
21 73 68 71 -4 0 6 T 0.0 M 10.2 15 100 M M 10 1 24 60
22 75 67 71 -4 0 6 0.15 M M 9.4 10 100 M M 10 1 M M
23 73 69 71 -4 0 6 3.17 0.0 0 10.0 20 40 M M 9 1 29 30
24 73 65 69 -5 0 4 0.02 0.0 0 7.3 17 310 M M 10 1 24 330
25 76 63 70 -4 0 5 0.00 0.0 0 3.4 10 350 M M 9 1 13 350
26 84 62 73 -1 0 8 0.00 0.0 0 2.7 12 160 M M 5 1 15 160
27 90 62 76 3 0 11 0.00 0.0 0 6.0 16 170 M M 1 1 22 170
28 75 63 69 -4 0 4 0.71 0.0 0 7.0 25 280 M M 7 13 35 280
29 77 54 66 -6 0 1 0.00 0.0 0 6.8 15 320 M M 0 25 300
30 83 50 67 -5 0 2 0.00 0.0 0 1.7 9 220 M M 0 14 230
================================================================================
SM 2613 2071 0 399 5.01 0.0 179.2 M 73
================================================================================
AV 87.1 69.0 6.0 FASTST M M 5 MAX(MPH)
MISC ----> # 25 280 # 35 280
================================================================================
NOTES:
# LAST OF SEVERAL OCCURRENCES
COLUMN 17 PEAK WIND IN M.P.H.
PRELIMINARY LOCAL CLIMATOLOGICAL DATA (WS FORM: F-6) , PAGE 2
STATION: ALEXANDRIA
MONTH: SEPTEMBER
YEAR: 2020
LATITUDE: 31 19 N
LONGITUDE: 92 33 W
[TEMPERATURE DATA] [PRECIPITATION DATA] SYMBOLS USED IN COLUMN 16
AVERAGE MONTHLY: 78.1 TOTAL FOR MONTH: 5.01 1 = FOG OR MIST
DPTR FM NORMAL: 1.1 DPTR FM NORMAL: 2.11 2 = FOG REDUCING VISIBILITY
HIGHEST: 97 ON 4 GRTST 24HR 3.17 ON 23-23 TO 1/4 MILE OR LESS
LOWEST: 50 ON 30 3 = THUNDER
SNOW, ICE PELLETS, HAIL 4 = ICE PELLETS
TOTAL MONTH: 0.0 INCH 5 = HAIL
GRTST 24HR 0.0 6 = FREEZING RAIN OR DRIZZLE
GRTST DEPTH: 0 7 = DUSTSTORM OR SANDSTORM:
VSBY 1/2 MILE OR LESS
8 = SMOKE OR HAZE
[NO. OF DAYS WITH] [WEATHER - DAYS WITH] 9 = BLOWING SNOW
X = TORNADO
MAX 32 OR BELOW: 0 0.01 INCH OR MORE: 8
MAX 90 OR ABOVE: 17 0.10 INCH OR MORE: 4
MIN 32 OR BELOW: 0 0.50 INCH OR MORE: 3
MIN 0 OR BELOW: 0 1.00 INCH OR MORE: 1
[HDD (BASE 65) ]
TOTAL THIS MO. 0 CLEAR (SCALE 0-3) 8
DPTR FM NORMAL -3 PTCLDY (SCALE 4-7) 3
TOTAL FM JUL 1 0 CLOUDY (SCALE 8-10) 5
DPTR FM NORMAL -3
[CDD (BASE 65) ]
TOTAL THIS MO. 399
DPTR FM NORMAL 36 [PRESSURE DATA]
TOTAL FM JAN 1 2455 HIGHEST SLP 30.21 ON 5
DPTR FM NORMAL 105 LOWEST SLP 29.69 ON 23
[REMARKS]
#FINAL-09-20#