000
CXUS53 KGRB 111400
CF6AIG
PRELIMINARY LOCAL CLIMATOLOGICAL DATA (WS FORM: F-6)
STATION: ANTIGO AWOS
MONTH: JUNE
YEAR: 2022
LATITUDE: 45 9 N
LONGITUDE: 89 8 W
TEMPERATURE IN F: :PCPN: SNOW: WIND :SUNSHINE: SKY :PK WND
================================================================================
1 2 3 4 5 6A 6B 7 8 9 10 11 12 13 14 15 16 17 18
12Z AVG MX 2MIN
DY MAX MIN AVG DEP HDD CDD WTR SNW DPTH SPD SPD DIR MIN PSBL S-S WX SPD DR
================================================================================
1 68 47 58 0 7 0 M M M 7.5 14 310 M M 2 25 290
2 71 42 57 -1 8 0 0.01 M M 6.1 17 250 M M 3 38 310
3 64 45 55 -3 10 0 M M M 9.9 18 300 M M 1 28 290
4 70 35 53 -6 12 0 M M M 7.5 17 210 M M 0 22 190
5 68 40 54 -5 11 0 M M M 4.8 12 220 M M 5 2 16 220
6 66 54 60 1 5 0 0.21 M M 6.6 13 50 M M 8 16 70
7 70 46 58 -2 7 0 M M M 3.5 8 290 M M 5 12 M M
8 67 50 59 -1 6 0 0.06 M M 2.8 10 220 M M 7 17 0
9 72 47 60 0 5 0 M M M 6.1 16 320 M M 4 12 22 320
10 76 43 60 -1 5 0 M M M 3.9 12 270 M M 3 17 310
11 64 51 58 -3 7 0 0.42 M M 4.0 13 220 M M 8 16 200
12 67 46 57 -4 8 0 M M M 5.2 9 100 M M 1 M M
13 65 51 58 -4 7 0 0.28 M M 7.7 13 120 M M 7 1 23 90
14 82 58 70 8 0 5 M M M 10.4 17 130 M M 6 12 21 150
15 82 61 72 10 0 7 0.54 M M 9.6 27 280 M M 5 1 43 280
16 74 55 65 3 0 0 0.01 M M 15.6 30 260 M M 3 1 39 250
17 76 53 65 2 0 0 M M M 11.0 23 340 M M 1 30 340
18 71 42 57 -6 8 0 M M M 4.4 12 90 M M 0 M M
19 75 50 63 0 2 0 M M M 8.5 15 190 M M 3 18 190
20 91 62 77 13 0 12 M M M 10.5 18 220 M M 0 25 220
21 88 69 79 15 0 14 M M M 11.1 17 250 M M 1 29 250
22 77 58 68 4 0 3 M M M 9.9 15 320 M M 0 24 290
23 83 49 66 2 0 1 M M M 6.6 14 210 M M 1 18 200
24 85 63 74 9 0 9 M M M 7.6 13 210 M M 2 20 220
25 76 61 69 4 0 4 0.13 M M 7.0 14 200 M M 5 18 200
26 68 50 59 -6 6 0 0.01 M M 15.2 29 280 M M 5 39 280
27 72 46 59 -6 6 0 M M M 8.4 16 310 M M 1 22 310
28 74 54 64 -2 1 0 0.08 M M 9.9 24 230 M M 5 1 35 330
29 74 49 62 -4 3 0 M M M 6.4 14 150 M M 4 12 21 160
30 77 62 70 4 0 5 0.07 M M 13.5 25 220 M M 3 31 220
================================================================================
SM 2213 1539 124 60 1.82 M 241.3 M 99
================================================================================
AV 73.8 51.3 8.0 FASTST M M 3 MAX(MPH)
MISC ----> 30 260 43 280
================================================================================
NOTES:
# LAST OF SEVERAL OCCURRENCES
COLUMN 17 PEAK WIND IN M.P.H.
PRELIMINARY LOCAL CLIMATOLOGICAL DATA (WS FORM: F-6) , PAGE 2
STATION: ANTIGO AWOS
MONTH: JUNE
YEAR: 2022
LATITUDE: 45 9 N
LONGITUDE: 89 8 W
[TEMPERATURE DATA] [PRECIPITATION DATA] SYMBOLS USED IN COLUMN 16
AVERAGE MONTHLY: 62.5 TOTAL FOR MONTH: 1.82 1 = FOG OR MIST
DPTR FM NORMAL: 0.3 DPTR FM NORMAL: -2.08 2 = FOG REDUCING VISIBILITY
HIGHEST: 91 ON 20 GRTST 24HR 0.54 ON 15-15 TO 1/4 MILE OR LESS
LOWEST: 35 ON 4 3 = THUNDER
SNOW, ICE PELLETS, HAIL 4 = ICE PELLETS
TOTAL MONTH: M 5 = HAIL
GRTST 24HR M ON M 6 = FREEZING RAIN OR DRIZZLE
GRTST DEPTH: M ON M 7 = DUSTSTORM OR SANDSTORM:
VSBY 1/2 MILE OR LESS
8 = SMOKE OR HAZE
[NO. OF DAYS WITH] [WEATHER - DAYS WITH] 9 = BLOWING SNOW
X = TORNADO
MAX 32 OR BELOW: 0 0.01 INCH OR MORE: 11
MAX 90 OR ABOVE: 1 0.10 INCH OR MORE: 5
MIN 32 OR BELOW: 0 0.50 INCH OR MORE: 1
MIN 0 OR BELOW: 0 1.00 INCH OR MORE: 0
[HDD (BASE 65) ]
TOTAL THIS MO. 124 CLEAR (SCALE 0-3) 16
DPTR FM NORMAL -11 PTCLDY (SCALE 4-7) 14
TOTAL FM JUL 1 8928 CLOUDY (SCALE 8-10) 0
DPTR FM NORMAL -167
[CDD (BASE 65) ]
TOTAL THIS MO. 60
DPTR FM NORMAL 10 [PRESSURE DATA]
TOTAL FM JAN 1 97 HIGHEST SLP M ON M
DPTR FM NORMAL 38 LOWEST SLP M ON M
[REMARKS]
#FINAL-06-22#