000
CXAK56 PAJK 150419
CF6AJN
PRELIMINARY LOCAL CLIMATOLOGICAL DATA (WS FORM: F-6)
STATION: JUNEAU
MONTH: DECEMBER
YEAR: 2023
LATITUDE: 58 22 N
LONGITUDE: 134 35 W
TEMPERATURE IN F: :PCPN: SNOW: WIND :SUNSHINE: SKY :PK WND
================================================================================
1 2 3 4 5 6A 6B 7 8 9 10 11 12 13 14 15 16 17 18
12Z AVG MX 2MIN
DY MAX MIN AVG DEP HDD CDD WTR SNW DPTH SPD SPD DIR MIN PSBL S-S WX SPD DR
================================================================================
1 39 27 33 1 32 0 0.00 0.0 0 2.4 15 130 M M 8 1 19 130
2 34 25 30 -2 35 0 0.00 0.0 0 0.7 7 210 M M 8 7 220
3 36 31 34 2 31 0 0.02 T 0 2.7 16 130 M M 10 1 20 130
4 44 34 39 7 26 0 0.29 T 0 12.5 24 130 M M 10 1 32 130
5 44 41 43 12 22 0 0.58 0.0 0 24.1 36 120 M M 10 1 46 120
6 42 39 41 10 24 0 0.12 0.0 0 19.2 30 110 M M 9 1 38 110
7 40 33 37 6 28 0 0.06 0.0 0 7.8 18 120 M M 9 1 24 110
8 38 32 35 4 30 0 0.29 2.1 0 10.0 26 120 M M 10 1 35 130
9 34 31 33 2 32 0 0.26 2.8 2 2.2 8 250 M M 10 1 12 60
10 36 28 32 1 33 0 0.05 0.4 2 7.4 16 120 M M 9 1 23 70
11 42 35 39 8 26 0 0.31 0.0 2 21.8 32 100 M M 10 1 44 100
12 45 39 42 11 23 0 1.93 0.0 0 27.0 47 110 M M 10 1 65 110
13 43 34 39 8 26 0 0.13 T 0 11.7 29 210 M M 9 1 43 200
14 42 32 37 6 28 0 1.87 0.7 0 18.1 36 110 M M 10 1 49 110
15 35 32 34 4 31 0 0.27 1.6 2 4.8 15 90 M M 9 1 20 80
16 37 33 35 5 30 0 0.21 0.2 2 12.2 21 120 M M 10 1 26 110
17 38 35 37 7 28 0 0.61 T T 17.4 37 110 M M 10 1 50 120
18 37 26 32 2 33 0 T 0.0 0 1.3 8 50 M M 8 2 10 50
19 33 23 28 -2 37 0 T T 0 2.8 17 100 M M 7 1 22 100
20 40 31 36 6 29 0 0.33 2.6 1 12.4 26 130 M M 10 1 35 130
21 39 29 34 4 31 0 0.07 0.0 0 10.4 24 120 M M 9 1 32 130
22 36 29 33 3 32 0 0.01 T 0 9.6 20 120 M M 9 1 24 130
23 45 35 40 10 25 0 0.45 T 0 20.7 33 120 M M 10 1 47 120
24 43 39 41 12 24 0 0.71 0.0 0 22.9 35 120 M M 9 1 45 120
25 45 39 42 13 23 0 0.19 0.0 0 14.0 26 100 M M 10 1 37 110
26 45 35 40 11 25 0 0.30 T 0 8.9 26 120 M M 10 1 39 120
27 42 27 35 6 30 0 T 0.2 0 7.9 35 90 M M 8 1 54 80
28 34 29 32 3 33 0 0.29 2.6 1 1.3 9 260 M M 10 1 11 280
29 34 32 33 4 32 0 0.51 0.0 2 0.7 8 300 M M 10 2 9 290
30 48 34 41 12 24 0 0.81 0.0 T 9.4 23 270 M M 10 1 30 260
31 36 32 34 5 31 0 0.01 T 0 3.4 9 80 M M 10 1 12 130
================================================================================
SM 1226 1001 894 0 10.68 13.2 327.7 M 291
================================================================================
AV 39.5 32.3 10.6 FASTST M M 9 MAX(MPH)
MISC ----> 47 110 65 110
================================================================================
NOTES:
# LAST OF SEVERAL OCCURRENCES
COLUMN 17 PEAK WIND IN M.P.H.
PRELIMINARY LOCAL CLIMATOLOGICAL DATA (WS FORM: F-6) , PAGE 2
STATION: JUNEAU
MONTH: DECEMBER
YEAR: 2023
LATITUDE: 58 22 N
LONGITUDE: 134 35 W
[TEMPERATURE DATA] [PRECIPITATION DATA] SYMBOLS USED IN COLUMN 16
AVERAGE MONTHLY: 35.9 TOTAL FOR MONTH: 10.68 1 = FOG OR MIST
DPTR FM NORMAL: 5.6 DPTR FM NORMAL: 4.15 2 = FOG REDUCING VISIBILITY
HIGHEST: 48 ON 30 GRTST 24HR 2.01 ON 14-15 TO 1/4 MILE OR LESS
LOWEST: 23 ON 19 3 = THUNDER
SNOW, ICE PELLETS, HAIL 4 = ICE PELLETS
TOTAL MONTH: 13.2 INCHES 5 = HAIL
GRTST 24HR 2.8 ON 9- 9 6 = FREEZING RAIN OR DRIZZLE
GRTST DEPTH: 2 ON 29,16 7 = DUSTSTORM OR SANDSTORM:
VSBY 1/2 MILE OR LESS
8 = SMOKE OR HAZE
[NO. OF DAYS WITH] [WEATHER - DAYS WITH] 9 = BLOWING SNOW
X = TORNADO
MAX 32 OR BELOW: 0 0.01 INCH OR MORE: 26
MAX 90 OR ABOVE: 0 0.10 INCH OR MORE: 20
MIN 32 OR BELOW: 17 0.50 INCH OR MORE: 7
MIN 0 OR BELOW: 0 1.00 INCH OR MORE: 2
[HDD (BASE 65) ]
TOTAL THIS MO. 894 CLEAR (SCALE 0-3) 0
DPTR FM NORMAL -182 PTCLDY (SCALE 4-7) 3
TOTAL FM JUL 1 3093 CLOUDY (SCALE 8-10) 28
DPTR FM NORMAL -603
[CDD (BASE 65) ]
TOTAL THIS MO. 0
DPTR FM NORMAL 0 [PRESSURE DATA]
TOTAL FM JAN 1 8 HIGHEST SLP 30.20 ON 10
DPTR FM NORMAL 6 LOWEST SLP 28.91 ON 5
[REMARKS]
#FINAL-12-23#