000
CXUS56 KSGX 011245
CF6AJO
PRELIMINARY LOCAL CLIMATOLOGICAL DATA (WS FORM: F-6)
STATION: CORONA AIRPORT CA
MONTH: AUGUST
YEAR: 2020
LATITUDE: 33 53 N
LONGITUDE: 117 36 W
TEMPERATURE IN F: :PCPN: SNOW: WIND :SUNSHINE: SKY :PK WND
================================================================================
1 2 3 4 5 6A 6B 7 8 9 10 11 12 13 14 15 16 17 18
12Z AVG MX 2MIN
DY MAX MIN AVG DEP HDD CDD WTR SNW DPTH SPD SPD DIR MIN PSBL S-S WX SPD DR
================================================================================
1 95 57 76 M 0 11 0.00 0.0 0 6.4 17 290 M M 0 23 280
2 92 57 75 M 0 10 0.00 0.0 0 5.7 16 290 M M 0 23 290
3 91 57 74 M 0 9 0.00 0.0 0 7.0 16 270 M M 0 24 260
4 84 62 73 M 0 8 0.00 0.0 0 8.2 15 290 M M 1 1 21 280
5 84 61 73 M 0 8 0.00 0.0 0 6.4 15 280 M M 3 21 280
6 83 61 72 M 0 7 0.00 0.0 0 5.4 14 280 M M 3 20 270
7 87 55 71 M 0 6 0.00 0.0 0 6.9 16 290 M M 0 22 280
8 88 57 73 M 0 8 0.00 0.0 0 6.4 16 290 M M 0 23 280
9 89 60 75 M 0 10 0.00 0.0 0 7.5 16 280 M M 0 25 290
10 90 57 74 M 0 9 0.00 0.0 0 7.3 14 280 M M 0 20 280
11 90 54 72 M 0 7 0.00 0.0 0 6.1 15 290 M M 0 23 290
12 94 52 73 M 0 8 0.00 0.0 0 4.8 14 300 M M 0 21 290
13 99 67 83 M 0 18 0.00 0.0 0 4.7 20 290 M M 0 25 290
14 100 64 82 M 0 17 0.00 0.0 0 6.1 15 290 M M 0 17 270
15 104 67 86 M 0 21 0.00 0.0 0 6.6 15 280 M M 0 21 280
16 100 68 84 M 0 19 0.00 0.0 0 5.7 16 270 M M 0 23 270
17 96 70 83 M 0 18 0.00 0.0 0 6.1 14 280 M M 0 21 280
18 107 69 88 M 0 23 0.00 0.0 0 6.2 14 270 M M 0 24 260
19 100 69 85 M 0 20 0.00 0.0 0 6.6 16 270 M M 0 24 260
20 99 68 84 M 0 19 0.00 0.0 0 6.6 16 270 M M 0 23 290
21 96 67 82 M 0 17 0.00 0.0 0 5.9 16 260 M M 0 21 280
22 97 74 86 M 0 21 0.00 0.0 0 6.7 17 270 M M 0 24 270
23 95 70 83 M 0 18 0.00 0.0 0 7.3 18 280 M M 0 22 280
24 93 69 81 M 0 16 0.00 0.0 0 7.0 17 290 M M 0 24 290
25 96 63 80 M 0 15 0.00 0.0 0 6.9 17 290 M M 0 24 290
26 97 62 80 M 0 15 0.00 0.0 0 6.6 18 280 M M 0 22 270
27 100 62 81 M 0 16 0.00 0.0 0 5.1 14 280 M M 0 21 260
28 94 61 78 M 0 13 0.00 0.0 0 7.3 16 290 M M 0 24 290
29 89 59 74 M 0 9 0.00 0.0 0 6.3 17 290 M M 0 24 290
30 87 54 71 M 0 6 0.00 0.0 0 5.7 16 270 M M 0 23 280
31 84 55 70 M 0 5 0.00 0.0 0 6.1 15 280 M M 0 22 280
================================================================================
SM 2900 1928 0 407 0.00 0.0 197.6 M 7
================================================================================
AV 93.6 62.2 6.4 FASTST M M 0 MAX(MPH)
MISC ----> # 20 290 # 25 290
================================================================================
NOTES:
# LAST OF SEVERAL OCCURRENCES
COLUMN 17 PEAK WIND IN M.P.H.
PRELIMINARY LOCAL CLIMATOLOGICAL DATA (WS FORM: F-6) , PAGE 2
STATION: CORONA AIRPORT CA
MONTH: AUGUST
YEAR: 2020
LATITUDE: 33 53 N
LONGITUDE: 117 36 W
[TEMPERATURE DATA] [PRECIPITATION DATA] SYMBOLS USED IN COLUMN 16
AVERAGE MONTHLY: 77.9 TOTAL FOR MONTH: 0.00 1 = FOG OR MIST
DPTR FM NORMAL: M DPTR FM NORMAL: M 2 = FOG REDUCING VISIBILITY
HIGHEST: 107 ON 18 GRTST 24HR 0.00 ON 31-31 TO 1/4 MILE OR LESS
LOWEST: 52 ON 12 3 = THUNDER
SNOW, ICE PELLETS, HAIL 4 = ICE PELLETS
TOTAL MONTH: 0.0 INCH 5 = HAIL
GRTST 24HR 0.0 6 = FREEZING RAIN OR DRIZZLE
GRTST DEPTH: 0 7 = DUSTSTORM OR SANDSTORM:
VSBY 1/2 MILE OR LESS
8 = SMOKE OR HAZE
[NO. OF DAYS WITH] [WEATHER - DAYS WITH] 9 = BLOWING SNOW
X = TORNADO
MAX 32 OR BELOW: 0 0.01 INCH OR MORE: 0
MAX 90 OR ABOVE: 22 0.10 INCH OR MORE: 0
MIN 32 OR BELOW: 0 0.50 INCH OR MORE: 0
MIN 0 OR BELOW: 0 1.00 INCH OR MORE: 0
[HDD (BASE 65) ]
TOTAL THIS MO. 0 CLEAR (SCALE 0-3) 30
DPTR FM NORMAL M PTCLDY (SCALE 4-7) 1
TOTAL FM JUL 1 0 CLOUDY (SCALE 8-10) 0
DPTR FM NORMAL M
[CDD (BASE 65) ]
TOTAL THIS MO. 407
DPTR FM NORMAL M [PRESSURE DATA]
TOTAL FM JAN 1 998 HIGHEST SLP M ON M
DPTR FM NORMAL M LOWEST SLP M ON M
[REMARKS]
#FINAL-08-20#