000
CXAK58 PAKN 011021
CLMAKN
CLIMATE REPORT
NATIONAL WEATHER SERVICE ANCHORAGE, AK
221 AM AKDT SAT JUL 01 2023
...................................
...THE KING SALMON CLIMATE SUMMARY FOR THE MONTH OF JUNE 2023...
CLIMATE NORMAL PERIOD: 1991 TO 2020
CLIMATE RECORD PERIOD: 1917 TO 2023
WEATHER OBSERVED NORMAL DEPART LAST YEAR`S
VALUE DATE(S) VALUE FROM VALUE
NORMAL
..............................................................
TEMPERATURE (F)
RECORD
HIGH 88 MM
LOW 30 06/09/2018
HIGHEST 74 MM MM 113
LOWEST 36 MM MM 33
AVG. MAXIMUM 61.1 62.1 -1.0 70.8
AVG. MINIMUM 45.9 43.5 2.4 43.0
MEAN 53.5 52.8 0.7 56.9
DAYS MAX >= 90 0 0.0 0.0 13
DAYS MAX <= 32 0 0.0 0.0 0
DAYS MIN <= 32 0 0.7 -0.7 0
DAYS MIN <= 0 0 0.0 0.0 0
PRECIPITATION (INCHES)
RECORD
MAXIMUM 1.51 2021
MINIMUM 0.64 2022
TOTALS 2.15 1.83 0.32 0.64
DAILY AVG. 0.07 0.06 0.01 0.02
DAYS >= .01 21 14.4 6.6 12
DAYS >= .10 8 5.8 2.2 2
DAYS >= .50 0 0.5 -0.5 0
DAYS >= 1.00 0 0.1 -0.1 0
GREATEST
24 HR. TOTAL 0.36 06/26 TO 06/27 0.25
STORM TOTAL 0.36 0.20
(MM/DD(HH))
DEGREE DAYS
HEATING TOTAL 338 366 -28 265
SINCE 7/1 10384 10384 0 MM
COOLING TOTAL 0 0 0 31
SINCE 1/1 0 0 0 MM
FREEZE DATES
RECORD
EARLIEST MM
LATEST MM
EARLIEST 09/21 09/21
LATEST 05/13 05/19
..............................................................
WIND (MPH)
AVERAGE WIND SPEED 9.5
RESULTANT WIND SPEED/DIRECTION 5/140
HIGHEST WIND SPEED/DIRECTION 39/090 DATE 06/10
HIGHEST GUST SPEED/DIRECTION 57/080 DATE 06/10
SKY COVER
POSSIBLE SUNSHINE (PERCENT) MM
AVERAGE SKY COVER 0.83
NUMBER OF DAYS FAIR 2
NUMBER OF DAYS PC 4
NUMBER OF DAYS CLOUDY 24
AVERAGE RH (PERCENT) 70
WEATHER CONDITIONS. NUMBER OF DAYS WITH
THUNDERSTORM 0 MIXED PRECIP 0
HEAVY RAIN 1 RAIN 3
LIGHT RAIN 23 FREEZING RAIN 0
LT FREEZING RAIN 0 HAIL 0
HEAVY SNOW 0 SNOW 0
LIGHT SNOW 0 SLEET 0
FOG 11 FOG W/VIS <= 1/4 MILE 0
HAZE 2
- INDICATES NEGATIVE NUMBERS.
R INDICATES RECORD WAS SET OR TIED.
MM INDICATES DATA IS MISSING.
T INDICATES TRACE AMOUNT.
$$