000
CXUS55 KBOU 010900
CF6AKO
PRELIMINARY LOCAL CLIMATOLOGICAL DATA (WS FORM: F-6)
STATION: AKRON CO
MONTH: MAY
YEAR: 2021
LATITUDE: 40 10 N
LONGITUDE: 103 13 W
TEMPERATURE IN F: :PCPN: SNOW: WIND :SUNSHINE: SKY :PK WND
================================================================================
1 2 3 4 5 6A 6B 7 8 9 10 11 12 13 14 15 16 17 18
12Z AVG MX 2MIN
DY MAX MIN AVG DEP HDD CDD WTR SNW DPTH SPD SPD DIR MIN PSBL S-S WX SPD DR
================================================================================
1 85 55 70 19 0 5 0.00 M M 12.0 23 220 M M 1 34 220
2 70 46 58 7 7 0 0.09 M M 17.1 40 300 M M 3 3 51 310
3 46 36 41 -11 24 0 0.04 M M 15.7 26 20 M M 10 35 20
4 60 34 47 -5 18 0 0.10 M M 10.0 31 340 M M 4 13 41 350
5 60 38 49 -3 16 0 0.01 M M 8.0 30 10 M M 2 39 10
6 70 35 53 0 12 0 0.00 M M 7.4 20 170 M M 0 29 160
7 82 45 64 11 1 0 0.00 M M 11.5 21 120 M M 0 29 140
8 73 41 57 3 8 0 0.35 M M 16.9 33 300 M M 4 123 49 350
9 50 36 43 -11 22 0 0.00 M M 9.7 18 360 M M 8 25 360
10 42 37 40 -14 25 0 0.40 M M 16.2 28 100 M M 10 1 34 160
11 44 32 38 -17 27 0 0.30 M M 10.8 22 110 M M 10 1 27 110
12 61 34 48 -7 17 0 0.01 M M 11.8 22 90 M M 4 13 28 80
13 74 40 57 1 8 0 T M M 10.5 29 350 M M 1 39 340
14 69 43 56 0 9 0 0.06 M M 12.2 24 80 M M 4 123 31 80
15 65 50 58 2 7 0 0.00 M M 9.6 20 110 M M 8 12 26 100
16 67 48 58 1 7 0 0.00 M M 10.2 20 350 M M 4 1 27 360
17 65 48 57 0 8 0 0.18 M M 6.9 25 110 M M 6 13 32 100
18 69 50 60 2 5 0 0.38 M M 11.0 22 110 M M 7 12 28 100
19 70 46 58 0 7 0 0.00 M M 11.6 17 130 M M 1 27 160
20 78 48 63 4 2 0 0.00 M M 18.4 32 150 M M 0 47 150
21 83 57 70 11 0 5 0.08 M M 20.8 41 150 M M 1 3 58 150
22 76 56 66 6 0 1 0.53 M M 16.2 35 170 M M 3 13 50 170
23 72 44 58 -2 7 0 0.64 M M 17.7 36 170 M M 6 13 56 170
24 73 37 55 -5 10 0 0.00 M M 7.0 14 280 M M 3 12 17 300
25 73 47 60 -1 5 0 T M M 8.3 18 20 M M 3 23 20
26 77 55 66 5 0 1 0.01 M M 14.3 28 290 M M 5 44 280
27 70 48 59 -3 6 0 0.00 M M 11.0 18 330 M M 2 1 25 110
28 76 45 61 -1 4 0 0.03 M M 12.7 24 140 M M 4 3 35 130
29 61 47 54 -8 11 0 0.45 M M 13.0 23 120 M M 8 123 29 110
30 54 48 51 -12 14 0 1.60 M M 10.9 29 100 M M 10 123 36 100
31 65 46 56 -7 9 0 0.00 M M 6.5 15 90 M M 5 12 20 90
================================================================================
SM 2080 1372 296 12 5.26 M 375.9 M 137
================================================================================
AV 67.1 44.3 12.1 FASTST M M 4 MAX(MPH)
MISC ----> 41 150 58 150
================================================================================
NOTES:
# LAST OF SEVERAL OCCURRENCES
COLUMN 17 PEAK WIND IN M.P.H.
PRELIMINARY LOCAL CLIMATOLOGICAL DATA (WS FORM: F-6) , PAGE 2
STATION: AKRON CO
MONTH: MAY
YEAR: 2021
LATITUDE: 40 10 N
LONGITUDE: 103 13 W
[TEMPERATURE DATA] [PRECIPITATION DATA] SYMBOLS USED IN COLUMN 16
AVERAGE MONTHLY: 55.7 TOTAL FOR MONTH: 5.26 1 = FOG OR MIST
DPTR FM NORMAL: -1.2 DPTR FM NORMAL: 2.61 2 = FOG REDUCING VISIBILITY
HIGHEST: 85 ON 1 GRTST 24HR 2.05 ON 29-30 TO 1/4 MILE OR LESS
LOWEST: 32 ON 11 3 = THUNDER
SNOW, ICE PELLETS, HAIL 4 = ICE PELLETS
TOTAL MONTH: M 5 = HAIL
GRTST 24HR M ON M 6 = FREEZING RAIN OR DRIZZLE
GRTST DEPTH: M ON M 7 = DUSTSTORM OR SANDSTORM:
VSBY 1/2 MILE OR LESS
8 = SMOKE OR HAZE
[NO. OF DAYS WITH] [WEATHER - DAYS WITH] 9 = BLOWING SNOW
X = TORNADO
MAX 32 OR BELOW: 0 0.01 INCH OR MORE: 18
MAX 90 OR ABOVE: 0 0.10 INCH OR MORE: 10
MIN 32 OR BELOW: 1 0.50 INCH OR MORE: 3
MIN 0 OR BELOW: 0 1.00 INCH OR MORE: 1
[HDD (BASE 65) ]
TOTAL THIS MO. 296 CLEAR (SCALE 0-3) 13
DPTR FM NORMAL 21 PTCLDY (SCALE 4-7) 13
TOTAL FM JUL 1 6301 CLOUDY (SCALE 8-10) 5
DPTR FM NORMAL 165
[CDD (BASE 65) ]
TOTAL THIS MO. 12
DPTR FM NORMAL -14 [PRESSURE DATA]
TOTAL FM JAN 1 18 HIGHEST SLP M ON M
DPTR FM NORMAL -10 LOWEST SLP 29.39 ON 2
[REMARKS]
#FINAL-05-21#