000
CXUS54 KEPZ 011030
CF6ALM
PRELIMINARY LOCAL CLIMATOLOGICAL DATA (WS FORM: F-6)
STATION: ALAMOGORDO
MONTH: JULY
YEAR: 2020
LATITUDE: 32 49 N
LONGITUDE: 106 0 W
TEMPERATURE IN F: :PCPN: SNOW: WIND :SUNSHINE: SKY :PK WND
================================================================================
1 2 3 4 5 6A 6B 7 8 9 10 11 12 13 14 15 16 17 18
12Z AVG MX 2MIN
DY MAX MIN AVG DEP HDD CDD WTR SNW DPTH SPD SPD DIR MIN PSBL S-S WX SPD DR
================================================================================
1 93 63 78 M 0 13 0.00 M M 7.4 14 200 M M 0 31 230
2 95 70 83 M 0 18 0.00 M M 7.9 14 240 M M 2 18 240
3 99 66 83 M 0 18 0.00 M M 6.8 18 170 M M 1 29 170
4 100 73 87 M 0 22 0.00 M M 8.8 20 180 M M 0 25 180
5 100 72 86 M 0 21 0.00 M M 8.2 21 70 M M 0 28 70
6 99 73 86 M 0 21 0.00 M M 8.5 24 100 M M 0 33 90
7 100 70 85 M 0 20 0.00 M M 6.9 17 180 M M 0 24 180
8 104 75 90 M 0 25 0.00 M M 7.0 17 170 M M 0 23 310
9 104 73 89 M 0 24 0.00 M M 7.8 16 340 M M 0 23 340
10 104 73 89 M 0 24 0.00 M M 8.2 24 160 M M 0 35 160
11 104 77 91 M 0 26 0.00 M M 6.9 15 170 M M 0 25 170
12 108 75 92 M 0 27 0.00 M M 8.7 15 180 M M 0 21 90
13 108 81 95 M 0 30 0.00 M M 10.7 22 340 M M 0 8 33 320
14 102 72 87 M 0 22 0.00 M M 10.1 26 330 M M 0 3 39 330
15 100 77 89 M 0 24 0.00 M M 11.0 21 140 M M 1 33 140
16 100 73 87 M 0 22 0.00 M M 9.9 18 200 M M 0 28 190
17 100 73 87 M 0 22 0.00 M M 7.9 18 150 M M 1 26 150
18 M 72 M M M M 0.22 M M 8.5 32 170 M M 1 38 40 200
19 M 68 M M M M M M M 6.3 10 60 M M 0 23 160
20 M M M M M M M M M M M M M M 0 M M
21 M M M M M M 0.00 M M M M M M M 0 M M
22 M M M M M M 0.00 M M M M M M M 0 M M
23 M M M M M M 0.00 M M M M M M M 0 M M
24 M M M M M M M M M M M M M M 0 M M
25 M M M M M M M M M M M M M M 0 M M
26 M M M M M M M M M M M M M M 0 M M
27 M M M M M M 0.00 M M M M M M M 0 M M
28 95 73 84 M 0 19 0.00 M M 6.4 21 360 M M 1 29 320
29 102 72 87 M 0 22 0.00 M M 7.4 17 180 M M 0 8 23 180
30 106 68 87 M 0 22 0.00 M M 7.5 23 90 M M 0 30 90
31 97 72 85 M 0 20 0.00 M M 9.1 25 70 M M 1 37 60
================================================================================
SM 2120 1661 0 462 0.22 M 187.9 M 8
================================================================================
AV101.0 72.2 8.2 FASTST M M 0 MAX(MPH)
MISC ----> 32 170 40 200
================================================================================
NOTES:
# LAST OF SEVERAL OCCURRENCES
COLUMN 17 PEAK WIND IN M.P.H.
PRELIMINARY LOCAL CLIMATOLOGICAL DATA (WS FORM: F-6) , PAGE 2
STATION: ALAMOGORDO
MONTH: JULY
YEAR: 2020
LATITUDE: 32 49 N
LONGITUDE: 106 0 W
[TEMPERATURE DATA] [PRECIPITATION DATA] SYMBOLS USED IN COLUMN 16
AVERAGE MONTHLY: 86.6 TOTAL FOR MONTH: 0.22 1 = FOG OR MIST
DPTR FM NORMAL: 0.0 DPTR FM NORMAL: M 2 = FOG REDUCING VISIBILITY
HIGHEST: 108 ON 13,12 GRTST 24HR 0.22 ON 18-18 TO 1/4 MILE OR LESS
LOWEST: 63 ON 1 3 = THUNDER
SNOW, ICE PELLETS, HAIL 4 = ICE PELLETS
TOTAL MONTH: M 5 = HAIL
GRTST 24HR M ON M 6 = FREEZING RAIN OR DRIZZLE
GRTST DEPTH: M ON M 7 = DUSTSTORM OR SANDSTORM:
VSBY 1/2 MILE OR LESS
8 = SMOKE OR HAZE
[NO. OF DAYS WITH] [WEATHER - DAYS WITH] 9 = BLOWING SNOW
X = TORNADO
MAX 32 OR BELOW: 0 0.01 INCH OR MORE: 1
MAX 90 OR ABOVE: 21 0.10 INCH OR MORE: 1
MIN 32 OR BELOW: 0 0.50 INCH OR MORE: 0
MIN 0 OR BELOW: 0 1.00 INCH OR MORE: 0
[HDD (BASE 65) ]
TOTAL THIS MO. 0 CLEAR (SCALE 0-3) 31
DPTR FM NORMAL M PTCLDY (SCALE 4-7) 0
TOTAL FM JUL 1 0 CLOUDY (SCALE 8-10) 0
DPTR FM NORMAL M
[CDD (BASE 65) ]
TOTAL THIS MO. 462
DPTR FM NORMAL M [PRESSURE DATA]
TOTAL FM JAN 1 1088 HIGHEST SLP M ON M
DPTR FM NORMAL M LOWEST SLP M ON M
[REMARKS]
#FINAL-07-20#