000
CXUS56 KPDT 011930
CF6ALW
PRELIMINARY LOCAL CLIMATOLOGICAL DATA (WS FORM: F-6)
STATION: WALLA WALLA WA
MONTH: MAY
YEAR: 2021
LATITUDE: 46 5 N
LONGITUDE: 118 17 W
TEMPERATURE IN F: :PCPN: SNOW: WIND :SUNSHINE: SKY :PK WND
================================================================================
1 2 3 4 5 6A 6B 7 8 9 10 11 12 13 14 15 16 17 18
12Z AVG MX 2MIN
DY MAX MIN AVG DEP HDD CDD WTR SNW DPTH SPD SPD DIR MIN PSBL S-S WX SPD DR
================================================================================
1 70 51 61 5 4 0 0.01 M M 8.4 23 250 M M 7 1 30 230
2 65 45 55 -1 10 0 0.00 M M 8.7 15 250 M M 3 20 220
3 68 43 56 -1 9 0 0.00 M M 10.1 20 200 M M 3 26 230
4 69 52 61 4 4 0 T M M 8.1 17 190 M M 5 23 180
5 80 43 62 5 3 0 0.00 M M 7.7 20 110 M M 0 27 130
6 80 53 67 9 0 2 T M M 10.5 25 240 M M 2 35 250
7 61 42 52 -6 13 0 0.04 M M 15.3 33 270 M M 5 3 43 270
8 60 40 50 -8 15 0 0.00 M M 10.6 20 230 M M 2 28 260
9 64 43 54 -5 11 0 0.00 M M 7.3 14 180 M M 2 18 190
10 70 44 57 -2 8 0 0.00 M M 6.3 12 110 M M 2 16 200
11 75 44 60 1 5 0 0.00 M M 5.8 12 110 M M 0 15 280
12 79 48 64 4 1 0 0.00 M M 4.9 13 290 M M 0 23 260
13 77 51 64 4 1 0 0.00 M M 6.9 13 330 M M 0 19 210
14 82 53 68 8 0 3 0.00 M M 4.4 15 360 M M 0 21 340
15 83 54 69 9 0 4 0.00 M M 7.4 16 360 M M 0 28 360
16 86 52 69 8 0 4 0.00 M M 5.4 13 240 M M 0 21 260
17 82 59 71 10 0 6 0.00 M M 14.2 23 200 M M 1 31 250
18 64 49 57 -4 8 0 0.00 M M 12.3 26 210 M M 3 42 230
19 62 45 54 -7 11 0 T M M 7.0 15 180 M M 5 23 250
20 61 44 53 -9 12 0 0.05 M M 10.2 17 190 M M 9 35 290
21 64 43 54 -8 11 0 0.00 M M 8.2 18 40 M M 6 24 50
22 61 43 52 -10 13 0 0.12 M M 6.1 13 150 M M 4 21 180
23 72 45 59 -3 6 0 0.02 M M 14.3 30 250 M M 5 39 240
24 72 52 62 0 3 0 0.03 M M 15.3 26 210 M M 6 39 220
25 70 51 61 -2 4 0 0.03 M M 8.4 20 190 M M 4 28 200
26 77 52 65 2 0 0 0.00 M M 8.5 18 190 M M 2 26 190
27 75 51 63 0 2 0 T M M 10.4 26 250 M M 3 37 250
28 69 47 58 -5 7 0 0.00 M M 10.2 21 200 M M 2 29 200
29 80 43 62 -1 3 0 0.00 M M 6.0 14 80 M M 0 20 10
30 83 48 66 2 0 1 0.00 M M 5.0 13 260 M M 0 18 220
31 88 55 72 8 0 7 0.00 M M 4.8 10 100 M M 0 14 260
================================================================================
SM 2249 1485 164 27 0.30 M 268.7 M 81
================================================================================
AV 72.5 47.9 8.7 FASTST M M 3 MAX(MPH)
MISC ----> 33 270 43 270
================================================================================
NOTES:
# LAST OF SEVERAL OCCURRENCES
COLUMN 17 PEAK WIND IN M.P.H.
PRELIMINARY LOCAL CLIMATOLOGICAL DATA (WS FORM: F-6) , PAGE 2
STATION: WALLA WALLA WA
MONTH: MAY
YEAR: 2021
LATITUDE: 46 5 N
LONGITUDE: 118 17 W
[TEMPERATURE DATA] [PRECIPITATION DATA] SYMBOLS USED IN COLUMN 16
AVERAGE MONTHLY: 60.2 TOTAL FOR MONTH: 0.30 1 = FOG OR MIST
DPTR FM NORMAL: -0.2 DPTR FM NORMAL: -1.77 2 = FOG REDUCING VISIBILITY
HIGHEST: 88 ON 31 GRTST 24HR 0.14 ON 22-23 TO 1/4 MILE OR LESS
LOWEST: 40 ON 8 3 = THUNDER
SNOW, ICE PELLETS, HAIL 4 = ICE PELLETS
TOTAL MONTH: M 5 = HAIL
GRTST 24HR M ON M 6 = FREEZING RAIN OR DRIZZLE
GRTST DEPTH: M ON M 7 = DUSTSTORM OR SANDSTORM:
VSBY 1/2 MILE OR LESS
8 = SMOKE OR HAZE
[NO. OF DAYS WITH] [WEATHER - DAYS WITH] 9 = BLOWING SNOW
X = TORNADO
MAX 32 OR BELOW: 0 0.01 INCH OR MORE: 7
MAX 90 OR ABOVE: 0 0.10 INCH OR MORE: 1
MIN 32 OR BELOW: 0 0.50 INCH OR MORE: 0
MIN 0 OR BELOW: 0 1.00 INCH OR MORE: 0
[HDD (BASE 65) ]
TOTAL THIS MO. 164 CLEAR (SCALE 0-3) 19
DPTR FM NORMAL -18 PTCLDY (SCALE 4-7) 11
TOTAL FM JUL 1 4680 CLOUDY (SCALE 8-10) 1
DPTR FM NORMAL -64
[CDD (BASE 65) ]
TOTAL THIS MO. 27
DPTR FM NORMAL -10 [PRESSURE DATA]
TOTAL FM JAN 1 32 HIGHEST SLP 30.32 ON 8
DPTR FM NORMAL -7 LOWEST SLP 29.72 ON 17
[REMARKS]
#FINAL-05-21#