000
CXUS53 KDMX 050156
CF6AMW
PRELIMINARY LOCAL CLIMATOLOGICAL DATA (WS FORM: F-6)
STATION: AMES IA
MONTH: OCTOBER
YEAR: 2022
LATITUDE: 41 59 N
LONGITUDE: 93 37 W
TEMPERATURE IN F: :PCPN: SNOW: WIND :SUNSHINE: SKY :PK WND
================================================================================
1 2 3 4 5 6A 6B 7 8 9 10 11 12 13 14 15 16 17 18
12Z AVG MX 2MIN
DY MAX MIN AVG DEP HDD CDD WTR SNW DPTH SPD SPD DIR MIN PSBL S-S WX SPD DR
================================================================================
1 75 40 58 0 7 0 0.00 0.0 0 3.7 13 130 M M 0 19 150
2 77 43 60 3 5 0 0.00 0.0 0 3.2 13 160 M M 0 18 150
3 76 46 61 4 4 0 0.00 0.0 0 5.5 14 150 M M 0 18 180
4 77 43 60 4 5 0 T 0.0 0 5.6 16 160 M M 1 21 150
5 70 48 59 3 6 0 0.07 0.0 0 3.4 10 310 M M 6 1 13 320
6 69 45 57 1 8 0 0.00 0.0 0 11.4 22 340 M M 1 1 31 360
7 58 31 45 -10 20 0 0.00 0.0 0 5.7 14 20 M M 3 18 20 10
8 64 27 46 -9 19 0 0.00 0.0 0 6.9 18 240 M M 0 8 27 230
9 77 33 55 1 10 0 0.00 0.0 0 5.2 20 260 M M 0 29 260
10 78 36 57 3 8 0 0.00 0.0 0 4.3 14 180 M M 0 1 26 180
11 75 47 61 8 4 0 0.00 0.0 0 12.2 24 180 M M 3 34 200
12 69 41 55 2 10 0 0.27 0.0 0 12.4 30 310 M M 5 138 45 320
13 54 27 41 -11 24 0 0.00 0.0 0 12.5 30 310 M M 3 43 320
14 57 28 43 -9 22 0 T 0.0 0 10.7 28 320 M M 3 40 320
15 67 27 47 -4 18 0 0.00 0.0 0 8.8 22 230 M M 1 30 230
16 56 33 45 -6 20 0 0.00 0.0 0 10.4 25 340 M M 4 36 320
17 44 27 36 -14 29 0 0.00 0.0 0 15.2 23 350 M M 0 36 320
18 44 23 34 -16 31 0 0.00 0.0 0 11.1 21 350 M M 0 30 350
19 53 15 34 -16 31 0 0.00 0.0 0 5.8 14 300 M M 0 20 280
20 69 27 48 -1 17 0 0.00 0.0 0 4.9 15 310 M M 0 8 22 330
21 80 32 56 7 9 0 0.00 0.0 0 2.7 13 280 M M 0 8 17 220
22 82 37 60 12 5 0 0.00 0.0 0 9.5 24 180 M M 0 8 32 170
23 82 58 70 22 0 5 T 0.0 0 15.5 31 160 M M 1 3 49 150
24 72 41 57 10 8 0 0.55 0.0 0 10.5 22 180 M M 7 1 30 160
25 51 34 43 -4 22 0 0.00 0.0 0 8.2 22 350 M M 2 33 310
26 58 32 45 -1 20 0 0.00 0.0 0 5.2 14 320 M M 0 21 310
27 59 34 47 1 18 0 0.00 0.0 0 7.8 20 150 M M 5 26 140
28 62 29 46 1 19 0 0.00 0.0 0 2.2 10 180 M M 0 1 13 180
29 66 29 48 3 17 0 0.00 0.0 0 2.4 13 170 M M 0 1 17 180
30 65 38 52 8 13 0 0.00 0.0 0 1.9 9 100 M M 0 12 110
31 68 32 50 6 15 0 0.00 0.0 0 3.4 12 270 M M 0 18 15 250
================================================================================
SM 2054 1083 444 5 0.89 0.0 228.2 M 45
================================================================================
AV 66.3 34.9 7.4 FASTST M M 1 MAX(MPH)
MISC ----> 31 160 49 150
================================================================================
NOTES:
# LAST OF SEVERAL OCCURRENCES
COLUMN 17 PEAK WIND IN M.P.H.
PRELIMINARY LOCAL CLIMATOLOGICAL DATA (WS FORM: F-6) , PAGE 2
STATION: AMES IA
MONTH: OCTOBER
YEAR: 2022
LATITUDE: 41 59 N
LONGITUDE: 93 37 W
[TEMPERATURE DATA] [PRECIPITATION DATA] SYMBOLS USED IN COLUMN 16
AVERAGE MONTHLY: 50.6 TOTAL FOR MONTH: 0.89 1 = FOG OR MIST
DPTR FM NORMAL: -0.3 DPTR FM NORMAL: -1.88 2 = FOG REDUCING VISIBILITY
HIGHEST: 82 ON 23,22 GRTST 24HR 0.55 ON 24-24 TO 1/4 MILE OR LESS
LOWEST: 15 ON 19 3 = THUNDER
SNOW, ICE PELLETS, HAIL 4 = ICE PELLETS
TOTAL MONTH: 0.0 INCH 5 = HAIL
GRTST 24HR 0.0 6 = FREEZING RAIN OR DRIZZLE
GRTST DEPTH: 0 7 = DUSTSTORM OR SANDSTORM:
VSBY 1/2 MILE OR LESS
8 = SMOKE OR HAZE
[NO. OF DAYS WITH] [WEATHER - DAYS WITH] 9 = BLOWING SNOW
X = TORNADO
MAX 32 OR BELOW: 0 0.01 INCH OR MORE: 3
MAX 90 OR ABOVE: 0 0.10 INCH OR MORE: 2
MIN 32 OR BELOW: 14 0.50 INCH OR MORE: 1
MIN 0 OR BELOW: 0 1.00 INCH OR MORE: 0
[HDD (BASE 65) ]
TOTAL THIS MO. 444 CLEAR (SCALE 0-3) 25
DPTR FM NORMAL -4 PTCLDY (SCALE 4-7) 6
TOTAL FM JUL 1 535 CLOUDY (SCALE 8-10) 0
DPTR FM NORMAL -51
[CDD (BASE 65) ]
TOTAL THIS MO. 5
DPTR FM NORMAL -5 [PRESSURE DATA]
TOTAL FM JAN 1 1046 HIGHEST SLP 30.54 ON 7
DPTR FM NORMAL 260 LOWEST SLP 29.45 ON 23
[REMARKS]
#FINAL-10-22#