000
CXUS54 KBMX 011010
CF6ANB
PRELIMINARY LOCAL CLIMATOLOGICAL DATA (WS FORM: F-6)
STATION: ANNISTON
MONTH: OCTOBER
YEAR: 2023
LATITUDE: 33 35 N
LONGITUDE: 85 51 W
TEMPERATURE IN F: :PCPN: SNOW: WIND :SUNSHINE: SKY :PK WND
================================================================================
1 2 3 4 5 6A 6B 7 8 9 10 11 12 13 14 15 16 17 18
12Z AVG MX 2MIN
DY MAX MIN AVG DEP HDD CDD WTR SNW DPTH SPD SPD DIR MIN PSBL S-S WX SPD DR
================================================================================
1 85 62 74 4 0 9 0.00 0.0 0 4.6 14 100 M M 2 20 100
2 85 59 72 3 0 7 0.00 0.0 0 3.5 13 100 M M 1 20 90
3 85 57 71 2 0 6 0.00 0.0 0 4.2 13 60 M M 0 20 180
4 85 57 71 2 0 6 0.00 0.0 M 4.8 13 160 M M 0 20 110
5 82 62 72 4 0 7 0.01 0.0 M 4.6 12 110 M M 2 17 90
6 78 59 69 1 0 4 0.05 0.0 M 4.2 13 350 M M 8 12 18 340
7 70 48 59 -9 6 0 0.00 0.0 M 6.9 16 10 M M 0 1 24 350
8 71 38 55 -12 10 0 0.00 0.0 0 2.4 13 350 M M 0 19 350
9 77 41 59 -8 6 0 0.00 0.0 0 4.5 18 220 M M 0 27 230
10 83 46 65 -1 0 0 0.00 0.0 0 4.6 15 220 M M 0 24 220
11 74 58 66 0 0 1 0.61 0.0 0 2.2 13 80 M M 4 1 21 80
12 71 60 66 0 0 1 0.06 0.0 M 8.2 16 70 M M 10 25 70
13 69 61 65 0 0 0 0.01 0.0 M 4.5 13 90 M M 10 1 17 70
14 75 61 68 3 0 3 T 0.0 0 8.8 20 250 M M 7 1 29 270
15 62 51 57 -7 8 0 T 0.0 0 8.2 16 360 M M 9 1 26 330
16 62 40 51 -13 14 0 0.00 0.0 M 5.9 15 310 M M 6 24 300
17 68 41 55 -9 10 0 0.00 0.0 M 3.1 13 340 M M 2 1 18 340
18 73 43 58 -5 7 0 0.00 0.0 0 1.9 9 140 M M 0 13 50
19 73 47 60 -3 5 0 0.01 M M 2.5 16 210 M M 4 1 22 210
20 80 51 66 4 0 1 0.09 0.0 M 7.3 21 270 M M 4 13 34 280
21 79 42 61 -1 4 0 0.00 0.0 M 3.7 16 250 M M 0 23 250
22 81 50 66 4 0 1 0.00 0.0 M 2.3 12 10 M M 0 16 330
23 78 47 63 2 2 0 0.00 0.0 0 4.5 12 60 M M 0 8 17 50
24 78 51 65 4 0 0 0.00 0.0 M 5.4 13 130 M M 0 20 130
25 78 54 66 6 0 1 0.00 0.0 0 5.8 13 130 M M 2 19 100
26 81 59 70 10 0 5 0.00 0.0 0 5.8 14 140 M M 5 20 130
27 83 59 71 11 0 6 0.00 0.0 0 2.8 9 40 M M 2 13 30
28 83 56 70 11 0 5 0.00 0.0 0 2.5 10 140 M M 0 14 150
29 83 55 69 10 0 4 0.00 0.0 0 3.0 15 240 M M 2 1 22 240
30 79 50 65 7 0 0 0.00 0.0 0 5.9 16 300 M M 6 1 24 290
31 61 37 49 -9 16 0 0.00 0.0 0 7.5 17 300 M M 4 25 360
================================================================================
SM 2372 1602 88 67 0.84 0.0 146.1 M 90
================================================================================
AV 76.5 51.7 4.7 FASTST M M 3 MAX(MPH)
MISC ----> 21 270 34 280
================================================================================
NOTES:
# LAST OF SEVERAL OCCURRENCES
COLUMN 17 PEAK WIND IN M.P.H.
PRELIMINARY LOCAL CLIMATOLOGICAL DATA (WS FORM: F-6) , PAGE 2
STATION: ANNISTON
MONTH: OCTOBER
YEAR: 2023
LATITUDE: 33 35 N
LONGITUDE: 85 51 W
[TEMPERATURE DATA] [PRECIPITATION DATA] SYMBOLS USED IN COLUMN 16
AVERAGE MONTHLY: 64.1 TOTAL FOR MONTH: 0.84 1 = FOG OR MIST
DPTR FM NORMAL: 0.2 DPTR FM NORMAL: -2.41 2 = FOG REDUCING VISIBILITY
HIGHEST: 85 ON 4, 3 GRTST 24HR 0.67 ON 11-12 TO 1/4 MILE OR LESS
LOWEST: 37 ON 31 3 = THUNDER
SNOW, ICE PELLETS, HAIL 4 = ICE PELLETS
TOTAL MONTH: 0.0 INCH 5 = HAIL
GRTST 24HR 0.0 6 = FREEZING RAIN OR DRIZZLE
GRTST DEPTH: 0 7 = DUSTSTORM OR SANDSTORM:
VSBY 1/2 MILE OR LESS
8 = SMOKE OR HAZE
[NO. OF DAYS WITH] [WEATHER - DAYS WITH] 9 = BLOWING SNOW
X = TORNADO
MAX 32 OR BELOW: 0 0.01 INCH OR MORE: 7
MAX 90 OR ABOVE: 0 0.10 INCH OR MORE: 1
MIN 32 OR BELOW: 0 0.50 INCH OR MORE: 1
MIN 0 OR BELOW: 0 1.00 INCH OR MORE: 0
[HDD (BASE 65) ]
TOTAL THIS MO. 88 CLEAR (SCALE 0-3) 19
DPTR FM NORMAL -30 PTCLDY (SCALE 4-7) 8
TOTAL FM JUL 1 88 CLOUDY (SCALE 8-10) 4
DPTR FM NORMAL -37
[CDD (BASE 65) ]
TOTAL THIS MO. 67
DPTR FM NORMAL -17 [PRESSURE DATA]
TOTAL FM JAN 1 1966 HIGHEST SLP 30.35 ON 25
DPTR FM NORMAL 8 LOWEST SLP 29.68 ON 20
[REMARKS]
#FINAL-10-23#