192
CXAK56 PAFC 090404
CF6ANC
PRELIMINARY LOCAL CLIMATOLOGICAL DATA (WS FORM: F-6)
STATION: ANCHORAGE AK
MONTH: NOVEMBER
YEAR: 2020
LATITUDE: 61 10 N
LONGITUDE: 150 2 W
TEMPERATURE IN F: :PCPN: SNOW: WIND :SUNSHINE: SKY :PK WND
================================================================================
1 2 3 4 5 6A 6B 7 8 9 10 11 12 13 14 15 16 17 18
12Z AVG MX 2MIN
DY MAX MIN AVG DEP HDD CDD WTR SNW DPTH SPD SPD DIR MIN PSBL S-S WX SPD DR
================================================================================
1 21 12 17 -10 48 0 0.00 0.0 0 15.7 29 350 M M 1 40 350
2 25 18 22 -4 43 0 0.00 0.0 0 19.7 30 10 M M 1 41 30
3 20 4 12 -14 53 0 0.00 0.0 0 8.0 20 30 M M 1 28 10
4 18 3 11 -14 54 0 0.00 0.0 0 3.7 14 20 M M 0 17 20
5 20 5 13 -12 52 0 T 0.1 0 3.8 16 350 M M 6 1 23 340
6 23 17 20 -4 45 0 0.02 0.4 T 5.0 10 80 M M 10 16 18 150
7 25 21 23 -1 42 0 0.14 1.3 T 7.3 17 320 M M 10 1 21 320
8 36 25 31 7 34 0 0.91 5.1 3 8.9 20 180 M M 10 16 34 170
9 35 23 29 6 36 0 0.00 0.0 6 3.8 12 170 M M 6 18 17 30
10 27 19 23 0 42 0 0.00 0.0 6 5.2 18 320 M M 7 22 320
11 33 27 30 7 35 0 T T 6 5.4 20 320 M M 9 24 330
12 33 30 32 10 33 0 0.20 2.5 9 2.2 12 60 M M 10 1 17 40
13 32 26 29 7 36 0 0.01 0.2 8 1.1 9 190 M M 10 12 12 180
14 28 16 22 0 43 0 0.02 0.6 8 2.9 8 20 M M 9 12 14 20
15 20 6 13 -9 52 0 0.00 0.0 8 2.0 8 350 M M 2 128 14 20
16 17 4 11 -11 54 0 T 0.0 8 3.4 8 80 M M 1 12 10 40
17 15 2 9 -12 56 0 0.00 0.0 8 1.9 7 70 M M 4 128 9 170
18 19 2 11 -10 54 0 0.00 0.0 8 3.0 10 170 M M 3 128 17 200
19 18 5 12 -9 53 0 T 0.0 8 5.3 10 360 M M 8 128 14 160
20 23 14 19 -2 46 0 0.00 0.0 8 7.9 15 340 M M 7 19 330
21 32 21 27 6 38 0 0.00 T 8 7.1 15 40 M M 8 20 40
22 34 21 28 8 37 0 0.10 1.0 9 6.4 15 40 M M 8 1 17 40
23 33 21 27 7 38 0 T T 9 11.3 22 350 M M 8 30 360
24 27 14 21 1 44 0 0.00 0.0 9 5.1 9 170 M M 4 19 190
25 36 19 28 8 37 0 0.02 T 9 7.8 20 320 M M 8 18 32 160
26 35 24 30 10 35 0 0.04 0.2 8 8.7 17 190 M M 7 1 35 180
27 29 25 27 7 38 0 0.08 1.3 8 3.9 13 40 M M 10 1 17 60
28 31 23 27 7 38 0 0.00 0.0 9 4.9 15 340 M M 9 17 340
29 28 14 21 1 44 0 T T 9 3.0 12 50 M M 6 1 17 50
30 31 17 24 4 41 0 0.02 0.3 9 6.5 24 350 M M 8 12 30 360
================================================================================
SM 804 478 1301 0 1.56 13.0 180.9 M 191
================================================================================
AV 26.8 15.9 6.0 FASTST M M 6 MAX(MPH)
MISC ----> 30 10 41 30
================================================================================
NOTES:
# LAST OF SEVERAL OCCURRENCES
COLUMN 17 PEAK WIND IN M.P.H.
PRELIMINARY LOCAL CLIMATOLOGICAL DATA (WS FORM: F-6) , PAGE 2
STATION: ANCHORAGE AK
MONTH: NOVEMBER
YEAR: 2020
LATITUDE: 61 10 N
LONGITUDE: 150 2 W
[TEMPERATURE DATA] [PRECIPITATION DATA] SYMBOLS USED IN COLUMN 16
AVERAGE MONTHLY: 21.4 TOTAL FOR MONTH: 1.56 1 = FOG OR MIST
DPTR FM NORMAL: -0.8 DPTR FM NORMAL: 0.40 2 = FOG REDUCING VISIBILITY
HIGHEST: 36 ON 25, 8 GRTST 24HR 0.96 ON 7- 8 TO 1/4 MILE OR LESS
LOWEST: 2 ON 18,17 3 = THUNDER
SNOW, ICE PELLETS, HAIL 4 = ICE PELLETS
TOTAL MONTH: 13.0 INCHES 5 = HAIL
GRTST 24HR 5.1 ON 8- 8 6 = FREEZING RAIN OR DRIZZLE
GRTST DEPTH: 9 ON 30,29 7 = DUSTSTORM OR SANDSTORM:
VSBY 1/2 MILE OR LESS
8 = SMOKE OR HAZE
[NO. OF DAYS WITH] [WEATHER - DAYS WITH] 9 = BLOWING SNOW
X = TORNADO
MAX 32 OR BELOW: 22 0.01 INCH OR MORE: 11
MAX 90 OR ABOVE: 0 0.10 INCH OR MORE: 4
MIN 32 OR BELOW: 30 0.50 INCH OR MORE: 1
MIN 0 OR BELOW: 0 1.00 INCH OR MORE: 0
[HDD (BASE 65) ]
TOTAL THIS MO. 1301 CLEAR (SCALE 0-3) 7
DPTR FM NORMAL 17 PTCLDY (SCALE 4-7) 12
TOTAL FM JUL 1 2881 CLOUDY (SCALE 8-10) 11
DPTR FM NORMAL -282
[CDD (BASE 65) ]
TOTAL THIS MO. 0
DPTR FM NORMAL 0 [PRESSURE DATA]
TOTAL FM JAN 1 3 HIGHEST SLP 30.39 ON 7
DPTR FM NORMAL 1 LOWEST SLP 28.74 ON 30
[REMARKS]
#FINAL-11-20#