000
CXUS52 KGSP 010817
CF6AND
PRELIMINARY LOCAL CLIMATOLOGICAL DATA (WS FORM: F-6)
STATION: ANDERSON SC
MONTH: MAY
YEAR: 2021
LATITUDE: 34 30 N
LONGITUDE: 82 43 W
TEMPERATURE IN F: :PCPN: SNOW: WIND :SUNSHINE: SKY :PK WND
================================================================================
1 2 3 4 5 6A 6B 7 8 9 10 11 12 13 14 15 16 17 18
12Z AVG MX 2MIN
DY MAX MIN AVG DEP HDD CDD WTR SNW DPTH SPD SPD DIR MIN PSBL S-S WX SPD DR
================================================================================
1 76 47 62 -3 3 0 0.00 M M 3.3 14 100 M M 0 19 100
2 80 52 66 0 0 1 0.00 M M 4.3 14 170 M M 4 18 170
3 71 64 68 2 0 3 0.56 M M 7.9 17 240 M M 8 13 23 240
4 78 63 71 5 0 6 0.76 M M 6.8 23 300 M M 9 123 29 360
5 79 60 70 4 0 5 0.00 M M 12.0 22 240 M M 2 28 240
6 73 51 62 -5 3 0 0.00 M M 5.7 16 210 M M 3 21 220
7 71 48 60 -7 5 0 0.00 M M 9.4 23 300 M M 0 31 310
8 77 45 61 -6 4 0 0.00 M M 7.0 24 250 M M 1 34 290
9 84 49 67 -1 0 2 T M M 7.4 26 210 M M 0 32 210
10 78 62 70 2 0 5 0.38 M M 10.1 21 240 M M 4 1 27 210
11 75 59 67 -1 0 2 0.00 M M 3.7 13 70 M M 7 16 100
12 66 48 57 -11 8 0 0.64 M M 10.7 25 60 M M 10 1 38 60
13 70 43 57 -12 8 0 0.00 M M 4.8 16 70 M M 0 20 70
14 73 44 59 -10 6 0 0.00 M M 2.7 9 130 M M 3 12 140
15 76 51 64 -5 1 0 0.00 M M 3.4 12 220 M M 3 16 230
16 80 54 67 -3 0 2 0.00 M M 3.1 15 260 M M 3 18 270
17 79 56 68 -2 0 3 0.00 M M 3.3 12 60 M M 2 14 70
18 76 61 69 -1 0 4 0.00 M M 6.6 14 80 M M 3 17 70
19 80 61 71 1 0 6 0.00 M M 7.4 16 110 M M 2 26 110
20 82 61 72 2 0 7 0.00 M M 5.7 16 90 M M 4 20 120
21 86 56 71 0 0 6 0.00 M M 5.3 17 60 M M 1 20 60
22 86 56 71 0 0 6 0.00 M M 1.6 10 150 M M 0 14 340
23 90 61 76 5 0 11 0.00 M M 3.1 13 60 M M 1 16 50
24 91 63 77 5 0 12 0.00 M M 2.8 13 250 M M 0 16 250
25 92 65 79 7 0 14 T M M 2.9 23 200 M M 2 29 210
26 91 65 78 6 0 13 0.00 M M 5.3 18 250 M M 0 24 250
27 90 62 76 4 0 11 0.00 M M 4.8 16 230 M M 1 21 220
28 89 66 78 5 0 13 0.55 M M 9.1 32 290 M M 2 1 46 280
29 79 66 73 0 0 8 0.00 M M 11.0 20 230 M M 4 25 260
30 74 60 67 -6 0 2 0.00 M M 6.9 13 80 M M 6 18 60
31 75 55 65 -8 0 0 0.00 M M 4.6 10 60 M M 6 14 120
================================================================================
SM 2467 1754 38 142 2.89 M 182.7 M 91
================================================================================
AV 79.6 56.6 5.9 FASTST M M 3 MAX(MPH)
MISC ----> 32 290 46 280
================================================================================
NOTES:
# LAST OF SEVERAL OCCURRENCES
COLUMN 17 PEAK WIND IN M.P.H.
PRELIMINARY LOCAL CLIMATOLOGICAL DATA (WS FORM: F-6) , PAGE 2
STATION: ANDERSON SC
MONTH: MAY
YEAR: 2021
LATITUDE: 34 30 N
LONGITUDE: 82 43 W
[TEMPERATURE DATA] [PRECIPITATION DATA] SYMBOLS USED IN COLUMN 16
AVERAGE MONTHLY: 68.1 TOTAL FOR MONTH: 2.89 1 = FOG OR MIST
DPTR FM NORMAL: -1.4 DPTR FM NORMAL: -0.85 2 = FOG REDUCING VISIBILITY
HIGHEST: 92 ON 25 GRTST 24HR 0.76 ON 4- 4 TO 1/4 MILE OR LESS
LOWEST: 43 ON 13 3 = THUNDER
SNOW, ICE PELLETS, HAIL 4 = ICE PELLETS
TOTAL MONTH: M 5 = HAIL
GRTST 24HR M ON M 6 = FREEZING RAIN OR DRIZZLE
GRTST DEPTH: M ON M 7 = DUSTSTORM OR SANDSTORM:
VSBY 1/2 MILE OR LESS
8 = SMOKE OR HAZE
[NO. OF DAYS WITH] [WEATHER - DAYS WITH] 9 = BLOWING SNOW
X = TORNADO
MAX 32 OR BELOW: 0 0.01 INCH OR MORE: 5
MAX 90 OR ABOVE: 5 0.10 INCH OR MORE: 5
MIN 32 OR BELOW: 0 0.50 INCH OR MORE: 4
MIN 0 OR BELOW: 0 1.00 INCH OR MORE: 0
[HDD (BASE 65) ]
TOTAL THIS MO. 38 CLEAR (SCALE 0-3) 19
DPTR FM NORMAL 6 PTCLDY (SCALE 4-7) 10
TOTAL FM JUL 1 2632 CLOUDY (SCALE 8-10) 2
DPTR FM NORMAL -276
[CDD (BASE 65) ]
TOTAL THIS MO. 142
DPTR FM NORMAL -28 [PRESSURE DATA]
TOTAL FM JAN 1 186 HIGHEST SLP 30.44 ON 21
DPTR FM NORMAL -34 LOWEST SLP 29.73 ON 29
[REMARKS]
#FINAL-05-21#