000
CXUS53 KIWX 010810
CF6AOH
PRELIMINARY LOCAL CLIMATOLOGICAL DATA (WS FORM: F-6)
STATION: LIMA
MONTH: OCTOBER
YEAR: 2022
LATITUDE: 40 42 N
LONGITUDE: 84 1 W
TEMPERATURE IN F: :PCPN: SNOW: WIND :SUNSHINE: SKY :PK WND
================================================================================
1 2 3 4 5 6A 6B 7 8 9 10 11 12 13 14 15 16 17 18
12Z AVG MX 2MIN
DY MAX MIN AVG DEP HDD CDD WTR SNW DPTH SPD SPD DIR MIN PSBL S-S WX SPD DR
================================================================================
1 68 47 58 -2 7 0 0.00 M M 9.6 24 40 M M 0 33 30
2 64 46 55 -4 10 0 0.00 M M 11.0 22 20 M M 2 32 40
3 66 36 51 -8 14 0 0.00 M M 5.6 15 50 M M 1 1 24 20
4 69 34 52 -6 13 0 0.00 M M 2.5 12 360 M M 1 1 17 20
5 74 39 57 -1 8 0 0.00 M M 1.8 10 290 M M 0 13 290
6 74 45 60 2 5 0 0.00 M M 6.1 18 240 M M 4 8 30 340
7 57 39 48 -9 17 0 0.01 M M 8.1 17 350 M M 8 24 340
8 56 35 46 -11 19 0 0.00 M M 6.2 20 230 M M 2 24 230
9 64 38 51 -6 14 0 0.00 M M 9.3 18 250 M M 0 24 240
10 72 43 58 2 7 0 0.00 M M 6.6 13 230 M M 1 16 240
11 74 51 63 7 2 0 0.00 M M 10.3 20 200 M M 5 29 210
12 73 55 64 9 1 0 0.04 M M 11.4 30 240 M M 7 41 220
13 60 41 51 -4 14 0 T 0.0 0 12.2 28 230 M M 5 1 39 260
14 61 32 47 -8 18 0 0.00 0.0 0 11.7 30 240 M M 2 43 220
15 55 40 48 -6 17 0 0.00 0.0 0 11.4 21 240 M M 3 31 250
16 69 45 57 3 8 0 0.00 0.0 0 10.3 23 250 M M 4 35 240
17 47 37 42 -12 23 0 T M M 17.2 30 260 M M 9 1 42 260
18 45 35 40 -13 25 0 0.11 M M 15.2 26 260 M M 10 18 39 260
19 48 34 41 -12 24 0 0.02 M M 13.1 26 250 M M 7 1 34 260
20 54 31 43 -9 22 0 0.00 M M 11.5 25 230 M M 4 34 220
21 72 42 57 5 8 0 0.00 M M 12.1 24 210 M M 0 34 220
22 76 49 63 11 2 0 0.00 M M 10.7 22 190 M M 0 31 210
23 76 54 65 14 0 0 0.00 M M 9.6 21 170 M M 0 32 140
24 77 52 65 14 0 0 0.00 M M 9.7 18 160 M M 0 8 26 160
25 76 55 66 16 0 1 0.07 M M 11.2 22 170 M M 4 1 29 160
26 61 41 51 1 14 0 0.23 M M 11.5 24 260 M M 8 1 33 280
27 54 34 44 -6 21 0 0.00 M M 8.1 15 60 M M 3 21 60
28 62 35 49 0 16 0 0.00 M M 5.9 12 80 M M 0 15 80
29 68 31 50 1 15 0 0.00 M M 4.0 10 140 M M 0 18 20 90
30 68 39 54 6 11 0 0.06 M M 5.8 10 160 M M 3 1 15 160
31 65 58 62 14 3 0 0.15 M M 9.1 16 210 M M 10 18 23 190
================================================================================
SM 2005 1293 358 1 0.69 0.0 288.8 M 103
================================================================================
AV 64.7 41.7 9.3 FASTST M M 3 MAX(MPH)
MISC ----> # 30 240 43 220
================================================================================
NOTES:
# LAST OF SEVERAL OCCURRENCES
COLUMN 17 PEAK WIND IN M.P.H.
PRELIMINARY LOCAL CLIMATOLOGICAL DATA (WS FORM: F-6) , PAGE 2
STATION: LIMA
MONTH: OCTOBER
YEAR: 2022
LATITUDE: 40 42 N
LONGITUDE: 84 1 W
[TEMPERATURE DATA] [PRECIPITATION DATA] SYMBOLS USED IN COLUMN 16
AVERAGE MONTHLY: 53.2 TOTAL FOR MONTH: 0.69 1 = FOG OR MIST
DPTR FM NORMAL: -0.6 DPTR FM NORMAL: -2.00 2 = FOG REDUCING VISIBILITY
HIGHEST: 77 ON 24 GRTST 24HR 0.30 ON 25-26 TO 1/4 MILE OR LESS
LOWEST: 31 ON 29,20 3 = THUNDER
SNOW, ICE PELLETS, HAIL 4 = ICE PELLETS
TOTAL MONTH: 0.0 INCH 5 = HAIL
GRTST 24HR 0.0 6 = FREEZING RAIN OR DRIZZLE
GRTST DEPTH: 0 7 = DUSTSTORM OR SANDSTORM:
VSBY 1/2 MILE OR LESS
8 = SMOKE OR HAZE
[NO. OF DAYS WITH] [WEATHER - DAYS WITH] 9 = BLOWING SNOW
X = TORNADO
MAX 32 OR BELOW: 0 0.01 INCH OR MORE: 8
MAX 90 OR ABOVE: 0 0.10 INCH OR MORE: 3
MIN 32 OR BELOW: 3 0.50 INCH OR MORE: 0
MIN 0 OR BELOW: 0 1.00 INCH OR MORE: 0
[HDD (BASE 65) ]
TOTAL THIS MO. 358 CLEAR (SCALE 0-3) 17
DPTR FM NORMAL -4 PTCLDY (SCALE 4-7) 9
TOTAL FM JUL 1 445 CLOUDY (SCALE 8-10) 5
DPTR FM NORMAL -20
[CDD (BASE 65) ]
TOTAL THIS MO. 1
DPTR FM NORMAL -15 [PRESSURE DATA]
TOTAL FM JAN 1 1027 HIGHEST SLP M ON M
DPTR FM NORMAL 181 LOWEST SLP 29.60 ON 26
[REMARKS]
#FINAL-10-22#