000
CXUS53 KIWX 041255
CF6AOH
PRELIMINARY LOCAL CLIMATOLOGICAL DATA (WS FORM: F-6)
STATION: LIMA
MONTH: NOVEMBER
YEAR: 2020
LATITUDE: 40 42 N
LONGITUDE: 84 1 W
TEMPERATURE IN F: :PCPN: SNOW: WIND :SUNSHINE: SKY :PK WND
================================================================================
1 2 3 4 5 6A 6B 7 8 9 10 11 12 13 14 15 16 17 18
12Z AVG MX 2MIN
DY MAX MIN AVG DEP HDD CDD WTR SNW DPTH SPD SPD DIR MIN PSBL S-S WX SPD DR
================================================================================
1 52 32 42 -6 23 0 0.04 M M 17.2 35 260 M M 7 44 260
2 47 27 37 -11 28 0 0.00 M M 13.0 23 240 M M 2 30 240
3 64 35 50 3 15 0 0.00 M M 10.2 20 230 M M 0 26 240
4 71 46 59 12 6 0 0.00 M M 11.2 20 200 M M 0 8 29 220
5 68 52 60 13 5 0 0.00 M M 11.6 20 220 M M 0 27 220
6 70 48 59 13 6 0 0.00 M M 8.9 17 220 M M 0 23 250
7 71 43 57 11 8 0 0.00 M M 7.3 13 200 M M 0 17 200
8 79 51 65 19 0 0 0.00 M M 8.5 14 140 M M 0 18 120
9 78 54 66 21 0 1 0.00 M M 8.7 14 170 M M 0 19 210
10 77 58 68 23 0 3 0.09 M M 12.3 24 190 M M 4 1 34 180
11 67 33 50 6 15 0 0.07 M M 9.5 22 250 M M 6 18 31 200
12 50 28 39 -5 26 0 0.00 M M 4.5 13 90 M M 0 1 19 80
13 51 28 40 -4 25 0 0.00 M M 6.9 17 300 M M 3 1 26 310
14 48 21 35 -8 30 0 0.09 M M 8.9 20 150 M M 4 1 25 160
15 58 39 49 6 16 0 0.45 M M 19.0 43 250 M M 8 13 65 260
16 47 32 40 -2 25 0 0.00 M M M M M M M 2 M M
17 45 28 37 -5 28 0 0.00 M M 11.7 21 310 M M 7 33 300
18 46 23 35 -7 30 0 0.00 M M 9.9 22 180 M M 3 32 160
19 64 40 52 11 13 0 0.00 M M 20.3 30 200 M M 0 46 210
20 64 51 58 17 7 0 0.00 M M 13.0 25 220 M M 2 35 220
21 52 41 47 7 18 0 0.00 M M 7.2 12 70 M M 6 17 60
22 41 35 38 -2 27 0 0.72 M M 10.9 18 80 M M 10 1 25 60
23 46 31 39 0 26 0 0.00 M M 6.8 15 320 M M 6 18 22 290
24 43 30 37 -2 28 0 0.04 M M 8.5 20 160 M M 7 1 26 170
25 54 41 48 10 17 0 0.89 M M 13.7 21 230 M M 9 1 33 240
26 54 46 50 12 15 0 T M M 12.8 25 240 M M 10 1 35 260
27 49 39 44 7 21 0 0.00 M M 6.1 14 330 M M 10 22 320
28 46 31 39 2 26 0 0.00 M M 7.1 15 320 M M 1 1 21 330
29 53 32 43 6 22 0 0.00 M M 6.0 14 220 M M 0 8 18 230
30 44 30 37 1 28 0 0.47 M M 11.8 22 340 M M 10 1 33 340
================================================================================
SM 1699 1125 534 4 2.86 M 303.5 M 117
================================================================================
AV 56.6 37.5 10.5 FASTST M M 4 MAX(MPH)
MISC ----> 43 250 65 260
================================================================================
NOTES:
# LAST OF SEVERAL OCCURRENCES
COLUMN 17 PEAK WIND IN M.P.H.
PRELIMINARY LOCAL CLIMATOLOGICAL DATA (WS FORM: F-6) , PAGE 2
STATION: LIMA
MONTH: NOVEMBER
YEAR: 2020
LATITUDE: 40 42 N
LONGITUDE: 84 1 W
[TEMPERATURE DATA] [PRECIPITATION DATA] SYMBOLS USED IN COLUMN 16
AVERAGE MONTHLY: 47.1 TOTAL FOR MONTH: 2.86 1 = FOG OR MIST
DPTR FM NORMAL: 4.8 DPTR FM NORMAL: -0.69 2 = FOG REDUCING VISIBILITY
HIGHEST: 79 ON 8 GRTST 24HR 0.89 ON 25-25 TO 1/4 MILE OR LESS
LOWEST: 21 ON 14 3 = THUNDER
SNOW, ICE PELLETS, HAIL 4 = ICE PELLETS
TOTAL MONTH: M 5 = HAIL
GRTST 24HR M ON M 6 = FREEZING RAIN OR DRIZZLE
GRTST DEPTH: M ON M 7 = DUSTSTORM OR SANDSTORM:
VSBY 1/2 MILE OR LESS
8 = SMOKE OR HAZE
[NO. OF DAYS WITH] [WEATHER - DAYS WITH] 9 = BLOWING SNOW
X = TORNADO
MAX 32 OR BELOW: 0 0.01 INCH OR MORE: 9
MAX 90 OR ABOVE: 0 0.10 INCH OR MORE: 4
MIN 32 OR BELOW: 13 0.50 INCH OR MORE: 2
MIN 0 OR BELOW: 0 1.00 INCH OR MORE: 0
[HDD (BASE 65) ]
TOTAL THIS MO. 534 CLEAR (SCALE 0-3) 16
DPTR FM NORMAL -146 PTCLDY (SCALE 4-7) 8
TOTAL FM JUL 1 886 CLOUDY (SCALE 8-10) 6
DPTR FM NORMAL -278
[CDD (BASE 65) ]
TOTAL THIS MO. 4
DPTR FM NORMAL 4 [PRESSURE DATA]
TOTAL FM JAN 1 985 HIGHEST SLP 30.63 ON 18
DPTR FM NORMAL 159 LOWEST SLP 29.43 ON 15
[REMARKS]
#FINAL-11-20#
REMOVED FALSE TRACES. ONGOING EQUIPMENT PROBLEM.