000
CXUS53 KIWX 010810
CF6AOH
PRELIMINARY LOCAL CLIMATOLOGICAL DATA (WS FORM: F-6)
STATION: LIMA
MONTH: OCTOBER
YEAR: 2023
LATITUDE: 40 42 N
LONGITUDE: 84 1 W
TEMPERATURE IN F: :PCPN: SNOW: WIND :SUNSHINE: SKY :PK WND
================================================================================
1 2 3 4 5 6A 6B 7 8 9 10 11 12 13 14 15 16 17 18
12Z AVG MX 2MIN
DY MAX MIN AVG DEP HDD CDD WTR SNW DPTH SPD SPD DIR MIN PSBL S-S WX SPD DR
================================================================================
1 84 55 70 10 0 5 0.00 M M 3.9 9 150 M M 0 1 14 150
2 88 54 71 12 0 6 0.00 M M 3.3 9 90 M M 0 1 12 70
3 88 58 73 14 0 8 0.00 M M 5.5 13 140 M M 0 20 150
4 88 63 76 18 0 11 0.00 M M 8.4 20 180 M M 0 26 180
5 77 62 70 12 0 5 0.43 M M 8.2 17 210 M M 6 1 26 210
6 70 44 57 -1 8 0 0.01 M M 12.2 32 270 M M 4 1 45 270
7 59 41 50 -7 15 0 0.03 M M 12.1 29 300 M M 6 42 310
8 57 41 49 -8 16 0 0.02 M M 8.9 23 270 M M 9 31 260
9 59 39 49 -8 16 0 0.00 M M 7.4 17 270 M M 8 24 240
10 62 40 51 -5 14 0 0.00 M M 10.1 21 250 M M 5 29 250
11 69 39 54 -2 11 0 0.01 M M 7.3 21 250 M M 3 29 250
12 68 50 59 4 6 0 0.01 M M 4.9 13 40 M M 5 17 30
13 73 48 61 6 4 0 0.04 M M 11.4 18 100 M M 4 1 27 90
14 53 48 51 -4 14 0 0.54 M M 9.8 20 10 M M 10 1 33 340
15 53 45 49 -5 16 0 0.02 M M 8.9 17 350 M M 9 1 24 330
16 55 45 50 -4 15 0 0.00 M M 8.5 14 330 M M 10 1 21 330
17 56 41 49 -5 16 0 0.00 M M 4.9 13 260 M M 7 16 250
18 64 42 53 0 12 0 0.00 M M 8.8 17 220 M M 3 1 27 220
19 61 50 56 3 9 0 0.28 M M 10.5 16 180 M M 5 1 24 200
20 58 48 53 1 12 0 0.29 M M 11.6 21 320 M M 10 1 36 320
21 55 40 48 -4 17 0 0.04 M M 6.4 15 360 M M 6 1 21 350
22 55 35 45 -7 20 0 T M M 6.5 17 340 M M 4 1 28 350
23 65 30 48 -3 17 0 0.00 M M 6.9 13 160 M M 0 18 170
24 81 50 66 15 0 1 0.00 M M 10.3 17 210 M M 0 25 210
25 73 61 67 17 0 2 0.00 M M 10.7 21 200 M M 3 30 210
26 75 59 67 17 0 2 0.00 M M 10.7 22 230 M M 2 30 200
27 76 64 70 20 0 5 T M M 12.0 20 220 M M 6 30 200
28 67 48 58 9 7 0 0.19 M M 8.8 20 310 M M 9 1 26 300
29 51 46 49 0 16 0 0.70 M M 8.2 15 310 M M 10 1 20 20
30 46 29 38 -10 27 0 0.10 M M 9.3 21 310 M M 8 1 26 300
31 42 25 34 -14 31 0 T M M 10.0 24 270 M M 4 18 35 240
================================================================================
SM 2028 1440 319 45 2.71 M 266.4 M 156
================================================================================
AV 65.4 46.5 8.6 FASTST M M 5 MAX(MPH)
MISC ----> 32 270 45 270
================================================================================
NOTES:
# LAST OF SEVERAL OCCURRENCES
COLUMN 17 PEAK WIND IN M.P.H.
PRELIMINARY LOCAL CLIMATOLOGICAL DATA (WS FORM: F-6) , PAGE 2
STATION: LIMA
MONTH: OCTOBER
YEAR: 2023
LATITUDE: 40 42 N
LONGITUDE: 84 1 W
[TEMPERATURE DATA] [PRECIPITATION DATA] SYMBOLS USED IN COLUMN 16
AVERAGE MONTHLY: 55.9 TOTAL FOR MONTH: 2.71 1 = FOG OR MIST
DPTR FM NORMAL: 2.1 DPTR FM NORMAL: 0.02 2 = FOG REDUCING VISIBILITY
HIGHEST: 88 ON 4, 3 GRTST 24HR 0.71 ON 28-29 TO 1/4 MILE OR LESS
LOWEST: 25 ON 31 3 = THUNDER
SNOW, ICE PELLETS, HAIL 4 = ICE PELLETS
TOTAL MONTH: M 5 = HAIL
GRTST 24HR M ON M 6 = FREEZING RAIN OR DRIZZLE
GRTST DEPTH: M ON M 7 = DUSTSTORM OR SANDSTORM:
VSBY 1/2 MILE OR LESS
8 = SMOKE OR HAZE
[NO. OF DAYS WITH] [WEATHER - DAYS WITH] 9 = BLOWING SNOW
X = TORNADO
MAX 32 OR BELOW: 0 0.01 INCH OR MORE: 15
MAX 90 OR ABOVE: 0 0.10 INCH OR MORE: 7
MIN 32 OR BELOW: 3 0.50 INCH OR MORE: 2
MIN 0 OR BELOW: 0 1.00 INCH OR MORE: 0
[HDD (BASE 65) ]
TOTAL THIS MO. 319 CLEAR (SCALE 0-3) 9
DPTR FM NORMAL -43 PTCLDY (SCALE 4-7) 15
TOTAL FM JUL 1 377 CLOUDY (SCALE 8-10) 7
DPTR FM NORMAL -88
[CDD (BASE 65) ]
TOTAL THIS MO. 45
DPTR FM NORMAL 29 [PRESSURE DATA]
TOTAL FM JAN 1 803 HIGHEST SLP M ON M
DPTR FM NORMAL -43 LOWEST SLP 29.55 ON 20
[REMARKS]
#FINAL-10-23#