000
CXUS51 KCTP 010800
CF6AOO
PRELIMINARY LOCAL CLIMATOLOGICAL DATA (WS FORM: F-6)
STATION: ALTOONA
MONTH: AUGUST
YEAR: 2021
LATITUDE: 40 17 N
LONGITUDE: 78 19 W
TEMPERATURE IN F: :PCPN: SNOW: WIND :SUNSHINE: SKY :PK WND
================================================================================
1 2 3 4 5 6A 6B 7 8 9 10 11 12 13 14 15 16 17 18
12Z AVG MX 2MIN
DY MAX MIN AVG DEP HDD CDD WTR SNW DPTH SPD SPD DIR MIN PSBL S-S WX SPD DR
================================================================================
1 81 54 68 -4 0 3 0.02 M M 3.4 20 310 M M 5 138 30 310
2 78 53 66 -6 0 1 0.00 M M 3.8 13 350 M M 3 18 22 330
3 79 49 64 -8 1 0 T M M 2.3 10 170 M M 4 14 160
4 80 57 69 -3 0 4 0.00 M M 2.9 10 140 M M 5 15 140
5 85 53 69 -3 0 4 T M M 2.8 9 180 M M 3 18 13 180
6 88 58 73 1 0 8 T M M 3.1 12 200 M M 3 18 17 210
7 81 62 72 0 0 7 0.00 M M 2.8 9 160 M M 1 12 160
8 86 60 73 1 0 8 0.36 M M 2.1 20 260 M M 3 1238 29 260
9 88 62 75 4 0 10 0.00 M M 2.3 9 160 M M 3 128 13 170
10 88 69 79 8 0 14 0.33 M M 3.8 20 270 M M 5 138 29 340
11 90 68 79 8 0 14 0.07 M M 5.1 32 330 M M 2 3 48 320
12 94 68 81 10 0 16 T M M 7.4 28 320 M M 2 3 37 340
13 94 65 80 9 0 15 0.54 M M 4.6 16 250 M M 2 13 20 230
14 82 66 74 3 0 9 0.00 M M 4.2 10 20 M M 5 1 16 20
15 74 62 68 -3 0 3 T M M 3.0 8 70 M M 7 12 90
16 71 67 69 -2 0 4 0.28 M M 2.0 7 190 M M 10 18 11 120
17 81 71 76 5 0 11 T M M 3.8 12 170 M M 7 1 15 200
18 78 70 74 4 0 9 3.69 M M 7.3 22 100 M M 10 123 34 130
19 82 70 76 6 0 11 0.03 M M 6.2 13 270 M M 8 19 280
20 85 68 77 7 0 12 T M M 2.4 8 30 M M 4 1 11 10
21 86 65 76 6 0 11 T M M 2.2 10 290 M M 3 13 14 300
22 81 63 72 2 0 7 0.01 M M 1.9 8 10 M M 4 12 10 20
23 89 68 79 9 0 14 0.01 M M 5.5 20 300 M M 4 138 28 290
24 88 64 76 6 0 11 0.00 M M 2.0 8 300 M M 0 18 11 310
25 90 63 77 7 0 12 0.52 M M 1.8 15 220 M M 1 138 19 230
26 89 67 78 9 0 13 0.09 M M 0.9 12 230 M M 1 138 17 210
27 84 68 76 7 0 11 0.77 M M 1.6 17 310 M M 6 1238 24 280
28 85 67 76 7 0 11 0.20 M M 1.7 10 90 M M 7 1238 16 110
29 79 68 74 5 0 9 0.52 M M 4.7 14 10 M M 8 13 22 10
30 83 66 75 6 0 10 0.07 M M 3.6 15 310 M M 3 138 21 320
31 75 65 70 2 0 5 0.42 M M 1.9 7 70 M M 6 18 10 70
================================================================================
SM 2594 1976 1 277 7.93 M 103.1 M 135
================================================================================
AV 83.7 63.7 3.3 FASTST M M 4 MAX(MPH)
MISC ----> 32 330 48 320
================================================================================
NOTES:
# LAST OF SEVERAL OCCURRENCES
COLUMN 17 PEAK WIND IN M.P.H.
PRELIMINARY LOCAL CLIMATOLOGICAL DATA (WS FORM: F-6) , PAGE 2
STATION: ALTOONA
MONTH: AUGUST
YEAR: 2021
LATITUDE: 40 17 N
LONGITUDE: 78 19 W
[TEMPERATURE DATA] [PRECIPITATION DATA] SYMBOLS USED IN COLUMN 16
AVERAGE MONTHLY: 73.7 TOTAL FOR MONTH: 7.93 1 = FOG OR MIST
DPTR FM NORMAL: 3.1 DPTR FM NORMAL: 4.67 2 = FOG REDUCING VISIBILITY
HIGHEST: 94 ON 13,12 GRTST 24HR 3.69 ON 18-18 TO 1/4 MILE OR LESS
LOWEST: 49 ON 3 3 = THUNDER
SNOW, ICE PELLETS, HAIL 4 = ICE PELLETS
TOTAL MONTH: M 5 = HAIL
GRTST 24HR M ON M 6 = FREEZING RAIN OR DRIZZLE
GRTST DEPTH: M ON M 7 = DUSTSTORM OR SANDSTORM:
VSBY 1/2 MILE OR LESS
8 = SMOKE OR HAZE
[NO. OF DAYS WITH] [WEATHER - DAYS WITH] 9 = BLOWING SNOW
X = TORNADO
MAX 32 OR BELOW: 0 0.01 INCH OR MORE: 17
MAX 90 OR ABOVE: 4 0.10 INCH OR MORE: 10
MIN 32 OR BELOW: 0 0.50 INCH OR MORE: 5
MIN 0 OR BELOW: 0 1.00 INCH OR MORE: 1
[HDD (BASE 65) ]
TOTAL THIS MO. 1 CLEAR (SCALE 0-3) 12
DPTR FM NORMAL -11 PTCLDY (SCALE 4-7) 16
TOTAL FM JUL 1 1 CLOUDY (SCALE 8-10) 3
DPTR FM NORMAL -9
[CDD (BASE 65) ]
TOTAL THIS MO. 277
DPTR FM NORMAL 93 [PRESSURE DATA]
TOTAL FM JAN 1 786 HIGHEST SLP 30.27 ON 15
DPTR FM NORMAL 173 LOWEST SLP 29.81 ON 31
[REMARKS]
#FINAL-08-21#