000
CXUS54 KHGX 011626
CF6ARM
PRELIMINARY LOCAL CLIMATOLOGICAL DATA (WS FORM: F-6)
STATION: Wharton
MONTH: NOVEMBER
YEAR: 2021
LATITUDE: 29 15 N
LONGITUDE: 96 9 W
TEMPERATURE IN F: :PCPN: SNOW: WIND :SUNSHINE: SKY :PK WND
================================================================================
1 2 3 4 5 6A 6B 7 8 9 10 11 12 13 14 15 16 17 18
12Z AVG MX 2MIN
DY MAX MIN AVG DEP HDD CDD WTR SNW DPTH SPD SPD DIR MIN PSBL S-S WX SPD DR
================================================================================
1 80 50 65 M 0 0 0.00 0.0 0 3.2 9 150 M M 1 1 M M
2 82 56 69 M 0 4 0.00 0.0 0 3.9 9 120 M M 4 12 M M
3 77 53 65 M 0 0 0.68 0.0 0 6.1 16 10 M M 7 13 27 10
4 55 48 52 M 13 0 0.00 0.0 0 9.8 18 10 M M 10 1 23 10
5 64 43 54 M 11 0 0.00 0.0 0 4.4 9 360 M M 1 20 360
6 69 42 56 M 9 0 0.00 0.0 0 2.4 7 350 M M 0 M M
7 74 43 59 M 6 0 0.00 0.0 0 3.0 7 120 M M 0 1 M M
8 78 50 64 M 1 0 0.00 0.0 0 3.9 10 160 M M 2 1 M M
9 78 53 66 M 0 1 0.00 0.0 0 4.5 10 150 M M 3 1 M M
10 81 61 71 M 0 6 0.00 0.0 0 7.3 18 170 M M 4 24 180
11 76 54 65 M 0 0 0.28 0.0 0 6.4 15 10 M M 3 1 28 340
12 76 47 62 M 3 0 0.00 0.0 0 4.7 10 360 M M 2 M M
13 67 41 54 M 11 0 0.00 0.0 0 3.7 9 10 M M 0 16 10
14 78 44 61 M 4 0 0.00 0.0 0 5.0 10 170 M M 1 18 230
15 81 54 68 M 0 3 0.00 0.0 0 5.8 15 190 M M 3 12 20 190
16 81 56 69 M 0 4 0.00 0.0 0 8.2 18 190 M M 3 1 24 200
17 84 60 72 M 0 7 0.00 0.0 0 8.5 22 190 M M 5 27 210
18 70 53 62 M 3 0 0.00 0.0 0 11.3 22 360 M M 4 12 28 360
19 66 44 55 M 10 0 0.00 0.0 0 4.2 7 50 M M 0 M M
20 80 48 64 M 1 0 0.00 0.0 0 5.6 13 170 M M 3 17 140
21 84 60 72 M 0 7 T 0.0 0 4.1 12 340 M M 6 1 18 340
22 70 48 59 M 6 0 0.00 0.0 0 10.4 16 350 M M 2 22 350
23 73 39 56 M 9 0 0.00 0.0 0 3.9 12 140 M M 0 9 120
24 78 53 66 M 0 1 0.00 0.0 0 8.2 20 150 M M 8 27 150
25 71 51 61 M 4 0 0.97 0.0 0 10.0 21 350 M M 8 29 360
26 61 44 53 M 12 0 0.00 0.0 0 8.3 14 10 M M 0 20 360
27 50 44 47 M 18 0 0.49 0.0 0 2.6 7 350 M M 7 M M
28 57 45 51 M 14 0 0.03 0.0 0 4.7 9 330 M M 9 1 M M
29 67 41 54 M 11 0 0.00 0.0 0 2.1 7 180 M M 3 12 M M
30 74 43 59 M 6 0 0.01 0.0 0 3.7 9 170 M M 4 128 M M
================================================================================
SM 2182 1468 152 33 2.46 0.0 169.9 M 103
================================================================================
AV 72.7 48.9 5.7 FASTST M M 3 MAX(MPH)
MISC ----> # 22 190 29 360
================================================================================
NOTES:
# LAST OF SEVERAL OCCURRENCES
COLUMN 17 PEAK WIND IN M.P.H.
PRELIMINARY LOCAL CLIMATOLOGICAL DATA (WS FORM: F-6) , PAGE 2
STATION: Wharton
MONTH: NOVEMBER
YEAR: 2021
LATITUDE: 29 15 N
LONGITUDE: 96 9 W
[TEMPERATURE DATA] [PRECIPITATION DATA] SYMBOLS USED IN COLUMN 16
AVERAGE MONTHLY: 60.8 TOTAL FOR MONTH: 2.46 1 = FOG OR MIST
DPTR FM NORMAL: 0.0 DPTR FM NORMAL: M 2 = FOG REDUCING VISIBILITY
HIGHEST: 84 ON 21,17 GRTST 24HR 0.97 ON 25-25 TO 1/4 MILE OR LESS
LOWEST: 39 ON 23 3 = THUNDER
SNOW, ICE PELLETS, HAIL 4 = ICE PELLETS
TOTAL MONTH: 0.0 INCH 5 = HAIL
GRTST 24HR 0.0 6 = FREEZING RAIN OR DRIZZLE
GRTST DEPTH: 0 7 = DUSTSTORM OR SANDSTORM:
VSBY 1/2 MILE OR LESS
8 = SMOKE OR HAZE
[NO. OF DAYS WITH] [WEATHER - DAYS WITH] 9 = BLOWING SNOW
X = TORNADO
MAX 32 OR BELOW: 0 0.01 INCH OR MORE: 6
MAX 90 OR ABOVE: 0 0.10 INCH OR MORE: 4
MIN 32 OR BELOW: 0 0.50 INCH OR MORE: 2
MIN 0 OR BELOW: 0 1.00 INCH OR MORE: 0
[HDD (BASE 65) ]
TOTAL THIS MO. 152 CLEAR (SCALE 0-3) 16
DPTR FM NORMAL M PTCLDY (SCALE 4-7) 11
TOTAL FM JUL 1 170 CLOUDY (SCALE 8-10) 3
DPTR FM NORMAL M
[CDD (BASE 65) ]
TOTAL THIS MO. 33
DPTR FM NORMAL M [PRESSURE DATA]
TOTAL FM JAN 1 2699 HIGHEST SLP M ON M
DPTR FM NORMAL M LOWEST SLP M ON M
[REMARKS]
#FINAL-11-21#