000
CXUS51 KBUF 010905
CF6ART
PRELIMINARY LOCAL CLIMATOLOGICAL DATA (WS FORM: F-6)
STATION: WATERTOWN NY
MONTH: DECEMBER
YEAR: 2020
LATITUDE: 43 59 N
LONGITUDE: 76 2 W
TEMPERATURE IN F: :PCPN: SNOW: WIND :SUNSHINE: SKY :PK WND
================================================================================
1 2 3 4 5 6A 6B 7 8 9 10 11 12 13 14 15 16 17 18
12Z AVG MX 2MIN
DY MAX MIN AVG DEP HDD CDD WTR SNW DPTH SPD SPD DIR MIN PSBL S-S WX SPD DR
================================================================================
1 44 34 39 7 26 0 0.01 M M 7.7 18 220 M M 10 1 26 230
2 37 30 34 2 31 0 0.10 M M 13.6 23 270 M M 8 1 31 270
3 43 34 39 8 26 0 0.00 M M 11.0 25 220 M M 8 34 220
4 42 36 39 8 26 0 0.24 M M 7.6 22 220 M M 10 1 30 220
5 37 27 32 2 33 0 T M M 8.3 16 350 M M 10 12 21 340
6 31 21 26 -4 39 0 0.00 M M 8.4 14 290 M M 7 18 330
7 26 14 20 -10 45 0 T M M 3.3 10 340 M M 7 12 300
8 26 14 20 -9 45 0 0.00 M M 3.5 12 330 M M 6 8 13 340
9 37 26 32 3 33 0 0.51 M M 8.4 15 260 M M 10 1 23 210
10 38 29 34 6 31 0 0.00 M M 4.1 13 300 M M 9 15 300
11 49 28 39 11 26 0 0.00 M M 4.8 13 210 M M 0 20 210
12 52 34 43 15 22 0 0.06 M M 8.2 16 50 M M 5 18 22 160
13 51 31 41 14 24 0 0.06 M M 13.7 25 260 M M 10 36 260
14 36 29 33 6 32 0 0.05 M M 8.6 28 290 M M 9 1 37 300
15 29 11 20 -6 45 0 0.00 M M 11.0 25 290 M M 1 32 290
16 16 8 12 -14 53 0 T M M 13.5 21 50 M M 6 25 60
17 22 8 15 -11 50 0 T M M 11.4 18 40 M M 5 18 22 60
18 26 2 14 -11 51 0 0.00 M M 5.9 15 50 M M 0 19 50
19 33 4 19 -6 46 0 0.00 M M 3.2 10 230 M M 4 13 230
20 37 28 33 8 32 0 T M M 7.9 15 180 M M 10 1 24 190
21 42 35 39 15 26 0 0.02 M M 4.9 13 190 M M 10 1 18 190
22 38 21 30 6 35 0 0.03 M M 10.4 25 270 M M 8 1 35 260
23 43 20 32 8 33 0 0.00 M M 5.9 21 170 M M 8 33 180
24 54 40 47 24 18 0 1.10 M M 14.1 26 170 M M 8 1 40 200
25 52 30 41 18 24 0 0.53 M M 13.4 29 230 M M 10 1 40 220
26 30 23 27 4 38 0 0.28 M M 15.4 28 230 M M 10 12 38 220
27 34 23 29 7 36 0 T M M 3.1 12 340 M M 8 15 180
28 40 31 36 14 29 0 0.08 M M 15.1 26 230 M M 8 1 37 260
29 31 8 20 -2 45 0 0.00 M M 6.7 17 290 M M 6 21 280
30 40 10 25 3 40 0 0.09 M M 9.9 22 190 M M 8 34 170
31 38 30 34 12 31 0 0.04 M M 10.4 21 290 M M 9 1 27 190
================================================================================
SM 1154 719 1071 0 3.20 M 273.4 M 228
================================================================================
AV 37.2 23.2 8.8 FASTST M M 7 MAX(MPH)
MISC ----> 29 230 # 40 200
================================================================================
NOTES:
# LAST OF SEVERAL OCCURRENCES
COLUMN 17 PEAK WIND IN M.P.H.
PRELIMINARY LOCAL CLIMATOLOGICAL DATA (WS FORM: F-6) , PAGE 2
STATION: WATERTOWN NY
MONTH: DECEMBER
YEAR: 2020
LATITUDE: 43 59 N
LONGITUDE: 76 2 W
[TEMPERATURE DATA] [PRECIPITATION DATA] SYMBOLS USED IN COLUMN 16
AVERAGE MONTHLY: 30.2 TOTAL FOR MONTH: 3.20 1 = FOG OR MIST
DPTR FM NORMAL: 3.8 DPTR FM NORMAL: 0.05 2 = FOG REDUCING VISIBILITY
HIGHEST: 54 ON 24 GRTST 24HR 1.54 ON 24-25 TO 1/4 MILE OR LESS
LOWEST: 2 ON 18 3 = THUNDER
SNOW, ICE PELLETS, HAIL 4 = ICE PELLETS
TOTAL MONTH: M 5 = HAIL
GRTST 24HR M ON M 6 = FREEZING RAIN OR DRIZZLE
GRTST DEPTH: M ON M 7 = DUSTSTORM OR SANDSTORM:
VSBY 1/2 MILE OR LESS
8 = SMOKE OR HAZE
[NO. OF DAYS WITH] [WEATHER - DAYS WITH] 9 = BLOWING SNOW
X = TORNADO
MAX 32 OR BELOW: 9 0.01 INCH OR MORE: 15
MAX 90 OR ABOVE: 0 0.10 INCH OR MORE: 6
MIN 32 OR BELOW: 25 0.50 INCH OR MORE: 3
MIN 0 OR BELOW: 0 1.00 INCH OR MORE: 1
[HDD (BASE 65) ]
TOTAL THIS MO. 1071 CLEAR (SCALE 0-3) 3
DPTR FM NORMAL -126 PTCLDY (SCALE 4-7) 15
TOTAL FM JUL 1 2440 CLOUDY (SCALE 8-10) 13
DPTR FM NORMAL -355
[CDD (BASE 65) ]
TOTAL THIS MO. 0
DPTR FM NORMAL 0 [PRESSURE DATA]
TOTAL FM JAN 1 647 HIGHEST SLP 30.56 ON 29
DPTR FM NORMAL 285 LOWEST SLP 29.27 ON 25
[REMARKS]
#FINAL-12-20#