040
CXUS51 KBUF 011408
CF6ART
PRELIMINARY LOCAL CLIMATOLOGICAL DATA (WS FORM: F-6)
STATION: WATERTOWN NY
MONTH: AUGUST
YEAR: 2020
LATITUDE: 43 59 N
LONGITUDE: 76 2 W
TEMPERATURE IN F: :PCPN: SNOW: WIND :SUNSHINE: SKY :PK WND
================================================================================
1 2 3 4 5 6A 6B 7 8 9 10 11 12 13 14 15 16 17 18
12Z AVG MX 2MIN
DY MAX MIN AVG DEP HDD CDD WTR SNW DPTH SPD SPD DIR MIN PSBL S-S WX SPD DR
================================================================================
1 86 57 72 3 0 7 0.00 M M 3.8 13 260 M M 1 17 230
2 89 67 78 9 0 13 0.91 M M 9.3 29 220 M M 7 1 41 220
3 78 66 72 3 0 7 0.26 M M 10.6 28 220 M M 6 1 38 260
4 73 65 69 0 0 4 0.56 M M 4.6 13 60 M M 7 1 28 20
5 74 57 66 -2 0 1 0.91 M M 11.9 25 220 M M 4 13 47 220
6 74 48 61 -7 4 0 0.00 M M 3.8 12 260 M M 0 15 260
7 81 47 64 -4 1 0 0.00 M M 2.4 9 310 M M 1 14 310
8 83 57 70 2 0 5 0.00 M M 3.9 12 270 M M 1 1 15 270
9 81 65 73 5 0 8 T M M 5.9 15 230 M M 4 20 230
10 84 66 75 7 0 10 0.01 M M 4.9 15 270 M M 2 18 18 200
11 89 66 78 10 0 13 T M M 6.8 20 260 M M 2 18 31 260
12 81 57 69 1 0 4 0.00 M M 4.9 14 270 M M 0 17 260
13 88 59 74 6 0 9 0.00 M M 3.0 13 30 M M 1 15 30
14 85 58 72 4 0 7 0.00 M M 8.6 18 20 M M 0 24 30
15 87 56 72 4 0 7 0.00 M M 4.6 10 60 M M 2 3 13 50
16 82 65 74 7 0 9 0.15 M M 6.3 20 290 M M 4 13 23 290
17 77 60 69 2 0 4 0.18 M M 6.0 16 270 M M 5 123 23 250
18 76 57 67 0 0 2 0.12 M M 5.7 17 20 M M 3 13 22 260
19 73 50 62 -5 3 0 T M M 4.5 14 280 M M 5 12 18 280
20 76 46 61 -6 4 0 0.00 M M M M M M M 1 1 M M
21 78 62 70 3 0 5 0.07 M M 6.6 15 240 M M 4 12 20 260
22 81 61 71 5 0 6 0.00 M M 3.0 12 260 M M 4 1 15 260
23 84 63 74 8 0 9 0.00 M M 4.7 14 270 M M 1 18 16 270
24 85 63 74 8 0 9 0.00 M M 7.2 16 230 M M 0 1 23 230
25 85 57 71 5 0 6 0.01 M M 11.9 29 280 M M 4 138 36 290
26 68 42 55 -11 10 0 T M M 4.8 15 260 M M 1 18 20 220
27 69 59 64 -2 1 0 1.02 M M 5.5 13 20 M M 10 12 15 20
28 71 57 64 -1 1 0 0.00 M M 2.3 9 40 M M 8 18 13 280
29 79 62 71 6 0 6 0.55 M M 12.0 30 270 M M 8 138 39 260
30 71 50 61 -4 4 0 0.01 M M 6.5 16 330 M M 6 1 22 350
31 76 46 61 -4 4 0 0.00 M M 4.5 12 170 M M 2 1 18 160
================================================================================
SM 2464 1791 32 151 4.76 M 180.5 M 104
================================================================================
AV 79.5 57.8 6.0 FASTST M M 3 MAX(MPH)
MISC ----> # 30 270 # 47 220
================================================================================
NOTES:
# LAST OF SEVERAL OCCURRENCES
COLUMN 17 PEAK WIND IN M.P.H.
PRELIMINARY LOCAL CLIMATOLOGICAL DATA (WS FORM: F-6) , PAGE 2
STATION: WATERTOWN NY
MONTH: AUGUST
YEAR: 2020
LATITUDE: 43 59 N
LONGITUDE: 76 2 W
[TEMPERATURE DATA] [PRECIPITATION DATA] SYMBOLS USED IN COLUMN 16
AVERAGE MONTHLY: 68.6 TOTAL FOR MONTH: 4.76 1 = FOG OR MIST
DPTR FM NORMAL: 1.5 DPTR FM NORMAL: 1.61 2 = FOG REDUCING VISIBILITY
HIGHEST: 89 ON 11, 2 GRTST 24HR 1.02 ON 27-27 TO 1/4 MILE OR LESS
LOWEST: 42 ON 26 3 = THUNDER
SNOW, ICE PELLETS, HAIL 4 = ICE PELLETS
TOTAL MONTH: M 5 = HAIL
GRTST 24HR M ON M 6 = FREEZING RAIN OR DRIZZLE
GRTST DEPTH: M ON M 7 = DUSTSTORM OR SANDSTORM:
VSBY 1/2 MILE OR LESS
8 = SMOKE OR HAZE
[NO. OF DAYS WITH] [WEATHER - DAYS WITH] 9 = BLOWING SNOW
X = TORNADO
MAX 32 OR BELOW: 0 0.01 INCH OR MORE: 13
MAX 90 OR ABOVE: 0 0.10 INCH OR MORE: 9
MIN 32 OR BELOW: 0 0.50 INCH OR MORE: 5
MIN 0 OR BELOW: 0 1.00 INCH OR MORE: 1
[HDD (BASE 65) ]
TOTAL THIS MO. 32 CLEAR (SCALE 0-3) 15
DPTR FM NORMAL -14 PTCLDY (SCALE 4-7) 14
TOTAL FM JUL 1 32 CLOUDY (SCALE 8-10) 2
DPTR FM NORMAL -40
[CDD (BASE 65) ]
TOTAL THIS MO. 151
DPTR FM NORMAL 39 [PRESSURE DATA]
TOTAL FM JAN 1 601 HIGHEST SLP 30.17 ON 7
DPTR FM NORMAL 277 LOWEST SLP 29.34 ON 29
[REMARKS]
#FINAL-08-20#