000
CXUS51 KBUF 010905
CF6ART
PRELIMINARY LOCAL CLIMATOLOGICAL DATA (WS FORM: F-6)
STATION: WATERTOWN NY
MONTH: MARCH
YEAR: 2020
LATITUDE: 43 59 N
LONGITUDE: 76 2 W
TEMPERATURE IN F: :PCPN: SNOW: WIND :SUNSHINE: SKY :PK WND
================================================================================
1 2 3 4 5 6A 6B 7 8 9 10 11 12 13 14 15 16 17 18
12Z AVG MX 2MIN
DY MAX MIN AVG DEP HDD CDD WTR SNW DPTH SPD SPD DIR MIN PSBL S-S WX SPD DR
================================================================================
1 33 -9 12 -13 53 0 0.00 M M 2.7 10 270 M M 3 12 230
2 44 30 37 12 28 0 0.44 M M 9.7 24 160 M M 10 12 35 160
3 49 33 41 16 24 0 0.49 M M 6.9 25 230 M M 9 128 36 220
4 40 33 37 11 28 0 0.02 M M 10.9 17 280 M M 10 18 26 260
5 38 28 33 7 32 0 0.00 M M 7.5 17 260 M M 6 21 260
6 40 28 34 8 31 0 T M M 13.8 28 30 M M 5 128 35 30
7 31 19 25 -2 40 0 0.00 M M 9.0 20 20 M M 1 25 20
8 50 28 39 12 26 0 0.00 0.0 0 8.2 17 250 M M 3 25 200
9 61 47 54 26 11 0 0.00 M M 9.9 21 220 M M 3 27 220
10 55 31 43 15 22 0 0.49 M M 9.4 20 180 M M 10 12 29 190
11 34 21 28 0 37 0 0.00 0.0 0 7.2 14 60 M M 3 16 40
12 52 28 40 11 25 0 0.00 0.0 0 5.9 20 160 M M 8 28 180
13 51 36 44 15 21 0 0.33 M M 18.5 28 230 M M 9 1 52 220
14 41 31 36 6 29 0 0.00 0.0 0 11.5 22 280 M M 4 30 280
15 35 18 27 -3 38 0 0.00 0.0 0 8.7 15 20 M M 0 22 340
16 45 14 30 0 35 0 0.00 M M 4.4 12 180 M M 0 8 20 160
17 43 33 38 7 27 0 0.06 M M 13.4 23 230 M M 7 18 33 230
18 42 19 31 0 34 0 0.00 M M 4.8 15 40 M M 2 18 40
19 52 37 45 13 20 0 T M M 5.1 13 160 M M 10 1 20 170
20 67 32 50 18 15 0 0.19 M M 16.1 35 240 M M 9 18 52 260
21 33 17 25 -8 40 0 0.00 M M 9.0 18 340 M M 2 25 30
22 40 12 26 -7 39 0 0.00 M M 7.1 14 50 M M 0 19 40
23 37 31 34 0 31 0 0.08 M M 7.4 20 160 M M 9 128 27 150
24 42 32 37 3 28 0 0.00 M M 3.2 9 260 M M 10 1 11 260
25 47 27 37 3 28 0 0.02 M M 4.7 12 160 M M 6 19 150
26 60 38 49 14 16 0 0.01 M M 8.7 22 270 M M 7 1 29 280
27 43 23 33 -2 32 0 0.00 M M 4.4 13 270 M M 5 1 16 270
28 53 22 38 2 27 0 T M M 5.2 15 80 M M 5 1 22 90
29 60 45 53 17 12 0 0.22 M M 10.4 25 220 M M 9 13 38 170
30 50 41 46 9 19 0 0.10 M M 9.1 18 240 M M 9 1 26 230
31 50 32 41 4 24 0 0.01 M M 9.0 21 10 M M 8 1 25 50
================================================================================
SM 1418 857 872 0 2.46 0.0 261.8 M 182
================================================================================
AV 45.7 27.7 8.4 FASTST M M 6 MAX(MPH)
MISC ----> # 35 240 # 52 220
================================================================================
NOTES:
# LAST OF SEVERAL OCCURRENCES
COLUMN 17 PEAK WIND IN M.P.H.
PRELIMINARY LOCAL CLIMATOLOGICAL DATA (WS FORM: F-6) , PAGE 2
STATION: WATERTOWN NY
MONTH: MARCH
YEAR: 2020
LATITUDE: 43 59 N
LONGITUDE: 76 2 W
[TEMPERATURE DATA] [PRECIPITATION DATA] SYMBOLS USED IN COLUMN 16
AVERAGE MONTHLY: 36.7 TOTAL FOR MONTH: 2.46 1 = FOG OR MIST
DPTR FM NORMAL: 6.1 DPTR FM NORMAL: 0.16 2 = FOG REDUCING VISIBILITY
HIGHEST: 67 ON 20 GRTST 24HR 0.49 ON 10-10 TO 1/4 MILE OR LESS
LOWEST: -9 ON 1 3 = THUNDER
SNOW, ICE PELLETS, HAIL 4 = ICE PELLETS
TOTAL MONTH: 0.0 INCH 5 = HAIL
GRTST 24HR 0.0 6 = FREEZING RAIN OR DRIZZLE
GRTST DEPTH: 0 7 = DUSTSTORM OR SANDSTORM:
VSBY 1/2 MILE OR LESS
8 = SMOKE OR HAZE
[NO. OF DAYS WITH] [WEATHER - DAYS WITH] 9 = BLOWING SNOW
X = TORNADO
MAX 32 OR BELOW: 1 0.01 INCH OR MORE: 13
MAX 90 OR ABOVE: 0 0.10 INCH OR MORE: 7
MIN 32 OR BELOW: 22 0.50 INCH OR MORE: 0
MIN 0 OR BELOW: 1 1.00 INCH OR MORE: 0
[HDD (BASE 65) ]
TOTAL THIS MO. 872 CLEAR (SCALE 0-3) 8
DPTR FM NORMAL -194 PTCLDY (SCALE 4-7) 11
TOTAL FM JUL 1 6004 CLOUDY (SCALE 8-10) 12
DPTR FM NORMAL -503
[CDD (BASE 65) ]
TOTAL THIS MO. 0
DPTR FM NORMAL 0 [PRESSURE DATA]
TOTAL FM JAN 1 0 HIGHEST SLP 30.76 ON 22
DPTR FM NORMAL 0 LOWEST SLP 29.29 ON 3
[REMARKS]
#FINAL-03-20#