000
CXUS52 KFFC 011010
CF6ATL
PRELIMINARY LOCAL CLIMATOLOGICAL DATA (WS FORM: F-6)
STATION: ATLANTA
MONTH: MAY
YEAR: 2021
LATITUDE: 33 39 N
LONGITUDE: 84 26 W
TEMPERATURE IN F: :PCPN: SNOW: WIND :SUNSHINE: SKY :PK WND
================================================================================
1 2 3 4 5 6A 6B 7 8 9 10 11 12 13 14 15 16 17 18
12Z AVG MX 2MIN
DY MAX MIN AVG DEP HDD CDD WTR SNW DPTH SPD SPD DIR MIN PSBL S-S WX SPD DR
================================================================================
1 78 55 67 0 0 2 0.00 0.0 0 6.9 14 10 M M 5 19 10
2 81 62 72 4 0 7 0.00 0.0 0 7.4 16 190 M M 8 24 180
3 79 68 74 6 0 9 1.91 0.0 M 8.1 18 290 M M 9 13 30 200
4 78 64 71 3 0 6 1.89 0.0 M 8.2 25 350 M M 9 13 34 340
5 78 60 69 1 0 4 0.00 0.0 M 11.5 21 320 M M 7 27 250
6 72 51 62 -7 3 0 0.00 0.0 M 11.5 29 320 M M 2 37 320
7 69 50 60 -9 5 0 0.00 0.0 M 12.3 28 320 M M 2 35 310
8 77 51 64 -5 1 0 0.00 0.0 M 6.2 14 270 M M 4 22 310
9 83 56 70 1 0 5 0.01 0.0 M 10.0 22 220 M M 5 35 220
10 77 63 70 0 0 5 0.39 0.0 M 8.7 25 340 M M 9 13 32 340
11 78 63 71 1 0 6 0.00 0.0 M 6.4 14 360 M M 8 18 330
12 67 49 58 -12 7 0 0.61 M M 10.7 24 60 M M 10 1 31 70
13 70 48 59 -11 6 0 0.00 0.0 M 6.8 15 60 M M 3 21 70
14 74 52 63 -8 2 0 0.00 0.0 M 3.5 12 70 M M 4 20 50
15 76 53 65 -6 0 0 0.00 0.0 M 3.5 10 220 M M 4 15 200
16 79 56 68 -3 0 3 0.00 0.0 0 4.6 13 190 M M 4 19 150
17 79 59 69 -3 0 4 0.00 0.0 M 7.1 15 150 M M 5 21 150
18 78 63 71 -1 0 6 T 0.0 M 10.3 18 110 M M 8 28 100
19 81 64 73 1 0 8 0.00 0.0 M 11.6 21 90 M M 7 30 110
20 81 62 72 0 0 7 0.00 0.0 0 10.7 22 100 M M 6 32 100
21 84 59 72 0 0 7 0.00 0.0 M 8.5 17 90 M M 5 25 90
22 84 64 74 1 0 9 0.00 0.0 0 4.8 13 40 M M 7 17 100
23 90 65 78 5 0 13 0.00 0.0 M 6.4 15 320 M M 4 20 290
24 91 67 79 6 0 14 0.00 0.0 M 5.8 12 330 M M 6 19 340
25 91 72 82 8 0 17 0.00 0.0 M 4.1 14 230 M M 4 21 230
26 88 69 79 5 0 14 0.00 0.0 M 7.5 17 270 M M 3 26 200
27 87 69 78 4 0 13 0.09 0.0 M 6.8 18 240 M M 6 28 240
28 84 67 76 2 0 11 0.25 0.0 M 9.5 29 280 M M 7 138 38 280
29 75 59 67 -7 0 2 0.00 0.0 M 12.4 21 340 M M 7 1 29 340
30 77 54 66 -9 0 1 0.00 0.0 M 9.1 20 340 M M 3 29 340
31 80 59 70 -5 0 5 0.00 0.0 M 7.3 13 160 M M 5 19 170
================================================================================
SM 2466 1853 24 178 5.15 0.0 248.2 M 176
================================================================================
AV 79.5 59.8 8.0 FASTST M M 6 MAX(MPH)
MISC ----> # 29 320 38 280
================================================================================
NOTES:
# LAST OF SEVERAL OCCURRENCES
COLUMN 17 PEAK WIND IN M.P.H.
PRELIMINARY LOCAL CLIMATOLOGICAL DATA (WS FORM: F-6) , PAGE 2
STATION: ATLANTA
MONTH: MAY
YEAR: 2021
LATITUDE: 33 39 N
LONGITUDE: 84 26 W
[TEMPERATURE DATA] [PRECIPITATION DATA] SYMBOLS USED IN COLUMN 16
AVERAGE MONTHLY: 69.7 TOTAL FOR MONTH: 5.15 1 = FOG OR MIST
DPTR FM NORMAL: -1.5 DPTR FM NORMAL: 1.59 2 = FOG REDUCING VISIBILITY
HIGHEST: 91 ON 25,24 GRTST 24HR 1.91 ON 3- 3 TO 1/4 MILE OR LESS
LOWEST: 48 ON 13 3 = THUNDER
SNOW, ICE PELLETS, HAIL 4 = ICE PELLETS
TOTAL MONTH: 0.0 INCH 5 = HAIL
GRTST 24HR 0.0 6 = FREEZING RAIN OR DRIZZLE
GRTST DEPTH: 0 7 = DUSTSTORM OR SANDSTORM:
VSBY 1/2 MILE OR LESS
8 = SMOKE OR HAZE
[NO. OF DAYS WITH] [WEATHER - DAYS WITH] 9 = BLOWING SNOW
X = TORNADO
MAX 32 OR BELOW: 0 0.01 INCH OR MORE: 7
MAX 90 OR ABOVE: 3 0.10 INCH OR MORE: 5
MIN 32 OR BELOW: 0 0.50 INCH OR MORE: 3
MIN 0 OR BELOW: 0 1.00 INCH OR MORE: 2
[HDD (BASE 65) ]
TOTAL THIS MO. 24 CLEAR (SCALE 0-3) 4
DPTR FM NORMAL 2 PTCLDY (SCALE 4-7) 22
TOTAL FM JUL 1 2208 CLOUDY (SCALE 8-10) 5
DPTR FM NORMAL -318
[CDD (BASE 65) ]
TOTAL THIS MO. 178
DPTR FM NORMAL -36 [PRESSURE DATA]
TOTAL FM JAN 1 268 HIGHEST SLP 30.43 ON 21
DPTR FM NORMAL -30 LOWEST SLP 29.80 ON 28
[REMARKS]
#FINAL-05-21#