000
CXUS54 KEWX 011236
CF6ATT
PRELIMINARY LOCAL CLIMATOLOGICAL DATA (WS FORM: F-6)
STATION: AUSTIN CAMP MABRY
MONTH: AUGUST
YEAR: 2021
LATITUDE: 30 17 N
LONGITUDE: 97 42 W
TEMPERATURE IN F: :PCPN: SNOW: WIND :SUNSHINE: SKY :PK WND
================================================================================
1 2 3 4 5 6A 6B 7 8 9 10 11 12 13 14 15 16 17 18
12Z AVG MX 2MIN
DY MAX MIN AVG DEP HDD CDD WTR SNW DPTH SPD SPD DIR MIN PSBL S-S WX SPD DR
================================================================================
1 101 78 90 3 0 25 T 0.0 0 3.0 13 310 M M 2 3 24 310
2 86 74 80 -7 0 15 0.81 0.0 0 2.1 12 360 M M 6 13 19 350
3 93 75 84 -3 0 19 T 0.0 0 3.1 10 350 M M 7 1 18 350
4 92 74 83 -4 0 18 0.00 0.0 0 3.6 10 130 M M 3 20 140
5 86 77 82 -5 0 17 0.03 0.0 0 3.4 10 150 M M 4 18 16 140
6 92 75 84 -3 0 19 0.10 0.0 0 3.4 14 140 M M 6 3 26 140
7 96 76 86 -1 0 21 0.00 0.0 0 5.5 13 150 M M 4 23 150
8 98 78 88 1 0 23 0.00 0.0 0 6.7 14 160 M M 4 28 190
9 99 79 89 2 0 24 0.00 0.0 0 6.8 15 140 M M 5 28 140
10 99 77 88 1 0 23 0.00 0.0 0 6.4 13 160 M M 4 26 150
11 99 77 88 1 0 23 0.00 0.0 0 5.5 13 160 M M 4 25 160
12 99 77 88 1 0 23 0.00 0.0 0 4.7 13 140 M M 3 22 150
13 99 76 88 1 0 23 0.00 0.0 0 3.2 12 150 M M 2 22 130
14 99 76 88 1 0 23 0.00 0.0 0 2.5 12 20 M M 1 21 60
15 94 72 83 -4 0 18 2.40 0.0 0 1.1 16 10 M M 3 123 27 350
16 94 71 83 -4 0 18 0.00 0.0 0 2.1 9 130 M M 1 1 15 150
17 93 75 84 -3 0 19 T 0.0 0 3.3 9 150 M M 3 18 140
18 95 80 88 1 0 23 T 0.0 0 6.0 14 140 M M 6 38 25 150
19 97 80 89 3 0 24 0.00 0.0 0 6.4 14 140 M M 4 25 140
20 95 78 87 1 0 22 0.00 0.0 0 6.2 13 130 M M 3 23 160
21 98 78 88 2 0 23 0.00 0.0 0 5.0 13 140 M M 3 24 140
22 98 75 87 1 0 22 0.00 0.0 0 2.8 12 130 M M 2 19 140
23 97 74 86 0 0 21 0.00 0.0 0 3.7 12 140 M M 0 21 160
24 98 76 87 1 0 22 0.00 0.0 0 3.4 12 140 M M 1 19 160
25 98 76 87 1 0 22 0.00 0.0 0 3.2 10 140 M M 0 16 160
26 100 77 89 4 0 24 0.00 0.0 0 1.7 13 140 M M 2 3 24 130
27 90 76 83 -2 0 18 0.06 0.0 0 3.0 15 120 M M 3 23 120
28 94 75 85 0 0 20 0.20 0.0 0 1.9 13 140 M M 2 3 24 80
29 96 76 86 1 0 21 0.00 0.0 0 2.1 7 80 M M 5 16 50
30 96 75 86 1 0 21 0.00 0.0 0 1.1 9 360 M M 3 19 360
31 100 75 88 4 0 23 0.00 0.0 0 2.1 9 150 M M 0 17 180
================================================================================
SM 2971 2358 0 657 3.60 0.0 115.0 M 96
================================================================================
AV 95.8 76.1 3.7 FASTST M M 3 MAX(MPH)
MISC ----> 16 10 # 28 190
================================================================================
NOTES:
# LAST OF SEVERAL OCCURRENCES
COLUMN 17 PEAK WIND IN M.P.H.
PRELIMINARY LOCAL CLIMATOLOGICAL DATA (WS FORM: F-6) , PAGE 2
STATION: AUSTIN CAMP MABRY
MONTH: AUGUST
YEAR: 2021
LATITUDE: 30 17 N
LONGITUDE: 97 42 W
[TEMPERATURE DATA] [PRECIPITATION DATA] SYMBOLS USED IN COLUMN 16
AVERAGE MONTHLY: 86.0 TOTAL FOR MONTH: 3.60 1 = FOG OR MIST
DPTR FM NORMAL: -0.5 DPTR FM NORMAL: 0.86 2 = FOG REDUCING VISIBILITY
HIGHEST: 101 ON 1 GRTST 24HR 2.40 ON 15-15 TO 1/4 MILE OR LESS
LOWEST: 71 ON 16 3 = THUNDER
SNOW, ICE PELLETS, HAIL 4 = ICE PELLETS
TOTAL MONTH: 0.0 INCH 5 = HAIL
GRTST 24HR 0.0 6 = FREEZING RAIN OR DRIZZLE
GRTST DEPTH: 0 7 = DUSTSTORM OR SANDSTORM:
VSBY 1/2 MILE OR LESS
8 = SMOKE OR HAZE
[NO. OF DAYS WITH] [WEATHER - DAYS WITH] 9 = BLOWING SNOW
X = TORNADO
MAX 32 OR BELOW: 0 0.01 INCH OR MORE: 6
MAX 90 OR ABOVE: 29 0.10 INCH OR MORE: 4
MIN 32 OR BELOW: 0 0.50 INCH OR MORE: 2
MIN 0 OR BELOW: 0 1.00 INCH OR MORE: 1
[HDD (BASE 65) ]
TOTAL THIS MO. 0 CLEAR (SCALE 0-3) 16
DPTR FM NORMAL 0 PTCLDY (SCALE 4-7) 15
TOTAL FM JUL 1 0 CLOUDY (SCALE 8-10) 0
DPTR FM NORMAL 0
[CDD (BASE 65) ]
TOTAL THIS MO. 657
DPTR FM NORMAL -8 [PRESSURE DATA]
TOTAL FM JAN 1 2425 HIGHEST SLP 30.13 ON 14
DPTR FM NORMAL -75 LOWEST SLP 29.67 ON 31
[REMARKS]
#FINAL-08-21#