000
CXUS53 KGRB 051605
CF6ATW
PRELIMINARY LOCAL CLIMATOLOGICAL DATA (WS FORM: F-6)
STATION: APPLETON WI
MONTH: MAY
YEAR: 2022
LATITUDE: 44 16 N
LONGITUDE: 88 31 W
TEMPERATURE IN F: :PCPN: SNOW: WIND :SUNSHINE: SKY :PK WND
================================================================================
1 2 3 4 5 6A 6B 7 8 9 10 11 12 13 14 15 16 17 18
12Z AVG MX 2MIN
DY MAX MIN AVG DEP HDD CDD WTR SNW DPTH SPD SPD DIR MIN PSBL S-S WX SPD DR
================================================================================
1 48 45 47 -5 18 0 M M M 12.5 18 220 M M 10 1 24 190
2 50 43 47 -5 18 0 M M M 8.6 13 260 M M 10 17 250
3 48 37 43 -10 22 0 M M M 10.3 17 30 M M 8 26 30
4 57 32 45 -8 20 0 M M M 6.8 13 40 M M 3 18 40
5 59 34 47 -7 18 0 M M M 5.6 10 140 M M 3 M M
6 64 43 54 0 11 0 M M M 10.0 16 40 M M 5 24 60
7 66 41 54 0 11 0 M M M 7.4 12 120 M M 0 18 30
8 57 45 51 -4 14 0 M M M 10.9 17 160 M M 5 23 160
9 72 48 60 5 5 0 M M M 17.8 30 140 M M 6 41 150
10 82 63 73 18 0 8 0.07 M M 7.9 18 170 M M 6 38 26 170
11 75 63 69 13 0 4 M M M 9.2 15 40 M M 7 18 18 30
12 90 63 77 21 0 12 M M M 11.1 20 160 M M 6 18 26 160
13 90 61 76 20 0 11 0.01 M M 12.1 23 160 M M 4 3 26 170
14 82 59 71 14 0 6 M M M 6.3 10 20 M M 5 M M
15 72 55 64 7 1 0 M M M 8.0 13 270 M M 5 20 270
16 72 48 60 3 5 0 M M M 13.2 28 270 M M 3 37 270
17 66 43 55 -3 10 0 M M M 6.6 18 120 M M 3 26 120
18 63 46 55 -3 10 0 0.12 M M 6.4 12 130 M M 8 18 360
19 72 50 61 3 4 0 0.28 M M 8.8 16 60 M M 5 13 18 90
20 66 54 60 1 5 0 0.02 M M 9.5 17 190 M M 9 1 26 160
21 61 46 54 -5 11 0 M M M 6.2 14 330 M M 5 M M
22 55 43 49 -10 16 0 M M M 8.1 17 300 M M 8 30 280
23 57 41 49 -11 16 0 M M M 5.7 9 110 M M 6 M M
24 64 39 52 -8 13 0 M M M 6.1 14 150 M M 5 16 70
25 57 52 55 -5 10 0 0.02 M M 8.1 12 70 M M 10 1 23 80
26 70 52 61 0 4 0 0.06 M M 6.6 13 10 M M 9 1 18 10
27 66 50 58 -3 7 0 M M M 9.3 16 360 M M 6 1 20 10
28 68 50 59 -2 6 0 M M M 7.0 13 150 M M 6 M M
29 73 55 64 2 1 0 M M M 11.9 22 150 M M 5 30 150
30 86 68 77 15 0 12 M M M 13.8 21 180 M M 4 28 180
31 82 63 73 11 0 8 M M M 16.0 28 240 M M 5 33 210
================================================================================
SM 2090 1532 256 61 0.58 M 287.7 M 180
================================================================================
AV 67.4 49.4 9.3 FASTST M M 6 MAX(MPH)
MISC ----> 30 140 41 150
================================================================================
NOTES:
# LAST OF SEVERAL OCCURRENCES
COLUMN 17 PEAK WIND IN M.P.H.
PRELIMINARY LOCAL CLIMATOLOGICAL DATA (WS FORM: F-6) , PAGE 2
STATION: APPLETON WI
MONTH: MAY
YEAR: 2022
LATITUDE: 44 16 N
LONGITUDE: 88 31 W
[TEMPERATURE DATA] [PRECIPITATION DATA] SYMBOLS USED IN COLUMN 16
AVERAGE MONTHLY: 58.4 TOTAL FOR MONTH: 0.58 1 = FOG OR MIST
DPTR FM NORMAL: 1.1 DPTR FM NORMAL: -2.62 2 = FOG REDUCING VISIBILITY
HIGHEST: 90 ON 13,12 GRTST 24HR 0.28 ON 19-19 TO 1/4 MILE OR LESS
LOWEST: 32 ON 4 3 = THUNDER
SNOW, ICE PELLETS, HAIL 4 = ICE PELLETS
TOTAL MONTH: M 5 = HAIL
GRTST 24HR M ON M 6 = FREEZING RAIN OR DRIZZLE
GRTST DEPTH: M ON M 7 = DUSTSTORM OR SANDSTORM:
VSBY 1/2 MILE OR LESS
8 = SMOKE OR HAZE
[NO. OF DAYS WITH] [WEATHER - DAYS WITH] 9 = BLOWING SNOW
X = TORNADO
MAX 32 OR BELOW: 0 0.01 INCH OR MORE: 7
MAX 90 OR ABOVE: 2 0.10 INCH OR MORE: 2
MIN 32 OR BELOW: 1 0.50 INCH OR MORE: 0
MIN 0 OR BELOW: 0 1.00 INCH OR MORE: 0
[HDD (BASE 65) ]
TOTAL THIS MO. 256 CLEAR (SCALE 0-3) 3
DPTR FM NORMAL -13 PTCLDY (SCALE 4-7) 22
TOTAL FM JUL 1 7325 CLOUDY (SCALE 8-10) 6
DPTR FM NORMAL -241
[CDD (BASE 65) ]
TOTAL THIS MO. 61
DPTR FM NORMAL 29 [PRESSURE DATA]
TOTAL FM JAN 1 61 HIGHEST SLP M ON M
DPTR FM NORMAL 26 LOWEST SLP M ON M
[REMARKS]
#FINAL-05-22#