000
CXUS54 KBMX 011010
CF6AUO
PRELIMINARY LOCAL CLIMATOLOGICAL DATA (WS FORM: F-6)
STATION: AUBURN AWOS
MONTH: SEPTEMBER
YEAR: 2020
LATITUDE: 32 34 N
LONGITUDE: 85 30 W
TEMPERATURE IN F: :PCPN: SNOW: WIND :SUNSHINE: SKY :PK WND
================================================================================
1 2 3 4 5 6A 6B 7 8 9 10 11 12 13 14 15 16 17 18
12Z AVG MX 2MIN
DY MAX MIN AVG DEP HDD CDD WTR SNW DPTH SPD SPD DIR MIN PSBL S-S WX SPD DR
================================================================================
1 90 73 82 M 0 17 0.00 0.0 0 4.1 9 230 M M 4 12 M M
2 89 75 82 M 0 17 0.00 0.0 0 5.1 9 220 M M 4 M M
3 90 72 81 M 0 16 0.00 0.0 0 3.9 10 260 M M 1 12 M M
4 93 71 82 M 0 17 0.00 0.0 0 4.8 10 310 M M 0 M M
5 90 70 80 M 0 15 0.00 0.0 0 8.0 13 350 M M 0 16 350
6 88 66 77 M 0 12 0.00 0.0 0 8.2 12 80 M M 0 17 80
7 88 64 76 M 0 11 0.00 0.0 0 6.5 10 80 M M 1 16 80
8 89 68 79 M 0 14 0.00 0.0 0 6.8 12 60 M M 2 16 60
9 88 66 77 M 0 12 0.00 0.0 0 7.3 14 40 M M 4 M M
10 89 73 81 M 0 16 0.04 0.0 0 6.3 10 80 M M 6 13 M M
11 92 73 83 M 0 18 0.32 0.0 0 6.2 8 360 M M 4 13 M M
12 90 73 82 M 0 17 0.01 0.0 0 6.7 13 90 M M 5 16 120
13 90 72 81 M 0 16 T 0.0 0 9.3 14 90 M M 4 18 90
14 88 72 80 M 0 15 0.00 0.0 0 8.8 13 80 M M 4 18 80
15 83 70 77 M 0 12 0.01 0.0 0 11.6 16 80 M M 8 18 24 80
16 71 66 69 M 0 4 4.41 0.0 0 18.1 24 60 M M 10 1 37 40
17 79 68 74 M 0 9 0.82 0.0 0 6.7 14 10 M M 7 1 18 20
18 82 67 75 M 0 10 0.00 0.0 0 6.6 10 40 M M 2 17 20
19 71 62 67 M 0 2 T 0.0 0 9.0 17 80 M M 1 M M
20 73 58 66 M 0 1 0.00 0.0 0 11.4 18 60 M M 0 28 70
21 72 58 65 M 0 0 0.00 0.0 0 12.1 17 60 M M 0 25 70
22 72 55 64 M 1 0 T 0.0 0 7.3 12 80 M M 2 16 60
23 79 62 71 M 0 6 0.00 0.0 0 5.5 9 100 M M 4 M M
24 72 65 69 M 0 4 0.70 0.0 0 9.8 18 150 M M 10 1 25 150
25 76 68 72 M 0 7 M 0.0 M 5.2 10 190 M M 10 M M
26 82 66 74 M 0 9 M 0.0 M 2.3 8 320 M M 6 M M
27 82 68 75 M 0 10 0.05 0.0 M 6.2 14 170 M M 6 17 150
28 84 65 75 M 0 10 0.25 0.0 M 6.6 14 240 M M 7 13 31 240
29 65 54 60 M 5 0 0.16 0.0 M 6.7 13 350 M M 7 1 18 340
30 74 50 62 M 3 0 0.00 0.0 M 3.8 9 300 M M 0 M M
================================================================================
SM 2471 1990 9 297 6.77 0.0 220.9 M 119
================================================================================
AV 82.4 66.3 7.4 FASTST M M 4 MAX(MPH)
MISC ----> 24 60 37 40
================================================================================
NOTES:
# LAST OF SEVERAL OCCURRENCES
COLUMN 17 PEAK WIND IN M.P.H.
PRELIMINARY LOCAL CLIMATOLOGICAL DATA (WS FORM: F-6) , PAGE 2
STATION: AUBURN AWOS
MONTH: SEPTEMBER
YEAR: 2020
LATITUDE: 32 34 N
LONGITUDE: 85 30 W
[TEMPERATURE DATA] [PRECIPITATION DATA] SYMBOLS USED IN COLUMN 16
AVERAGE MONTHLY: 74.4 TOTAL FOR MONTH: 6.77 1 = FOG OR MIST
DPTR FM NORMAL: 0.0 DPTR FM NORMAL: M 2 = FOG REDUCING VISIBILITY
HIGHEST: 93 ON 4 GRTST 24HR 4.41 ON 16-16 TO 1/4 MILE OR LESS
LOWEST: 50 ON 30 3 = THUNDER
SNOW, ICE PELLETS, HAIL 4 = ICE PELLETS
TOTAL MONTH: 0.0 INCH 5 = HAIL
GRTST 24HR 0.0 6 = FREEZING RAIN OR DRIZZLE
GRTST DEPTH: 0 7 = DUSTSTORM OR SANDSTORM:
VSBY 1/2 MILE OR LESS
8 = SMOKE OR HAZE
[NO. OF DAYS WITH] [WEATHER - DAYS WITH] 9 = BLOWING SNOW
X = TORNADO
MAX 32 OR BELOW: 0 0.01 INCH OR MORE: 10
MAX 90 OR ABOVE: 7 0.10 INCH OR MORE: 6
MIN 32 OR BELOW: 0 0.50 INCH OR MORE: 3
MIN 0 OR BELOW: 0 1.00 INCH OR MORE: 1
[HDD (BASE 65) ]
TOTAL THIS MO. 9 CLEAR (SCALE 0-3) 12
DPTR FM NORMAL M PTCLDY (SCALE 4-7) 15
TOTAL FM JUL 1 9 CLOUDY (SCALE 8-10) 3
DPTR FM NORMAL M
[CDD (BASE 65) ]
TOTAL THIS MO. 297
DPTR FM NORMAL M [PRESSURE DATA]
TOTAL FM JAN 1 1938 HIGHEST SLP M ON M
DPTR FM NORMAL M LOWEST SLP M ON M
[REMARKS]
#FINAL-09-20#