000
CXUS54 KBMX 011110
CF6AUO
PRELIMINARY LOCAL CLIMATOLOGICAL DATA (WS FORM: F-6)
STATION: AUBURN AWOS
MONTH: FEBRUARY
YEAR: 2020
LATITUDE: 32 34 N
LONGITUDE: 85 30 W
TEMPERATURE IN F: :PCPN: SNOW: WIND :SUNSHINE: SKY :PK WND
================================================================================
1 2 3 4 5 6A 6B 7 8 9 10 11 12 13 14 15 16 17 18
12Z AVG MX 2MIN
DY MAX MIN AVG DEP HDD CDD WTR SNW DPTH SPD SPD DIR MIN PSBL S-S WX SPD DR
================================================================================
1 51 40 46 M 19 0 0.01 0.0 0 4.2 9 310 M M 9 1 M M
2 63 34 49 M 16 0 0.00 0.0 0 7.0 15 240 M M 0 1 17 250
3 74 42 58 M 7 0 0.00 0.0 0 6.5 13 180 M M 0 M M
4 71 52 62 M 3 0 T 0.0 0 8.3 16 240 M M 2 17 180
5 66 61 64 M 1 0 1.89 0.0 0 9.6 16 150 M M 9 13 24 150
6 73 45 59 M 6 0 2.33 0.0 0 12.0 20 170 M M 8 3 33 200
7 46 35 41 M 24 0 0.05 M 0 8.6 15 260 M M 6 27 280
8 55 34 45 M 20 0 0.01 0.0 0 5.3 10 320 M M 5 M M
9 61 38 50 M 15 0 0.00 0.0 0 7.0 10 120 M M 0 18 120
10 67 49 58 M 7 0 1.03 0.0 0 7.0 13 160 M M 6 1 17 140
11 76 59 68 M 0 3 0.04 0.0 0 11.2 17 210 M M 10 12 23 210
12 77 60 69 M 0 4 T 0.0 0 9.2 21 180 M M 8 24 190
13 70 42 56 M 9 0 0.60 0.0 0 11.8 16 310 M M 8 13 25 190
14 57 35 46 M 19 0 0.00 0.0 0 9.7 16 340 M M 0 21 360
15 60 30 45 M 20 0 0.00 0.0 0 6.6 13 50 M M 0 M M
16 51 46 49 M 16 0 0.15 0.0 0 5.8 8 80 M M 10 1 M M
17 56 48 52 M 13 0 0.01 0.0 0 5.9 9 90 M M 10 1 M M
18 67 54 61 M 4 0 1.86 0.0 0 6.7 12 190 M M 9 12 M M
19 61 52 57 M 8 0 0.41 0.0 0 5.5 12 60 M M 10 1 M M
20 52 39 46 M 19 0 1.24 0.0 0 11.7 17 50 M M 10 1 24 50
21 50 34 42 M 23 0 0.00 0.0 0 8.4 14 360 M M 5 20 350
22 56 26 41 M 24 0 0.00 0.0 0 3.6 8 10 M M 0 M M
23 55 34 45 M 20 0 0.00 0.0 0 2.3 6 99 M M 5 M M
24 59 45 52 M 13 0 0.83 0.0 0 5.5 13 150 M M 10 M M
25 66 51 59 M 6 0 0.15 0.0 0 5.0 9 210 M M 2 M M
26 54 39 47 M 18 0 0.00 0.0 0 7.9 15 300 M M 4 32 310
27 50 35 43 M 22 0 0.00 0.0 0 9.7 18 320 M M 4 23 320
28 58 31 45 M 20 0 0.00 0.0 0 7.6 16 260 M M 1 24 240
29 61 37 49 M 16 0 0.00 0.0 0 9.8 25 310 M M 0 31 310
================================================================================
SM 1763 1227 388 7 10.61 0.0 219.4 M 151
================================================================================
AV 60.8 42.3 7.6 FASTST M M 5 MAX(MPH)
MISC ----> # 25 310 # 33 200
================================================================================
NOTES:
# LAST OF SEVERAL OCCURRENCES
COLUMN 17 PEAK WIND IN M.P.H.
PRELIMINARY LOCAL CLIMATOLOGICAL DATA (WS FORM: F-6) , PAGE 2
STATION: AUBURN AWOS
MONTH: FEBRUARY
YEAR: 2020
LATITUDE: 32 34 N
LONGITUDE: 85 30 W
[TEMPERATURE DATA] [PRECIPITATION DATA] SYMBOLS USED IN COLUMN 16
AVERAGE MONTHLY: 51.6 TOTAL FOR MONTH: 10.61 1 = FOG OR MIST
DPTR FM NORMAL: M DPTR FM NORMAL: M 2 = FOG REDUCING VISIBILITY
HIGHEST: 77 ON 12 GRTST 24HR 2.33 ON 6- 6 TO 1/4 MILE OR LESS
LOWEST: 26 ON 22 3 = THUNDER
SNOW, ICE PELLETS, HAIL 4 = ICE PELLETS
TOTAL MONTH: 0.0 INCH 5 = HAIL
GRTST 24HR 0.0 6 = FREEZING RAIN OR DRIZZLE
GRTST DEPTH: 0 7 = DUSTSTORM OR SANDSTORM:
VSBY 1/2 MILE OR LESS
8 = SMOKE OR HAZE
[NO. OF DAYS WITH] [WEATHER - DAYS WITH] 9 = BLOWING SNOW
X = TORNADO
MAX 32 OR BELOW: 0 0.01 INCH OR MORE: 15
MAX 90 OR ABOVE: 0 0.10 INCH OR MORE: 10
MIN 32 OR BELOW: 3 0.50 INCH OR MORE: 7
MIN 0 OR BELOW: 0 1.00 INCH OR MORE: 5
[HDD (BASE 65) ]
TOTAL THIS MO. 388 CLEAR (SCALE 0-3) 10
DPTR FM NORMAL M PTCLDY (SCALE 4-7) 9
TOTAL FM JUL 1 1622 CLOUDY (SCALE 8-10) 10
DPTR FM NORMAL M
[CDD (BASE 65) ]
TOTAL THIS MO. 7
DPTR FM NORMAL M [PRESSURE DATA]
TOTAL FM JAN 1 9 HIGHEST SLP M ON M
DPTR FM NORMAL M LOWEST SLP M ON M
[REMARKS]
#FINAL-02-20#