083
CXUS54 KEWX 091250
CF6AUS
PRELIMINARY LOCAL CLIMATOLOGICAL DATA (WS FORM: F-6)
STATION: AUSTIN BERGSTROM
MONTH: MARCH
YEAR: 2021
LATITUDE: 30 13 N
LONGITUDE: 97 40 W
TEMPERATURE IN F: :PCPN: SNOW: WIND :SUNSHINE: SKY :PK WND
================================================================================
1 2 3 4 5 6A 6B 7 8 9 10 11 12 13 14 15 16 17 18
12Z AVG MX 2MIN
DY MAX MIN AVG DEP HDD CDD WTR SNW DPTH SPD SPD DIR MIN PSBL S-S WX SPD DR
================================================================================
1 60 50 55 0 10 0 T 0.0 0 19.6 33 360 M M 10 43 350
2 66 37 52 -3 13 0 0.00 0.0 0 9.6 18 30 M M 2 25 20
3 73 34 54 -2 11 0 0.00 0.0 0 5.1 14 180 M M 1 19 150
4 77 39 58 2 7 0 0.00 0.0 0 7.6 21 150 M M 3 27 140
5 81 51 66 10 0 1 0.00 0.0 0 10.9 26 340 M M 6 1 36 340
6 69 41 55 -1 10 0 0.00 0.0 0 11.3 29 10 M M 3 37 360
7 71 36 54 -3 11 0 0.00 0.0 0 3.3 13 150 M M 1 17 150
8 73 40 57 0 8 0 0.00 0.0 0 6.6 16 180 M M 6 22 180
9 78 51 65 8 0 0 0.00 0.0 0 13.8 25 160 M M 8 1 35 170
10 84 63 74 16 0 9 0.00 0.0 0 17.0 28 150 M M 9 38 180
11 82 69 76 18 0 11 0.00 0.0 0 14.3 25 180 M M 8 35 180
12 83 68 76 18 0 11 0.00 0.0 0 13.2 24 160 M M 9 1 35 150
13 79 68 74 16 0 9 0.11 0.0 0 15.9 28 150 M M 10 1 40 160
14 75 44 60 1 5 0 0.07 0.0 0 6.9 22 160 M M 9 1 31 150
15 86 37 62 3 3 0 0.00 0.0 0 5.3 13 180 M M 3 1 21 190
16 84 67 76 17 0 11 T 0.0 0 11.0 22 150 M M 9 18 31 140
17 79 56 68 8 0 3 T 0.0 0 15.6 26 320 M M 5 18 41 300
18 74 47 61 1 4 0 0.00 0.0 0 15.0 28 350 M M 0 39 350
19 71 43 57 -3 8 0 0.00 0.0 0 11.7 21 10 M M 1 29 360
20 71 36 54 -6 11 0 0.00 0.0 0 3.0 12 120 M M 0 15 120
21 75 42 59 -2 6 0 0.00 0.0 0 7.9 20 150 M M 5 1 26 150
22 72 56 64 3 1 0 0.14 0.0 0 11.1 28 150 M M 9 13 38 150
23 81 50 66 5 0 1 0.25 0.0 0 4.4 16 170 M M 3 138 22 170
24 72 48 60 -1 5 0 T 0.0 0 6.9 17 140 M M 6 18 24 130
25 76 51 64 2 1 0 0.11 0.0 0 7.4 23 340 M M 4 13 35 330
26 81 43 62 0 3 0 0.00 0.0 0 5.9 17 140 M M 1 23 130
27 83 60 72 10 0 7 0.00 0.0 0 6.5 18 180 M M 8 1 25 190
28 73 43 58 -4 7 0 0.00 0.0 0 15.8 32 360 M M 5 43 360
29 75 35 55 -8 10 0 0.00 0.0 0 7.2 17 190 M M 4 24 150
30 79 58 69 6 0 4 T 0.0 0 11.0 23 170 M M 10 1 32 190
31 71 54 63 0 2 0 0.02 0.0 0 15.5 29 20 M M 7 1 40 20
================================================================================
SM 2354 1517 136 67 0.70 0.0 316.3 M 165
================================================================================
AV 75.9 48.9 10.2 FASTST M M 5 MAX(MPH)
MISC ----> 33 360 # 43 350
================================================================================
NOTES:
# LAST OF SEVERAL OCCURRENCES
COLUMN 17 PEAK WIND IN M.P.H.
PRELIMINARY LOCAL CLIMATOLOGICAL DATA (WS FORM: F-6) , PAGE 2
STATION: AUSTIN BERGSTROM
MONTH: MARCH
YEAR: 2021
LATITUDE: 30 13 N
LONGITUDE: 97 40 W
[TEMPERATURE DATA] [PRECIPITATION DATA] SYMBOLS USED IN COLUMN 16
AVERAGE MONTHLY: 62.4 TOTAL FOR MONTH: 0.70 1 = FOG OR MIST
DPTR FM NORMAL: 3.2 DPTR FM NORMAL: -2.08 2 = FOG REDUCING VISIBILITY
HIGHEST: 86 ON 15 GRTST 24HR 0.39 ON 22-23 TO 1/4 MILE OR LESS
LOWEST: 34 ON 3 3 = THUNDER
SNOW, ICE PELLETS, HAIL 4 = ICE PELLETS
TOTAL MONTH: 0.0 INCH 5 = HAIL
GRTST 24HR 0.0 6 = FREEZING RAIN OR DRIZZLE
GRTST DEPTH: 0 7 = DUSTSTORM OR SANDSTORM:
VSBY 1/2 MILE OR LESS
8 = SMOKE OR HAZE
[NO. OF DAYS WITH] [WEATHER - DAYS WITH] 9 = BLOWING SNOW
X = TORNADO
MAX 32 OR BELOW: 0 0.01 INCH OR MORE: 6
MAX 90 OR ABOVE: 0 0.10 INCH OR MORE: 4
MIN 32 OR BELOW: 0 0.50 INCH OR MORE: 0
MIN 0 OR BELOW: 0 1.00 INCH OR MORE: 0
[HDD (BASE 65) ]
TOTAL THIS MO. 136 CLEAR (SCALE 0-3) 11
DPTR FM NORMAL -86 PTCLDY (SCALE 4-7) 10
TOTAL FM JUL 1 1605 CLOUDY (SCALE 8-10) 10
DPTR FM NORMAL -233
[CDD (BASE 65) ]
TOTAL THIS MO. 67
DPTR FM NORMAL 25 [PRESSURE DATA]
TOTAL FM JAN 1 92 HIGHEST SLP 30.44 ON 8
DPTR FM NORMAL 34 LOWEST SLP 29.54 ON 24
[REMARKS]
#FINAL-03-21#