000
CXUS53 KGRB 161305
CF6AUW
PRELIMINARY LOCAL CLIMATOLOGICAL DATA (WS FORM: F-6)
STATION: WAUSAU WI
MONTH: MAY
YEAR: 2021
LATITUDE: 44 55 N
LONGITUDE: 89 37 W
TEMPERATURE IN F: :PCPN: SNOW: WIND :SUNSHINE: SKY :PK WND
================================================================================
1 2 3 4 5 6A 6B 7 8 9 10 11 12 13 14 15 16 17 18
12Z AVG MX 2MIN
DY MAX MIN AVG DEP HDD CDD WTR SNW DPTH SPD SPD DIR MIN PSBL S-S WX SPD DR
================================================================================
1 85 46 66 16 0 1 T 0.0 0 10.7 22 240 M M 2 30 160
2 74 54 64 14 1 0 0.65 0.0 0 8.5 22 90 M M 4 13 31 30
3 58 48 53 2 12 0 0.63 0.0 0 7.0 18 300 M M 10 1 27 280
4 59 40 50 -1 15 0 0.00 0.0 0 9.9 18 310 M M 7 28 320
5 62 37 50 -2 15 0 0.00 0.0 0 7.2 16 280 M M 4 22 310
6 60 42 51 -1 14 0 0.04 0.0 0 7.9 21 300 M M 7 28 330
7 52 36 44 -8 21 0 0.06 0.0 0 9.4 20 290 M M 6 30 330
8 59 29 44 -9 21 0 0.00 0.0 0 2.7 13 270 M M 2 18 270
9 62 34 48 -5 17 0 0.00 0.0 0 6.1 15 360 M M 5 24 350
10 54 37 46 -8 19 0 0.00 0.0 0 6.6 15 340 M M 6 22 360
11 61 32 47 -7 18 0 0.00 0.0 0 5.9 15 290 M M 2 21 290
12 68 32 50 -4 15 0 0.00 0.0 0 2.2 13 300 M M 2 17 300
13 72 37 55 0 10 0 0.00 0.0 0 5.2 15 220 M M 4 22 180
14 70 38 54 -1 11 0 0.00 0.0 0 6.7 16 150 M M 4 24 170
15 60 51 56 0 9 0 0.06 0.0 0 5.7 16 160 M M 10 22 60
16 75 51 63 7 2 0 0.00 0.0 0 4.1 10 150 M M 3 8 15 150
17 80 49 65 9 0 0 0.00 0.0 0 4.8 14 120 M M 1 18 22 130
18 80 52 66 9 0 1 0.15 0.0 0 9.8 23 180 M M 5 18 39 160
19 72 63 68 11 0 3 0.09 0.0 0 8.9 16 140 M M 10 18 22 170
20 76 67 72 14 0 7 0.08 0.0 0 9.1 23 160 M M 9 18 33 170
21 74 68 71 13 0 6 0.17 0.0 0 8.4 15 170 M M 10 22 180
22 84 68 76 18 0 11 0.00 0.0 0 7.5 17 230 M M 7 24 220
23 75 54 65 7 0 0 0.02 0.0 0 6.9 18 60 M M 9 18 24 60
24 82 54 68 9 0 3 0.18 0.0 0 6.5 15 170 M M 7 18 21 160
25 81 63 72 13 0 7 0.30 0.0 0 9.0 38 220 M M 6 38 55 230
26 67 49 58 -2 7 0 0.01 0.0 0 10.8 23 280 M M 2 32 280
27 49 39 44 -16 21 0 0.73 0.0 0 8.3 20 40 M M 9 1 26 50
28 62 38 50 -10 15 0 0.00 0.0 0 8.1 18 50 M M 4 24 50
29 69 35 52 -8 13 0 0.00 0.0 0 3.5 10 130 M M 0 14 140
30 60 39 50 -11 15 0 0.02 0.0 0 4.1 10 230 M M 5 16 210
31 76 46 61 0 4 0 0.33 0.0 0 6.4 16 30 M M 4 13 25 30
================================================================================
SM 2118 1428 275 39 3.52 0.0 217.9 M 166
================================================================================
AV 68.3 46.1 7.0 FASTST M M 5 MAX(MPH)
MISC ----> 38 220 55 230
================================================================================
NOTES:
# LAST OF SEVERAL OCCURRENCES
COLUMN 17 PEAK WIND IN M.P.H.
PRELIMINARY LOCAL CLIMATOLOGICAL DATA (WS FORM: F-6) , PAGE 2
STATION: WAUSAU WI
MONTH: MAY
YEAR: 2021
LATITUDE: 44 55 N
LONGITUDE: 89 37 W
[TEMPERATURE DATA] [PRECIPITATION DATA] SYMBOLS USED IN COLUMN 16
AVERAGE MONTHLY: 57.2 TOTAL FOR MONTH: 3.52 1 = FOG OR MIST
DPTR FM NORMAL: 1.4 DPTR FM NORMAL: -0.27 2 = FOG REDUCING VISIBILITY
HIGHEST: 85 ON 1 GRTST 24HR 1.28 ON 2- 3 TO 1/4 MILE OR LESS
LOWEST: 29 ON 8 3 = THUNDER
SNOW, ICE PELLETS, HAIL 4 = ICE PELLETS
TOTAL MONTH: 0.0 INCH 5 = HAIL
GRTST 24HR 0.0 6 = FREEZING RAIN OR DRIZZLE
GRTST DEPTH: 0 7 = DUSTSTORM OR SANDSTORM:
VSBY 1/2 MILE OR LESS
8 = SMOKE OR HAZE
[NO. OF DAYS WITH] [WEATHER - DAYS WITH] 9 = BLOWING SNOW
X = TORNADO
MAX 32 OR BELOW: 0 0.01 INCH OR MORE: 16
MAX 90 OR ABOVE: 0 0.10 INCH OR MORE: 8
MIN 32 OR BELOW: 3 0.50 INCH OR MORE: 3
MIN 0 OR BELOW: 0 1.00 INCH OR MORE: 0
[HDD (BASE 65) ]
TOTAL THIS MO. 275 CLEAR (SCALE 0-3) 7
DPTR FM NORMAL -30 PTCLDY (SCALE 4-7) 17
TOTAL FM JUL 1 7634 CLOUDY (SCALE 8-10) 7
DPTR FM NORMAL -464
[CDD (BASE 65) ]
TOTAL THIS MO. 39
DPTR FM NORMAL 18 [PRESSURE DATA]
TOTAL FM JAN 1 43 HIGHEST SLP 30.47 ON 12
DPTR FM NORMAL 21 LOWEST SLP 29.44 ON 2
[REMARKS]
#FINAL-05-21#