000
CXUS53 KGRB 010716
CLMAUW
CLIMATE REPORT
NATIONAL WEATHER SERVICE GREEN BAY
216 AM CDT TUE AUG 01 2023
...................................
...THE WAUSAU WI CLIMATE SUMMARY FOR THE MONTH OF JULY 2023...
CLIMATE NORMAL PERIOD: 1991 TO 2020
CLIMATE RECORD PERIOD: 1896 TO 2023
WEATHER OBSERVED NORMAL DEPART LAST YEAR`S
VALUE DATE(S) VALUE FROM VALUE DATE(S)
NORMAL
................................................................
TEMPERATURE (F)
RECORD
HIGH 107 07/13/1936
LOW 37 07/21/1904
HIGHEST 91 07/27 91 0 93 07/18
LOWEST 48 07/07 48 0 53 07/03
AVG. MAXIMUM 81.1 80.3 0.8 82.3
AVG. MINIMUM 58.1 58.7 -0.6 61.2
MEAN 69.6 69.5 0.1 71.8
DAYS MAX >= 90 3 2.4 0.6 1
DAYS MAX <= 32 0 0.0 0.0 0
DAYS MIN <= 32 0 0.0 0.0 0
DAYS MIN <= 0 0 0.0 0.0 0
PRECIPITATION (INCHES)
RECORD
MAXIMUM 13.02 1900
MINIMUM 0.94 1937
TOTALS 4.47 3.86 0.61 4.70
DAYS >= .01 15 11.5 3.5 10
DAYS >= .10 8 6.8 1.2 8
DAYS >= .50 3 2.6 0.4
DAYS >= 1.00 1 1.0 0.0 1
GREATEST
STORM TOTAL 1.38
(MM/DD(HH))
SNOWFALL (INCHES)
RECORDS
TOTAL 0.0 MM
24 HR TOTAL 0.0 MM
TOTALS 0.0 0.0 0.0 0.0
SINCE 7/1 0.0 0.0 0.0 MM
DAYS >= TRACE 0 0.0 0.0
DAYS >= 1.0 0 0.0 0.0 0
GREATEST
SNOW DEPTH 0 0 MM
24 HR TOTAL MM
DEGREE DAYS
HEATING TOTAL 8 21 -13 0
SINCE 7/1 8 27 -19 MM
COOLING TOTAL 157 161 -4 214
SINCE 1/1 352 271 81 MM
................................................................
WIND (MPH)
AVERAGE WIND SPEED 6.0
HIGHEST WIND SPEED/DIRECTION 38/270 DATE 07/10
HIGHEST GUST SPEED/DIRECTION 52/270 DATE 07/10
SKY COVER
POSSIBLE SUNSHINE (PERCENT) MM
AVERAGE SKY COVER 0.28
NUMBER OF DAYS FAIR 21
NUMBER OF DAYS PC 10
NUMBER OF DAYS CLOUDY 0
AVERAGE RH (PERCENT) 66
WEATHER CONDITIONS. NUMBER OF DAYS WITH
THUNDERSTORM 10 MIXED PRECIP 0
HEAVY RAIN 6 RAIN 6
LIGHT RAIN 14 FREEZING RAIN 0
LT FREEZING RAIN 0 HAIL 0
HEAVY SNOW 0 SNOW 0
LIGHT SNOW 0 SLEET 0
FOG 17 FOG W/VIS <= 1/4 MILE 1
HAZE 10
- INDICATES NEGATIVE NUMBERS.
R INDICATES RECORD WAS SET OR TIED.
MM INDICATES DATA IS MISSING.
T INDICATES TRACE AMOUNT.
$$