000
CXUS52 KGSP 010917
CF6AVL
PRELIMINARY LOCAL CLIMATOLOGICAL DATA (WS FORM: F-6)
STATION: ASHEVILLE NC
MONTH: NOVEMBER
YEAR: 2023
LATITUDE: 35 25 N
LONGITUDE: 82 33 W
TEMPERATURE IN F: :PCPN: SNOW: WIND :SUNSHINE: SKY :PK WND
================================================================================
1 2 3 4 5 6A 6B 7 8 9 10 11 12 13 14 15 16 17 18
12Z AVG MX 2MIN
DY MAX MIN AVG DEP HDD CDD WTR SNW DPTH SPD SPD DIR MIN PSBL S-S WX SPD DR
================================================================================
1 46 28 37 -15 28 0 0.00 0.0 0 14.1 32 330 M M 2 39 330
2 53 21 37 -15 28 0 0.00 0.0 0 2.0 10 150 M M 0 16 160
3 62 25 44 -7 21 0 0.00 0.0 0 2.5 14 140 M M 0 18 140
4 71 26 49 -2 16 0 0.00 0.0 0 2.4 16 340 M M 0 23 340
5 72 37 55 4 10 0 0.00 0.0 0 5.6 20 320 M M 0 24 340
6 73 35 54 4 11 0 0.00 0.0 0 3.6 15 170 M M 0 20 210
7 79 42 61 11 4 0 0.00 0.0 0 3.4 12 350 M M 0 16 340
8 78 41 60 10 5 0 0.00 0.0 0 3.2 16 170 M M 0 19 170
9 82 47 65 15 0 0 0.00 0.0 0 6.1 16 330 M M 1 24 330
10 65 49 57 8 8 0 0.04 0.0 0 6.0 18 340 M M 8 18 27 340
11 53 47 50 1 15 0 0.11 0.0 0 1.6 7 210 M M 10 1 9 310
12 61 40 51 2 14 0 0.00 0.0 0 2.9 12 170 M M 6 14 170
13 68 34 51 3 14 0 0.00 0.0 0 4.8 15 330 M M 0 24 330
14 65 43 54 6 11 0 0.00 0.0 0 4.8 14 350 M M 0 19 350
15 57 41 49 1 16 0 0.00 0.0 0 2.3 9 180 M M 4 12 170
16 68 44 56 8 9 0 0.00 0.0 0 3.7 14 160 M M 7 20 150
17 64 48 56 9 9 0 T 0.0 0 2.1 8 340 M M 8 12 340
18 65 47 56 9 9 0 0.00 0.0 0 10.5 26 330 M M 2 33 330
19 65 36 51 4 14 0 0.00 0.0 0 3.8 10 140 M M 1 15 350
20 55 43 49 3 16 0 T 0.0 0 4.6 12 150 M M 10 16 150
21 53 43 48 2 17 0 0.78 0.0 0 8.1 15 160 M M 10 1 18 180
22 53 42 48 2 17 0 0.00 0.0 0 12.3 25 340 M M 7 35 340
23 59 39 49 3 16 0 0.00 0.0 0 7.4 21 330 M M 4 29 330
24 62 37 50 4 15 0 0.00 0.0 0 3.1 12 330 M M 0 15 320
25 47 33 40 -5 25 0 0.00 0.0 0 2.6 12 170 M M 3 15 170
26 47 27 37 -8 28 0 T 0.0 0 4.2 17 190 M M 5 1 23 190
27 45 31 38 -7 27 0 0.00 0.0 0 14.2 24 330 M M 1 1 33 340
28 43 27 35 -10 30 0 0.00 0.0 0 10.8 25 330 M M 0 33 330
29 51 18 35 -9 30 0 0.00 0.0 0 2.3 10 320 M M 0 13 310
30 59 24 42 -2 23 0 0.00 0.0 0 4.2 14 180 M M 0 19 160
================================================================================
SM 1821 1095 486 0 0.93 0.0 159.2 M 89
================================================================================
AV 60.7 36.5 5.3 FASTST M M 3 MAX(MPH)
MISC ----> 32 330 39 330
================================================================================
NOTES:
# LAST OF SEVERAL OCCURRENCES
COLUMN 17 PEAK WIND IN M.P.H.
PRELIMINARY LOCAL CLIMATOLOGICAL DATA (WS FORM: F-6) , PAGE 2
STATION: ASHEVILLE NC
MONTH: NOVEMBER
YEAR: 2023
LATITUDE: 35 25 N
LONGITUDE: 82 33 W
[TEMPERATURE DATA] [PRECIPITATION DATA] SYMBOLS USED IN COLUMN 16
AVERAGE MONTHLY: 48.6 TOTAL FOR MONTH: 0.93 1 = FOG OR MIST
DPTR FM NORMAL: 0.8 DPTR FM NORMAL: -2.79 2 = FOG REDUCING VISIBILITY
HIGHEST: 82 ON 9 GRTST 24HR 0.78 ON 21-21 TO 1/4 MILE OR LESS
LOWEST: 18 ON 29 3 = THUNDER
SNOW, ICE PELLETS, HAIL 4 = ICE PELLETS
TOTAL MONTH: 0.0 INCH 5 = HAIL
GRTST 24HR 0.0 6 = FREEZING RAIN OR DRIZZLE
GRTST DEPTH: 0 7 = DUSTSTORM OR SANDSTORM:
VSBY 1/2 MILE OR LESS
8 = SMOKE OR HAZE
[NO. OF DAYS WITH] [WEATHER - DAYS WITH] 9 = BLOWING SNOW
X = TORNADO
MAX 32 OR BELOW: 0 0.01 INCH OR MORE: 3
MAX 90 OR ABOVE: 0 0.10 INCH OR MORE: 2
MIN 32 OR BELOW: 9 0.50 INCH OR MORE: 1
MIN 0 OR BELOW: 0 1.00 INCH OR MORE: 0
[HDD (BASE 65) ]
TOTAL THIS MO. 486 CLEAR (SCALE 0-3) 19
DPTR FM NORMAL -31 PTCLDY (SCALE 4-7) 7
TOTAL FM JUL 1 704 CLOUDY (SCALE 8-10) 4
DPTR FM NORMAL -87
[CDD (BASE 65) ]
TOTAL THIS MO. 0
DPTR FM NORMAL -1 [PRESSURE DATA]
TOTAL FM JAN 1 1014 HIGHEST SLP 30.53 ON 2
DPTR FM NORMAL -34 LOWEST SLP 29.80 ON 18
[REMARKS]
#FINAL-11-23#