000
CXUS53 KGRR 011841
CLSAZO
WRKCLSAZO 000
TTAA00 GRR 011835
CLIMATE REPORT
NATIONAL WEATHER SERVICE GRAND RAPIDS, MICHIGAN
229 PM EDT THU SEP 01 2022
...................................
...THE KALAMAZOO CLIMATE SUMMARY FOR THE SEASON, FROM
6/1/2022 TO 8/31/2022...
CLIMATE NORMAL PERIOD: 1991 TO 2020
CLIMATE RECORD PERIOD: 1887 TO 2022
WEATHER OBSERVED NORMAL DEPART LAST YEAR`S
VALUE DATE(S) VALUE FROM VALUE DATE(S)
NORMAL
................................................................
TEMPERATURE (F)
RECORD
HIGH 109 07/13/1936
LOW 34 06/10/1915
HIGHEST 97 06/21 MM MM 94 08/24
LOWEST 43 06/04 MM MM 44 06/22
AVG. MAXIMUM 83.6 81.3 2.3 83.8
AVG. MINIMUM 61.4 60.2 1.2 63.4
MEAN 72.5 70.7 1.8 73.6
DAYS MAX >= 90 13 10.7 2.3 16
DAYS MAX <= 32 0 0.0 0.0 0
DAYS MIN <= 32 0 0.0 0.0 0
DAYS MIN <= 0 0 0.0 0.0 0
PRECIPITATION (INCHES)
RECORD
MAXIMUM 18.62 1975
TOTALS 11.42 10.22 1.20 18.23
DAILY AVG. 0.12 0.11 0.01 0.20
DAYS >= .01 31 34.1 -3.1 38
DAYS >= .10 24 17.8 6.2 24
DAYS >= .50 7 7.0 0.0 10
DAYS >= 1.00 2 2.7 -0.7 7
GREATEST
24 HR. TOTAL 2.12 07/05 TO 07/05
STORM TOTAL 1.64 1.85
(MM/DD(HH)) MM
DEGREE DAYS
HEATING TOTAL 19 57 -38 14
SINCE 7/1 4 12 -8 MM
COOLING TOTAL 727 583 144 832
SINCE 1/1 842 632 210 MM
FREEZE DATES
EARLIEST MM
LATEST 04/27
................................................................
WIND (MPH)
AVERAGE WIND SPEED 6.0
RESULTANT WIND SPEED/DIRECTION 2/250
HIGHEST WIND SPEED/DIRECTION 38/300 DATE 08/03
HIGHEST GUST SPEED/DIRECTION 53/300 DATE 08/03
SKY COVER
AVERAGE SKY COVER 0.30
NUMBER OF DAYS FAIR 57
NUMBER OF DAYS PC 29
NUMBER OF DAYS CLOUDY 5
AVERAGE RH (PERCENT) 65
WEATHER CONDITIONS. NUMBER OF DAYS WITH
THUNDERSTORM 18 MIXED PRECIP 0
HEAVY RAIN 16 RAIN 15
LIGHT RAIN 34 FREEZING RAIN 0
LT FREEZING RAIN 0 HAIL 0
HEAVY SNOW 0 SNOW 0
LIGHT SNOW 0 SLEET 0
FOG 40 FOG W/VIS <= 1/4 MILE 8
HAZE 12
- INDICATES NEGATIVE NUMBERS.
R INDICATES RECORD WAS SET OR TIED.
MM INDICATES DATA IS MISSING.
T INDICATES TRACE AMOUNT.
$$