008
CXUS54 KEWX 011010
CF6BAZ
PRELIMINARY LOCAL CLIMATOLOGICAL DATA (WS FORM: F-6)
STATION: NEW BRAUNFELS
MONTH: JUNE
YEAR: 2020
LATITUDE: 29 43 N
LONGITUDE: 98 3 W
TEMPERATURE IN F: :PCPN: SNOW: WIND :SUNSHINE: SKY :PK WND
================================================================================
1 2 3 4 5 6A 6B 7 8 9 10 11 12 13 14 15 16 17 18
12Z AVG MX 2MIN
DY MAX MIN AVG DEP HDD CDD WTR SNW DPTH SPD SPD DIR MIN PSBL S-S WX SPD DR
================================================================================
1 85 71 78 -2 0 13 0.00 M M 5.9 14 140 M M 5 18 19 140
2 88 68 78 -2 0 13 0.07 M M 3.9 17 170 M M 5 1238 21 170
3 92 71 82 2 0 17 0.00 M M 5.1 14 160 M M 4 1 18 150
4 93 75 84 4 0 19 0.00 M M 6.4 12 170 M M 4 1 18 190
5 93 75 84 4 0 19 0.00 M M 6.4 12 120 M M 4 1 17 230
6 96 72 84 4 0 19 0.00 M M 3.3 12 120 M M 1 16 120
7 96 75 86 5 0 21 0.00 M M 5.4 14 70 M M 1 20 70
8 98 72 85 4 0 20 0.00 M M 7.1 15 190 M M 0 21 190
9 100 77 89 8 0 24 T M M 7.6 15 210 M M 3 18 21 200
10 94 68 81 0 0 16 T M M 11.4 24 40 M M 1 18 32 50
11 96 60 78 -3 0 13 0.00 M M 7.2 15 40 M M 0 20 80
12 94 61 78 -3 0 13 0.00 M M 6.4 15 70 M M 0 20 40
13 94 68 81 -1 0 16 0.00 M M 7.3 16 70 M M 0 23 50
14 93 64 79 -3 0 14 0.00 M M 5.7 16 120 M M 1 22 120
15 96 70 83 1 0 18 0.10 M M 5.7 26 150 M M 4 36 140
16 96 73 85 3 0 20 0.00 M M 8.4 20 140 M M 4 1 25 130
17 96 68 82 0 0 17 0.00 M M 9.2 18 140 M M 1 1 24 150
18 96 72 84 2 0 19 0.00 M M 10.3 22 130 M M 5 26 130
19 96 75 86 4 0 21 T M M 11.2 25 150 M M 5 1 32 140
20 97 76 87 5 0 22 0.10 M M 8.4 20 170 M M 5 1 25 170
21 99 78 89 7 0 24 0.00 M M 11.9 23 160 M M 5 29 180
22 98 78 88 6 0 23 0.00 M M 13.4 25 160 M M 5 33 180
23 96 72 84 1 0 19 0.23 M M 7.0 24 120 M M 4 13 29 120
24 92 71 82 -1 0 17 T M M 8.1 17 340 M M 3 22 350
25 96 72 84 1 0 19 0.00 M M 6.9 26 140 M M 3 33 140
26 88 74 81 -2 0 16 0.13 M M 6.9 28 210 M M 8 18 41 210
27 96 78 87 4 0 22 0.00 M M 13.2 24 170 M M 9 18 35 180
28 92 80 86 3 0 21 0.27 M M 13.6 26 180 M M 8 35 180
29 94 80 87 4 0 22 T M M 15.4 23 170 M M 8 32 170
30 97 81 89 6 0 24 T M M 15.8 23 190 M M 6 31 200
================================================================================
SM 2837 2175 0 561 0.90 M 254.5 M 112
================================================================================
AV 94.6 72.5 8.5 FASTST M M 4 MAX(MPH)
MISC ----> # 28 210 # 41 210
================================================================================
NOTES:
# LAST OF SEVERAL OCCURRENCES
COLUMN 17 PEAK WIND IN M.P.H.
PRELIMINARY LOCAL CLIMATOLOGICAL DATA (WS FORM: F-6) , PAGE 2
STATION: NEW BRAUNFELS
MONTH: JUNE
YEAR: 2020
LATITUDE: 29 43 N
LONGITUDE: 98 3 W
[TEMPERATURE DATA] [PRECIPITATION DATA] SYMBOLS USED IN COLUMN 16
AVERAGE MONTHLY: 83.5 TOTAL FOR MONTH: 0.90 1 = FOG OR MIST
DPTR FM NORMAL: 1.9 DPTR FM NORMAL: -3.88 2 = FOG REDUCING VISIBILITY
HIGHEST: 100 ON 9 GRTST 24HR 0.27 ON 28-28 TO 1/4 MILE OR LESS
LOWEST: 60 ON 11 3 = THUNDER
SNOW, ICE PELLETS, HAIL 4 = ICE PELLETS
TOTAL MONTH: M 5 = HAIL
GRTST 24HR M ON M 6 = FREEZING RAIN OR DRIZZLE
GRTST DEPTH: M ON M 7 = DUSTSTORM OR SANDSTORM:
VSBY 1/2 MILE OR LESS
8 = SMOKE OR HAZE
[NO. OF DAYS WITH] [WEATHER - DAYS WITH] 9 = BLOWING SNOW
X = TORNADO
MAX 32 OR BELOW: 0 0.01 INCH OR MORE: 6
MAX 90 OR ABOVE: 27 0.10 INCH OR MORE: 5
MIN 32 OR BELOW: 0 0.50 INCH OR MORE: 0
MIN 0 OR BELOW: 0 1.00 INCH OR MORE: 0
[HDD (BASE 65) ]
TOTAL THIS MO. 0 CLEAR (SCALE 0-3) 11
DPTR FM NORMAL 0 PTCLDY (SCALE 4-7) 18
TOTAL FM JUL 1 1269 CLOUDY (SCALE 8-10) 1
DPTR FM NORMAL -290
[CDD (BASE 65) ]
TOTAL THIS MO. 561
DPTR FM NORMAL 62 [PRESSURE DATA]
TOTAL FM JAN 1 1384 HIGHEST SLP 30.24 ON 12
DPTR FM NORMAL 293 LOWEST SLP 29.58 ON 8
[REMARKS]
#FINAL-06-20#