000
CXUS55 KLBF 011200
CF6BBW
PRELIMINARY LOCAL CLIMATOLOGICAL DATA (WS FORM: F-6)
STATION: BROKEN BOW
MONTH: JUNE
YEAR: 2020
LATITUDE: 41 26 N
LONGITUDE: 99 39 W
TEMPERATURE IN F: :PCPN: SNOW: WIND :SUNSHINE: SKY :PK WND
================================================================================
1 2 3 4 5 6A 6B 7 8 9 10 11 12 13 14 15 16 17 18
12Z AVG MX 2MIN
DY MAX MIN AVG DEP HDD CDD WTR SNW DPTH SPD SPD DIR MIN PSBL S-S WX SPD DR
================================================================================
1 96 69 83 19 0 18 0.00 M M 11.3 21 220 M M 0 25 200
2 97 64 81 17 0 16 0.00 M M 9.5 24 340 M M 0 31 340
3 90 61 76 11 0 11 T M M 9.9 29 360 M M 1 3 41 360
4 92 57 75 10 0 10 0.05 M M 6.0 32 350 M M 0 3 46 350
5 89 60 75 10 0 10 T M M 10.3 22 100 M M 0 30 100
6 92 69 81 15 0 16 0.15 M M 16.1 29 160 M M 3 3 42 160
7 94 76 85 19 0 20 T M M 28.4 44 170 M M 0 60 160
8 92 69 81 15 0 16 0.00 M M 16.5 32 160 M M 4 3 46 160
9 70 53 62 -5 3 0 0.40 M M 29.2 49 330 M M 10 13 71 330
10 76 50 63 -4 2 0 T M M 14.7 30 330 M M 0 43 330
11 86 48 67 0 0 2 0.00 M M 2.6 9 70 M M 0 15 30
12 88 50 69 1 0 4 0.00 M M 5.8 17 120 M M 0 23 120
13 90 55 73 5 0 8 0.00 M M 11.3 24 140 M M 0 37 110
14 93 63 78 10 0 13 0.00 M M 17.2 30 170 M M 0 42 160
15 93 69 81 13 0 16 T M M 15.3 26 180 M M 0 3 40 170
16 92 67 80 11 0 15 0.00 M M 20.1 36 150 M M 0 49 170
17 94 71 83 14 0 18 0.00 M M 20.7 36 170 M M 0 48 180
18 79 57 68 -1 0 3 0.11 M M 12.6 28 350 M M 6 13 39 340
19 74 55 65 -5 0 0 0.18 M M 6.4 15 120 M M 6 22 50
20 82 59 71 1 0 6 T M M 4.7 14 130 M M 3 3 20 130
21 82 58 70 0 0 5 0.10 M M 5.2 21 340 M M 1 3 26 350
22 83 58 71 0 0 6 0.41 M M 8.6 22 340 M M 3 13 32 310
23 80 55 68 -3 0 3 0.00 M M 7.5 17 350 M M 2 1 25 300
24 85 54 70 -1 0 5 0.00 M M 6.7 16 130 M M 2 23 130
25 91 61 76 5 0 11 0.00 M M 10.7 30 340 M M 0 43 320
26 88 63 76 4 0 11 T M M 6.3 21 350 M M 0 28 360
27 90 68 79 7 0 14 0.00 M M 7.7 20 170 M M 2 3 28 180
28 91 67 79 7 0 14 T M M 11.3 21 140 M M 1 3 32 10
29 91 72 82 10 0 17 0.00 M M 13.6 24 160 M M 3 34 160
30 89 66 78 5 0 13 0.00 M M 9.2 24 310 M M 6 34 310
================================================================================
SM 2629 1844 5 301 1.40 M 355.4 M 53
================================================================================
AV 87.6 61.5 11.8 FASTST M M 2 MAX(MPH)
MISC ----> # 49 330 # 71 330
================================================================================
NOTES:
# LAST OF SEVERAL OCCURRENCES
COLUMN 17 PEAK WIND IN M.P.H.
PRELIMINARY LOCAL CLIMATOLOGICAL DATA (WS FORM: F-6) , PAGE 2
STATION: BROKEN BOW
MONTH: JUNE
YEAR: 2020
LATITUDE: 41 26 N
LONGITUDE: 99 39 W
[TEMPERATURE DATA] [PRECIPITATION DATA] SYMBOLS USED IN COLUMN 16
AVERAGE MONTHLY: 74.6 TOTAL FOR MONTH: 1.40 1 = FOG OR MIST
DPTR FM NORMAL: 6.1 DPTR FM NORMAL: -2.60 2 = FOG REDUCING VISIBILITY
HIGHEST: 97 ON 2 GRTST 24HR 0.41 ON 22-22 TO 1/4 MILE OR LESS
LOWEST: 48 ON 11 3 = THUNDER
SNOW, ICE PELLETS, HAIL 4 = ICE PELLETS
TOTAL MONTH: M 5 = HAIL
GRTST 24HR M ON M 6 = FREEZING RAIN OR DRIZZLE
GRTST DEPTH: M ON M 7 = DUSTSTORM OR SANDSTORM:
VSBY 1/2 MILE OR LESS
8 = SMOKE OR HAZE
[NO. OF DAYS WITH] [WEATHER - DAYS WITH] 9 = BLOWING SNOW
X = TORNADO
MAX 32 OR BELOW: 0 0.01 INCH OR MORE: 7
MAX 90 OR ABOVE: 16 0.10 INCH OR MORE: 6
MIN 32 OR BELOW: 0 0.50 INCH OR MORE: 0
MIN 0 OR BELOW: 0 1.00 INCH OR MORE: 0
[HDD (BASE 65) ]
TOTAL THIS MO. 5 CLEAR (SCALE 0-3) 23
DPTR FM NORMAL -41 PTCLDY (SCALE 4-7) 6
TOTAL FM JUL 1 6391 CLOUDY (SCALE 8-10) 1
DPTR FM NORMAL -260
[CDD (BASE 65) ]
TOTAL THIS MO. 301
DPTR FM NORMAL 149 [PRESSURE DATA]
TOTAL FM JAN 1 313 HIGHEST SLP 30.25 ON 12
DPTR FM NORMAL 127 LOWEST SLP 29.43 ON 8
[REMARKS]
#FINAL-06-20#