000
CXUS53 KLBF 010814
CLMBBW
CLIMATE REPORT
NATIONAL WEATHER SERVICE NORTH PLATTE NE
214 AM CST MON JAN 01 2024
...................................
...THE BROKEN BOW CLIMATE SUMMARY FOR THE MONTH OF DECEMBER 2023...
CLIMATE NORMAL PERIOD 1991 TO 2020
CLIMATE RECORD PERIOD 1894 TO 2023
WEATHER OBSERVED NORMAL DEPART LAST YEAR`S
VALUE DATE(S) VALUE FROM VALUE DATE(S)
NORMAL
................................................................
TEMPERATURE (F)
RECORD
HIGH 80 12/25/1897
12/23/1897
12/22/1897
LOW -30 12/31/1967
HIGHEST 73 12/07 61 12 56 12/27
12/28
LOWEST 9 12/31 -11 20 -17 12/22
AVG. MAXIMUM 46.4 40.0 6.4 35.8
AVG. MINIMUM 22.8 16.8 6.0 11.7
MEAN 34.6 28.4 6.2 23.8
DAYS MAX >= 90 0 0.0 0.0 0
DAYS MAX <= 32 3 9.9 -6.9 12
DAYS MIN <= 32 30 30.4 -0.4 31
DAYS MIN <= 0 0 3.4 -3.4 6
PRECIPITATION (INCHES)
RECORD
MAXIMUM 5.32 1913
MINIMUM 0.00 2004
TOTALS 0.66 0.37 0.29 1.04
DAILY AVG. 0.02 0.01 0.01 0.03
DAYS >= .01 6 3.6 2.4 6
DAYS >= .10 1 1.2 -0.2 4
DAYS >= .50 1 0.2 0.8 0
DAYS >= 1.00 0 0.0 0.0 0
GREATEST
24 HR. TOTAL 0.53 12/23 TO 12/24 0.49 12/12 TO 12/13
SNOWFALL (INCHES)
TOTALS MM
SINCE 7/1 MM
SNOWDEPTH AVG. MM
DAYS >= TRACE MM
DAYS >= 1.0 MM
GREATEST
SNOW DEPTH MM
DEGREE DAYS
HEATING TOTAL 934 1134 -200 1270
SINCE 7/1 2194 2539 -345 MM
COOLING TOTAL 0 0 0 0
SINCE 1/1 931 912 19 MM
................................................................
WIND (MPH)
AVERAGE WIND SPEED 9.6
HIGHEST WIND SPEED/DIRECTION 39/330 DATE 12/09
HIGHEST GUST SPEED/DIRECTION 54/320 DATE 12/09
AVERAGE RH (PERCENT) 69
WEATHER CONDITIONS. NUMBER OF DAYS WITH
THUNDERSTORM 0 MIXED PRECIP 0
HEAVY RAIN 1 RAIN 1
LIGHT RAIN 3 FREEZING RAIN 1
LT FREEZING RAIN 3 HAIL 0
HEAVY SNOW 1 SNOW 1
LIGHT SNOW 5 SLEET 0
FOG 11 FOG W/VIS <= 1/4 MILE 2
HAZE 0
- INDICATES NEGATIVE NUMBERS.
R INDICATES RECORD WAS SET OR TIED.
MM INDICATES DATA IS MISSING.
T INDICATES TRACE AMOUNT.
&&
...SNOWFALL AND SNOW DEPTH UNAVAILABLE AT THIS LOCATION...
$$