000
CXUS51 KOKX 011426
CLSBDR
CLIMATE REPORT
NATIONAL WEATHER SERVICE NEW YORK, NY
923 AM EST THU DEC 01 2022
...................................
...THE BRIDGEPORT CT CLIMATE SUMMARY FOR THE SEASON, FROM
9/1/2022 TO 11/30/2022...
CLIMATE NORMAL PERIOD 1991 TO 2020
CLIMATE RECORD PERIOD 1948 TO 2022
WEATHER OBSERVED NORMAL DEPART LAST YEAR`S
VALUE DATE(S) VALUE FROM VALUE
NORMAL
..............................................................
TEMPERATURE (F)
RECORD
HIGH 99 09/02/1953
LOW 13 11/23/2018
HIGHEST 86 09/01 MM MM
LOWEST 24 11/21 MM MM
AVG. MAXIMUM 65.1 64.5 0.6
AVG. MINIMUM 48.9 48.8 0.1
MEAN 57.0 56.6 0.4
DAYS MAX >= 90 0 0.0 0.0
DAYS MAX <= 32 0 0.0 0.0
DAYS MIN <= 32 7 7.8 -0.8
DAYS MIN <= 0 0 0.0 0.0
PRECIPITATION (INCHES)
RECORD
MAXIMUM 22.19 2018
MINIMUM 3.68 1964
TOTALS 11.39 10.91 0.48 14.61
DAILY AVG. 0.12 0.12 0.00
DAYS >= .01 28 27.5 0.5
DAYS >= .10 20 17.2 2.8
DAYS >= .50 7 7.4 -0.4
DAYS >= 1.00 3 2.8 0.2
GREATEST
24 HR. TOTAL 2.60 09/05 TO 09/06
STORM TOTAL 2.56
(MM/DD(HH))
SNOWFALL (INCHES)
RECORDS
TOTAL 8.4 2012
24 HR TOTAL MM
TOTALS T 1.0 -1.0
LIQUID EQUIV T 0.10 -0.10
SINCE 7/1 T 1.0 -1.0
LIQUID 7/1 -0.10
DAYS >= TRACE 1 1.0 0.0
DAYS >= 1.0 0 0.0 0.0
GREATEST
SNOW DEPTH 0
24 HR TOTAL MM
STORM TOTAL 0.0
(MM/DD(HH))
DEGREE DAYS
HEATING TOTAL 826 898 -72
SINCE 7/1 826 899 -73
COOLING TOTAL 123 138 -15
SINCE 1/1 1075 954 121
..............................................................
WIND (MPH)
AVERAGE WIND SPEED 8.4
HIGHEST WIND SPEED/DIRECTION 32/190 DATE 11/30
HIGHEST GUST SPEED/DIRECTION 51/240 DATE 09/19
SKY COVER
POSSIBLE SUNSHINE (PERCENT) MM
AVERAGE SKY COVER 0.31
NUMBER OF DAYS FAIR 55
NUMBER OF DAYS PC 23
NUMBER OF DAYS CLOUDY 13
AVERAGE RH (PERCENT) 69
WEATHER CONDITIONS. NUMBER OF DAYS WITH
THUNDERSTORM 7 MIXED PRECIP 0
HEAVY RAIN 11 RAIN 18
LIGHT RAIN 34 FREEZING RAIN 0
LT FREEZING RAIN 0 HAIL 0
HEAVY SNOW 0 SNOW 0
LIGHT SNOW 1 SLEET 0
FOG 24 FOG W/VIS <= 1/4 MILE 1
HAZE 1
- INDICATES NEGATIVE NUMBERS.
R INDICATES RECORD WAS SET OR TIED.
MM INDICATES DATA IS MISSING.
T INDICATES TRACE AMOUNT.
$$