000
CXUS53 KIWX 010810
CF6BEH
PRELIMINARY LOCAL CLIMATOLOGICAL DATA (WS FORM: F-6)
STATION: BENTON HARBOR
MONTH: APRIL
YEAR: 2021
LATITUDE: 42 7 N
LONGITUDE: 86 26 W
TEMPERATURE IN F: :PCPN: SNOW: WIND :SUNSHINE: SKY :PK WND
================================================================================
1 2 3 4 5 6A 6B 7 8 9 10 11 12 13 14 15 16 17 18
12Z AVG MX 2MIN
DY MAX MIN AVG DEP HDD CDD WTR SNW DPTH SPD SPD DIR MIN PSBL S-S WX SPD DR
================================================================================
1 35 24 30 -13 35 0 0.02 M M 8.5 17 320 M M 7 8 32 300
2 45 16 31 -13 34 0 0.00 0.0 0 3.7 12 300 M M 0 16 310
3 65 35 50 6 15 0 0.00 0.0 0 9.6 24 230 M M 1 8 36 250
4 74 33 54 10 11 0 0.00 0.0 M 5.0 14 140 M M 0 20 140
5 71 58 65 20 0 0 0.02 0.0 0 7.8 16 270 M M 3 3 22 200
6 79 54 67 22 0 2 0.00 M M 7.0 17 280 M M 0 20 280
7 79 54 67 21 0 2 0.00 M M 8.7 17 170 M M 2 27 190
8 72 52 62 16 3 0 0.17 M M 10.2 23 240 M M 5 13 31 160
9 67 46 57 11 8 0 0.02 M M 9.2 23 240 M M 9 1 32 240
10 68 40 54 7 11 0 0.28 M M 5.8 20 270 M M 6 1 26 260
11 56 40 48 1 17 0 0.01 M M 5.7 13 120 M M 6 18 120
12 61 38 50 3 15 0 0.00 M M 7.3 17 250 M M 4 1 24 270
13 54 35 45 -3 20 0 0.00 M M 7.5 22 280 M M 1 29 290
14 46 33 40 -8 25 0 0.00 M M 8.2 21 270 M M 4 27 300
15 45 37 41 -7 24 0 T M M 7.9 16 310 M M 8 1 29 330
16 43 33 38 -11 27 0 0.00 M M 5.8 13 320 M M 6 22 300
17 51 28 40 -9 25 0 0.00 M M 3.9 14 310 M M 1 12 20 310
18 60 29 45 -5 20 0 0.00 M M 4.3 16 260 M M 3 1 21 250
19 53 40 47 -3 18 0 0.33 M M 8.8 22 260 M M 8 1 33 250
20 41 36 39 -11 26 0 T M M 4.7 10 310 M M 9 18 300
21 43 25 34 -17 31 0 0.00 M M 4.4 17 270 M M 5 24 270
22 52 26 39 -12 26 0 T M M 6.7 17 240 M M 3 26 240
23 60 43 52 1 13 0 0.00 M M 10.7 18 270 M M 2 29 230
24 57 40 49 -3 16 0 T M M 3.5 14 330 M M 8 18 23 320
25 45 32 39 -13 26 0 0.00 M M 6.8 16 310 M M 6 1 29 20
26 74 36 55 3 10 0 0.00 M M 11.8 25 160 M M 2 39 170
27 83 61 72 19 0 7 0.00 M M 9.9 22 240 M M 3 35 250
28 66 43 55 2 10 0 0.05 M M 4.4 16 280 M M 7 1 20 320
29 54 44 49 -4 16 0 0.10 M M 4.2 14 270 M M 7 1 23 320
30 50 32 41 -13 24 0 0.00 M M 6.1 17 330 M M 1 1 32 330
================================================================================
SM 1749 1143 506 11 1.00 0.0 208.1 M 127
================================================================================
AV 58.3 38.1 6.9 FASTST M M 4 MAX(MPH)
MISC ----> 25 160 39 170
================================================================================
NOTES:
# LAST OF SEVERAL OCCURRENCES
COLUMN 17 PEAK WIND IN M.P.H.
PRELIMINARY LOCAL CLIMATOLOGICAL DATA (WS FORM: F-6) , PAGE 2
STATION: BENTON HARBOR
MONTH: APRIL
YEAR: 2021
LATITUDE: 42 7 N
LONGITUDE: 86 26 W
[TEMPERATURE DATA] [PRECIPITATION DATA] SYMBOLS USED IN COLUMN 16
AVERAGE MONTHLY: 48.2 TOTAL FOR MONTH: 1.00 1 = FOG OR MIST
DPTR FM NORMAL: -0.4 DPTR FM NORMAL: -2.38 2 = FOG REDUCING VISIBILITY
HIGHEST: 83 ON 27 GRTST 24HR 0.33 ON 19-19 TO 1/4 MILE OR LESS
LOWEST: 16 ON 2 3 = THUNDER
SNOW, ICE PELLETS, HAIL 4 = ICE PELLETS
TOTAL MONTH: 0.0 INCH 5 = HAIL
GRTST 24HR 0.0 6 = FREEZING RAIN OR DRIZZLE
GRTST DEPTH: 0 7 = DUSTSTORM OR SANDSTORM:
VSBY 1/2 MILE OR LESS
8 = SMOKE OR HAZE
[NO. OF DAYS WITH] [WEATHER - DAYS WITH] 9 = BLOWING SNOW
X = TORNADO
MAX 32 OR BELOW: 0 0.01 INCH OR MORE: 9
MAX 90 OR ABOVE: 0 0.10 INCH OR MORE: 4
MIN 32 OR BELOW: 8 0.50 INCH OR MORE: 0
MIN 0 OR BELOW: 0 1.00 INCH OR MORE: 0
[HDD (BASE 65) ]
TOTAL THIS MO. 506 CLEAR (SCALE 0-3) 14
DPTR FM NORMAL 3 PTCLDY (SCALE 4-7) 13
TOTAL FM JUL 1 5493 CLOUDY (SCALE 8-10) 3
DPTR FM NORMAL -342
[CDD (BASE 65) ]
TOTAL THIS MO. 11
DPTR FM NORMAL 0 [PRESSURE DATA]
TOTAL FM JAN 1 11 HIGHEST SLP 30.59 ON 2
DPTR FM NORMAL -1 LOWEST SLP 29.32 ON 11
[REMARKS]
#FINAL-04-21#