000
CXUS53 KIWX 010910
CF6BEH
PRELIMINARY LOCAL CLIMATOLOGICAL DATA (WS FORM: F-6)
STATION: BENTON HARBOR
MONTH: DECEMBER
YEAR: 2020
LATITUDE: 42 7 N
LONGITUDE: 86 26 W
TEMPERATURE IN F: :PCPN: SNOW: WIND :SUNSHINE: SKY :PK WND
================================================================================
1 2 3 4 5 6A 6B 7 8 9 10 11 12 13 14 15 16 17 18
12Z AVG MX 2MIN
DY MAX MIN AVG DEP HDD CDD WTR SNW DPTH SPD SPD DIR MIN PSBL S-S WX SPD DR
================================================================================
1 38 35 37 2 28 0 0.01 M M 11.4 18 310 M M 10 8 35 310
2 43 33 38 3 27 0 0.00 M M 8.6 17 250 M M 0 26 250
3 45 32 39 5 26 0 0.00 M M 15.0 25 260 M M 0 33 250
4 43 35 39 5 26 0 0.00 M M 11.3 24 260 M M 7 37 240
5 38 34 36 2 29 0 0.00 M M 4.8 10 50 M M 10 18 10
6 36 32 34 1 31 0 0.00 M M 3.0 8 130 M M 10 11 130
7 36 31 34 1 31 0 T M M 3.3 9 300 M M 10 12 280
8 38 34 36 3 29 0 0.00 M M 10.2 24 250 M M 10 8 36 240
9 44 27 36 4 29 0 0.00 M M 8.6 24 250 M M 6 18 33 250
10 54 24 39 7 26 0 0.00 0.0 0 6.1 14 160 M M 0 1 20 170
11 49 28 39 7 26 0 0.22 M M 5.4 17 100 M M 3 18 27 70
12 49 35 42 11 23 0 1.49 M M 9.3 20 230 M M 10 1 29 90
13 38 34 36 5 29 0 0.04 M M 7.9 21 270 M M 9 1 28 280
14 35 29 32 1 33 0 0.00 M M 9.3 18 290 M M 9 29 330
15 31 19 25 -5 40 0 0.00 M M 6.4 13 120 M M 2 18 110
16 33 25 29 -1 36 0 0.00 M M 7.8 15 80 M M 8 8 22 110
17 32 27 30 0 35 0 0.00 M M 3.5 8 70 M M 10 13 80
18 37 28 33 3 32 0 0.00 M M 8.5 17 170 M M 3 26 160
19 42 33 38 8 27 0 T M M 8.2 15 180 M M 8 23 190
20 41 34 38 9 27 0 0.00 M M 9.5 20 250 M M 8 26 230
21 44 32 38 9 27 0 T M M 12.1 26 290 M M 9 18 42 270
22 42 37 40 11 25 0 T M M 9.9 20 310 M M 8 34 320
23 55 39 47 18 18 0 0.23 M M 17.2 28 190 M M 5 1 49 190
24 39 18 29 0 36 0 0.04 M M 17.1 36 250 M M 10 18 50 260
25 24 11 18 -10 47 0 0.20 M M 12.9 29 260 M M 10 128 38 260
26 30 16 23 -5 42 0 0.00 M M 10.4 30 270 M M 9 18 40 270
27 44 14 29 1 36 0 0.02 M M 10.5 26 270 M M 2 1 37 260
28 38 31 35 7 30 0 0.00 M M 11.4 25 280 M M 8 39 310
29 32 23 28 0 37 0 0.10 M M 9.1 22 130 M M 4 1 34 140
30 38 30 34 6 31 0 0.39 M M 16.4 26 270 M M 10 16 36 280
31 31 19 25 -3 40 0 0.00 M M 4.2 15 300 M M 8 1 22 300
================================================================================
SM 1219 879 959 0 2.74 0.0 289.3 M 216
================================================================================
AV 39.3 28.4 9.3 FASTST M M 7 MAX(MPH)
MISC ----> 36 250 50 260
================================================================================
NOTES:
# LAST OF SEVERAL OCCURRENCES
COLUMN 17 PEAK WIND IN M.P.H.
PRELIMINARY LOCAL CLIMATOLOGICAL DATA (WS FORM: F-6) , PAGE 2
STATION: BENTON HARBOR
MONTH: DECEMBER
YEAR: 2020
LATITUDE: 42 7 N
LONGITUDE: 86 26 W
[TEMPERATURE DATA] [PRECIPITATION DATA] SYMBOLS USED IN COLUMN 16
AVERAGE MONTHLY: 33.8 TOTAL FOR MONTH: 2.74 1 = FOG OR MIST
DPTR FM NORMAL: 3.1 DPTR FM NORMAL: 0.61 2 = FOG REDUCING VISIBILITY
HIGHEST: 55 ON 23 GRTST 24HR 1.69 ON 11-12 TO 1/4 MILE OR LESS
LOWEST: 11 ON 25 3 = THUNDER
SNOW, ICE PELLETS, HAIL 4 = ICE PELLETS
TOTAL MONTH: 0.0 INCH 5 = HAIL
GRTST 24HR 0.0 6 = FREEZING RAIN OR DRIZZLE
GRTST DEPTH: 0 7 = DUSTSTORM OR SANDSTORM:
VSBY 1/2 MILE OR LESS
8 = SMOKE OR HAZE
[NO. OF DAYS WITH] [WEATHER - DAYS WITH] 9 = BLOWING SNOW
X = TORNADO
MAX 32 OR BELOW: 6 0.01 INCH OR MORE: 10
MAX 90 OR ABOVE: 0 0.10 INCH OR MORE: 6
MIN 32 OR BELOW: 20 0.50 INCH OR MORE: 1
MIN 0 OR BELOW: 0 1.00 INCH OR MORE: 1
[HDD (BASE 65) ]
TOTAL THIS MO. 959 CLEAR (SCALE 0-3) 5
DPTR FM NORMAL -104 PTCLDY (SCALE 4-7) 12
TOTAL FM JUL 1 2041 CLOUDY (SCALE 8-10) 14
DPTR FM NORMAL -247
[CDD (BASE 65) ]
TOTAL THIS MO. 0
DPTR FM NORMAL 0 [PRESSURE DATA]
TOTAL FM JAN 1 803 HIGHEST SLP 30.56 ON 29
DPTR FM NORMAL 30 LOWEST SLP 29.46 ON 23
[REMARKS]
#FINAL-12-20#