000
CXUS51 KCTP 010900
CF6BFD
PRELIMINARY LOCAL CLIMATOLOGICAL DATA (WS FORM: F-6)
STATION: BRADFORD
MONTH: JANUARY
YEAR: 2022
LATITUDE: 41 47 N
LONGITUDE: 78 38 W
TEMPERATURE IN F: :PCPN: SNOW: WIND :SUNSHINE: SKY :PK WND
================================================================================
1 2 3 4 5 6A 6B 7 8 9 10 11 12 13 14 15 16 17 18
12Z AVG MX 2MIN
DY MAX MIN AVG DEP HDD CDD WTR SNW DPTH SPD SPD DIR MIN PSBL S-S WX SPD DR
================================================================================
1 54 39 47 22 18 0 0.25 M M 5.4 14 330 M M 10 1 21 200
2 39 20 30 5 35 0 0.01 M M 8.2 17 310 M M 10 168 20 330
3 23 12 18 -6 47 0 T M M 7.6 14 310 M M 5 8 17 330
4 34 14 24 0 41 0 0.00 M M 7.1 14 150 M M 1 22 150
5 42 28 35 11 30 0 T M M 10.6 22 280 M M 6 33 290
6 28 17 23 -1 42 0 0.01 M M 6.5 21 270 M M 9 29 270
7 20 16 18 -6 47 0 0.02 M M 9.5 20 280 M M 10 8 29 280
8 29 7 18 -6 47 0 T M M 7.9 16 150 M M 5 8 25 150
9 40 22 31 7 34 0 0.57 M M 13.0 28 300 M M 10 68 40 280
10 22 9 16 -8 49 0 0.01 M M 13.6 25 310 M M 10 89 34 320
11 17 5 11 -12 54 0 T M M 8.1 20 300 M M 7 8 26 270
12 38 18 28 5 37 0 T M M 8.4 18 210 M M 4 26 210
13 40 32 36 13 29 0 0.09 M M 4.5 10 220 M M 10 18 16 220
14 34 8 21 -2 44 0 T M M 9.5 16 350 M M 9 18 21 360
15 14 -2 6 -17 59 0 0.00 M M 4.1 10 40 M M 1 15 360
16 27 -5 11 -12 54 0 0.38 M M 10.1 21 140 M M 3 31 140
17 29 22 26 3 39 0 0.14 M M 14.2 28 310 M M 10 8 39 310
18 30 23 27 4 38 0 T M M 11.1 22 300 M M 9 8 31 280
19 42 24 33 10 32 0 0.00 M M 10.4 20 310 M M 8 27 220
20 29 7 18 -5 47 0 T M M 13.0 21 330 M M 8 8 27 320
21 18 -4 7 -15 58 0 0.00 M M 3.5 14 350 M M 4 8 17 350
22 22 -18 2 -20 63 0 0.00 M M 5.1 14 200 M M 3 21 210
23 24 14 19 -3 46 0 0.02 M M 7.5 13 350 M M 9 8 21 240
24 25 2 14 -8 51 0 0.05 M M 4.7 13 210 M M 9 8 19 240
25 25 10 18 -4 47 0 T M M 9.7 18 290 M M 10 8 24 290
26 17 -2 8 -14 57 0 T M M 2.7 10 300 M M 9 8 12 310
27 27 -4 12 -10 53 0 T M M 6.2 16 230 M M 5 8 24 230
28 24 8 16 -6 49 0 0.02 M M 5.8 13 10 M M 10 8 16 40
29 14 -3 6 -16 59 0 0.00 M M 9.1 18 330 M M 3 8 24 330
30 18 -8 5 -18 60 0 T M M 1.7 10 200 M M 7 8 13 190
31 30 -1 15 -8 50 0 0.00 M M 3.4 9 120 M M 1 8 14 140
================================================================================
SM 875 310 1416 0 1.57 M 242.2 M 215
================================================================================
AV 28.2 10.0 7.8 FASTST M M 7 MAX(MPH)
MISC ----> # 28 300 40 280
================================================================================
NOTES:
# LAST OF SEVERAL OCCURRENCES
COLUMN 17 PEAK WIND IN M.P.H.
PRELIMINARY LOCAL CLIMATOLOGICAL DATA (WS FORM: F-6) , PAGE 2
STATION: BRADFORD
MONTH: JANUARY
YEAR: 2022
LATITUDE: 41 47 N
LONGITUDE: 78 38 W
[TEMPERATURE DATA] [PRECIPITATION DATA] SYMBOLS USED IN COLUMN 16
AVERAGE MONTHLY: 19.1 TOTAL FOR MONTH: 1.57 1 = FOG OR MIST
DPTR FM NORMAL: -4.0 DPTR FM NORMAL: -1.15 2 = FOG REDUCING VISIBILITY
HIGHEST: 54 ON 1 GRTST 24HR 1.16 ON 16-17 TO 1/4 MILE OR LESS
LOWEST: -18 ON 22 3 = THUNDER
SNOW, ICE PELLETS, HAIL 4 = ICE PELLETS
TOTAL MONTH: M 5 = HAIL
GRTST 24HR M ON M 6 = FREEZING RAIN OR DRIZZLE
GRTST DEPTH: M ON M 7 = DUSTSTORM OR SANDSTORM:
VSBY 1/2 MILE OR LESS
8 = SMOKE OR HAZE
[NO. OF DAYS WITH] [WEATHER - DAYS WITH] 9 = BLOWING SNOW
X = TORNADO
MAX 32 OR BELOW: 22 0.01 INCH OR MORE: 12
MAX 90 OR ABOVE: 0 0.10 INCH OR MORE: 4
MIN 32 OR BELOW: 30 0.50 INCH OR MORE: 1
MIN 0 OR BELOW: 9 1.00 INCH OR MORE: 0
[HDD (BASE 65) ]
TOTAL THIS MO. 1416 CLEAR (SCALE 0-3) 5
DPTR FM NORMAL 119 PTCLDY (SCALE 4-7) 9
TOTAL FM JUL 1 3654 CLOUDY (SCALE 8-10) 17
DPTR FM NORMAL -418
[CDD (BASE 65) ]
TOTAL THIS MO. 0
DPTR FM NORMAL 0 [PRESSURE DATA]
TOTAL FM JAN 1 0 HIGHEST SLP 30.60 ON 21
DPTR FM NORMAL 0 LOWEST SLP 29.08 ON 17
[REMARKS]
#FINAL-01-22#