000
CXUS51 KCTP 050158
CLSBFD
CLIMATE REPORT
NATIONAL WEATHER SERVICE STATE COLLEGE PA
858 PM EST WED DEC 04 2019
...................................
...THE BRADFORD CLIMATE SUMMARY FOR THE SEASON, FROM
9/1/2019 TO 11/30/2019...
CLIMATE NORMAL PERIOD 1981 TO 2010
CLIMATE RECORD PERIOD 1957 TO 2019
WEATHER OBSERVED NORMAL DEPART LAST YEAR`S
VALUE DATE(S) VALUE FROM VALUE DATE(S)
NORMAL
................................................................
TEMPERATURE (F)
RECORD
HIGH 90 09/03/2011
LOW -2 11/30/1976
HIGHEST 84 10/01 MM MM 87 09/04
09/11
LOWEST 13 11/08 MM MM 2 11/22
AVG. MAXIMUM 57.9 56.7 1.2 55.0
AVG. MINIMUM 37.9 36.7 1.2 40.4
MEAN 47.9 46.7 1.2 47.7
DAYS MAX >= 90 0 MM MM 0
DAYS MAX <= 32 5 MM MM 11
DAYS MIN <= 32 33 MM MM 32
DAYS MIN <= 0 0 MM MM 0
PRECIPITATION (INCHES)
RECORD
MAXIMUM 17.08 1970
MINIMUM 4.03 1964
TOTALS 9.70 11.11 -1.41 15.83
DAILY AVG. 0.10 0.12 -0.02 0.17
DAYS >= .01 39 MM MM 52
DAYS >= .10 20 MM MM 33
DAYS >= .50 8 MM MM 12
DAYS >= 1.00 1 MM MM 3
GREATEST
24 HR. TOTAL 1.63 10/30 TO 10/31 1.54
STORM TOTAL 1.55 MM MM
(MM/DD(HH)) MM
DEGREE DAYS
HEATING TOTAL 1556 1682 -126 1658
SINCE 7/1 1629 1835 -206 1708
COOLING TOTAL 30 16 14 105
SINCE 1/1 283 193 90 447
FREEZE DATES
RECORD
EARLIEST 08/05/1972
LATEST 06/30/1961
EARLIEST 10/10
LATEST 06/04
................................................................
WIND (MPH)
AVERAGE WIND SPEED 6.3
RESULTANT WIND SPEED/DIRECTION 1/220
HIGHEST WIND SPEED/DIRECTION 29/310 DATE 10/17
HIGHEST GUST SPEED/DIRECTION 41/230 DATE 10/31
SKY COVER
POSSIBLE SUNSHINE (PERCENT) MM
AVERAGE SKY COVER 0.55
NUMBER OF DAYS FAIR 25
NUMBER OF DAYS PC 32
NUMBER OF DAYS CLOUDY 34
AVERAGE RH (PERCENT) 71
WEATHER CONDITIONS. NUMBER OF DAYS WITH
THUNDERSTORM 5 MIXED PRECIP 0
HEAVY RAIN 11 RAIN 15
LIGHT RAIN 39 FREEZING RAIN 0
LT FREEZING RAIN 4 HAIL 0
HEAVY SNOW 1 SNOW 3
LIGHT SNOW 14 SLEET 0
FOG 74 FOG W/VIS <= 1/4 MILE 18
HAZE 18
- INDICATES NEGATIVE NUMBERS.
R INDICATES RECORD WAS SET OR TIED.
MM INDICATES DATA IS MISSING.
T INDICATES TRACE AMOUNT.
$$