000
CXUS55 KCYS 091250 CCA
CF6BFF
PRELIMINARY LOCAL CLIMATOLOGICAL DATA (WS FORM: F-6)...CORRECTED
STATION: SCOTTSBLUFF NE AIRPORT
MONTH: JANUARY
YEAR: 2022
LATITUDE: 41 52 N
LONGITUDE: 103 36 W
TEMPERATURE IN F: :PCPN: SNOW: WIND :SUNSHINE: SKY :PK WND
================================================================================
1 2 3 4 5 6A 6B 7 8 9 10 11 12 13 14 15 16 17 18
12Z AVG MX 2MIN
DY MAX MIN AVG DEP HDD CDD WTR SNW DPTH SPD SPD DIR MIN PSBL S-S WX SPD DR
================================================================================
1 12 -8 2 -25 63 0 0.01 0.2 T 4.5 12 300 M M 5 8 16 290
2 43 -8 18 -9 47 0 0.00 0.0 0 8.4 24 280 M M 0 34 300
3 53 15 34 7 31 0 0.00 0.0 0 4.4 15 260 M M 0 19 260
4 52 22 37 10 28 0 T 0.0 0 16.5 44 320 M M 5 8 62 270
5 22 -1 11 -17 54 0 0.38 4.0 0 9.0 17 60 M M 8 22 70
6 15 -2 7 -21 58 0 0.05 0.6 4 8.5 21 110 M M 9 18 26 110
7 31 2 17 -11 48 0 0.00 0.0 5 6.8 14 350 M M 0 16 10
8 45 19 32 4 33 0 0.00 0.0 4 10.2 22 260 M M 5 30 280
9 41 12 27 -1 38 0 0.00 0.0 2 8.1 21 280 M M 1 30 280
10 50 13 32 4 33 0 0.00 0.0 1 4.7 12 360 M M 0 13 30
11 48 25 37 9 28 0 0.00 0.0 0 10.7 20 280 M M 0 28 270
12 50 25 38 10 27 0 0.00 0.0 0 10.4 25 280 M M 0 36 290
13 54 29 42 14 23 0 0.00 0.0 0 4.7 9 360 M M 1 13 310
14 46 24 35 7 30 0 T 0.0 0 20.0 45 320 M M 7 57 320
15 47 14 31 3 34 0 0.00 0.0 0 5.4 13 270 M M 0 18 270
16 50 23 37 9 28 0 0.00 0.0 0 9.0 28 320 M M 0 36 330
17 60 20 40 12 25 0 0.00 0.0 0 7.9 24 290 M M 0 34 270
18 55 25 40 11 25 0 0.00 0.0 0 9.3 22 50 M M 4 29 60
19 24 6 15 -14 50 0 0.04 1.0 1 7.6 14 30 M M 9 8 19 20
20 31 1 16 -13 49 0 0.00 0.0 1 5.1 13 110 M M 0 18 15 110
21 42 22 32 3 33 0 0.20 2.1 2 9.4 20 320 M M 5 1 27 310
22 43 16 30 1 35 0 0.00 0.0 1 7.6 18 290 M M 0 27 300
23 54 29 42 13 23 0 0.00 0.0 0 10.5 23 280 M M 2 31 280
24 45 27 36 7 29 0 0.01 T 0 10.0 22 310 M M 3 1 29 310
25 32 21 27 -2 38 0 0.01 0.2 T 6.0 20 350 M M 7 1 26 350
26 45 22 34 5 31 0 0.00 0.0 0 11.5 24 320 M M 0 35 280
27 38 17 28 -1 37 0 0.00 0.0 0 11.4 29 330 M M 6 38 330
28 49 14 32 3 33 0 0.00 0.0 0 12.4 23 290 M M 2 33 290
29 58 23 41 12 24 0 0.00 0.0 0 9.4 22 290 M M 0 29 300
30 58 17 38 9 27 0 0.00 0.0 0 5.8 20 320 M M 0 27 320
31 58 19 39 10 26 0 0.00 0.0 0 14.0 39 290 M M 0 58 270
================================================================================
SM 1351 483 1088 0 0.70 8.1 279.2 M 79
================================================================================
AV 43.6 15.6 9.0 FASTST M M 3 MAX(MPH)
MISC ----> 45 320 62 270
================================================================================
NOTES:
# LAST OF SEVERAL OCCURRENCES
COLUMN 17 PEAK WIND IN M.P.H.
PRELIMINARY LOCAL CLIMATOLOGICAL DATA (WS FORM: F-6) , PAGE 2
STATION: SCOTTSBLUFF NE AIRPORT
MONTH: JANUARY
YEAR: 2022
LATITUDE: 41 52 N
LONGITUDE: 103 36 W
[TEMPERATURE DATA] [PRECIPITATION DATA] SYMBOLS USED IN COLUMN 16
AVERAGE MONTHLY: 29.6 TOTAL FOR MONTH: 0.70 1 = FOG OR MIST
DPTR FM NORMAL: 1.3 DPTR FM NORMAL: 0.31 2 = FOG REDUCING VISIBILITY
HIGHEST: 60 ON 17 GRTST 24HR 0.38 ON 5 TO 1/4 MILE OR LESS
LOWEST: -8 ON 2, 1 3 = THUNDER
SNOW, ICE PELLETS, HAIL 4 = ICE PELLETS
TOTAL MONTH: 8.1 INCHES 5 = HAIL
GRTST 24HR 4.0 ON 5- 5 6 = FREEZING RAIN OR DRIZZLE
GRTST DEPTH: 5 ON 7 7 = DUSTSTORM OR SANDSTORM:
VSBY 1/2 MILE OR LESS
8 = SMOKE OR HAZE
[NO. OF DAYS WITH] [WEATHER - DAYS WITH] 9 = BLOWING SNOW
X = TORNADO
MAX 32 OR BELOW: 7 0.01 INCH OR MORE: 7
MAX 90 OR ABOVE: 0 0.10 INCH OR MORE: 2
MIN 32 OR BELOW: 31 0.50 INCH OR MORE: 0
MIN 0 OR BELOW: 4 1.00 INCH OR MORE: 0
[HDD (BASE 65) ]
TOTAL THIS MO. 1088 CLEAR (SCALE 0-3) 20
DPTR FM NORMAL -50 PTCLDY (SCALE 4-7) 9
TOTAL FM JUL 1 3111 CLOUDY (SCALE 8-10) 2
DPTR FM NORMAL -638
[CDD (BASE 65) ]
TOTAL THIS MO. 0
DPTR FM NORMAL 0 [PRESSURE DATA]
TOTAL FM JAN 1 0 HIGHEST SLP 30.67 ON 9
DPTR FM NORMAL 0 LOWEST SLP 29.61 ON 8
[REMARKS]
#FINAL-01-22#