000
CXUS55 KCYS 230955
CF6BFF
PRELIMINARY LOCAL CLIMATOLOGICAL DATA (WS FORM: F-6) ...CORRECTED...
STATION: SCOTTSBLUFF NE AIRPORT
MONTH: JUNE
YEAR: 2021
LATITUDE: 41 52 N
LONGITUDE: 103 36 W
TEMPERATURE IN F: :PCPN: SNOW: WIND :SUNSHINE: SKY :PK WND
================================================================================
1 2 3 4 5 6A 6B 7 8 9 10 11 12 13 14 15 16 17 18
12Z AVG MX 2MIN
DY MAX MIN AVG DEP HDD CDD WTR SNW DPTH SPD SPD DIR MIN PSBL S-S WX SPD DR
================================================================================
1 77 47 62 -2 3 0 T 0.0 0 6.0 15 80 M M 2 3 21 60
2 84 42 63 -1 2 0 0.00 0.0 0 4.7 12 150 M M 1 20 170
3 90 49 70 5 0 5 0.00 0.0 0 4.0 13 270 M M 0 19 250
4 99 50 75 10 0 10 0.00 0.0 0 4.9 13 150 M M 0 16 280
5 99 57 78 12 0 13 0.00 0.0 0 6.8 20 150 M M 0 27 160
6 90 56 73 7 0 8 0.00 0.0 0 8.8 21 90 M M 0 28 40
7 98 57 78 12 0 13 0.00 0.0 0 9.5 20 30 M M 0 27 210
8 97 62 80 13 0 15 T 0.0 0 14.9 33 220 M M 1 138 55 230
9 94 57 76 9 0 11 0.00 0.0 0 7.9 24 50 M M 0 31 50
10 99 65 82 15 0 17 0.00 0.0 0 13.2 30 270 M M 0 44 260
11 82 57 70 2 0 5 0.00 0.0 0 12.2 26 320 M M 0 36 320
12 94 51 73 5 0 8 0.00 0.0 0 10.8 21 150 M M 0 28 170
13 98 64 81 13 0 16 0.10 0.0 0 10.4 37 280 M M 1 3 49 270
14 101 62 82 14 0 17 0.00 0.0 0 11.2 23 120 M M 0 3 32 100
15 105 70 88 19 0 23 0.00 0.0 0 12.8 25 150 M M 0 36 150
16 103 62 83 14 0 18 0.00 0.0 0 10.4 21 50 M M 0 30 40
17 101 63 82 13 0 17 0.00 0.0 0 8.3 22 100 M M 0 31 90
18 92 64 78 8 0 13 0.00 0.0 0 7.7 24 70 M M 0 33 70
19 96 61 79 9 0 14 0.00 0.0 0 11.3 30 120 M M 0 3 40 130
20 84 56 70 0 0 5 0.39 0.0 0 11.6 26 20 M M 4 13 34 20
21 79 54 67 -3 0 2 0.01 0.0 0 5.7 13 260 M M 2 1 20 260
22 95 55 75 4 0 10 0.00 0.0 0 6.8 10 90 M M 0 17 250
23 101 59 80 9 0 15 0.00 0.0 0 6.0 23 230 M M 0 8 31 230
24 90 61 76 5 0 11 0.24 0.0 0 11.5 29 350 M M 1 13 40 360
25 74 60 67 -5 0 2 0.03 0.0 0 7.4 25 350 M M 8 35 340
26 83 56 70 -2 0 5 T 0.0 0 10.8 25 360 M M 5 34 20
27 77 54 66 -6 0 1 0.09 0.0 0 7.6 25 330 M M 5 3 35 330
28 78 54 66 -6 0 1 0.05 0.0 0 6.4 22 80 M M 4 27 80
29 84 48 66 -7 0 1 0.00 0.0 0 6.3 15 110 M M 0 23 110
30 89 58 74 1 0 9 0.00 0.0 0 10.6 22 110 M M 1 8 29 110
================================================================================
SM 2733 1711 5 285 0.91 0.0 266.5 M 35
================================================================================
AV 91.1 57.0 8.9 FASTST M M 1 MAX(MPH)
MISC ----> 37 280 55 230
================================================================================
NOTES:
# LAST OF SEVERAL OCCURRENCES
COLUMN 17 PEAK WIND IN M.P.H.
PRELIMINARY LOCAL CLIMATOLOGICAL DATA (WS FORM: F-6) , PAGE 2
STATION: SCOTTSBLUFF NE AIRPORT
MONTH: JUNE
YEAR: 2021
LATITUDE: 41 52 N
LONGITUDE: 103 36 W
[TEMPERATURE DATA] [PRECIPITATION DATA] SYMBOLS USED IN COLUMN 16
AVERAGE MONTHLY: 74.1 TOTAL FOR MONTH: 0.91 1 = FOG OR MIST
DPTR FM NORMAL: 5.4 DPTR FM NORMAL: -1.63 2 = FOG REDUCING VISIBILITY
HIGHEST: 105 ON 15 GRTST 24HR 0.40 ON 20-21 TO 1/4 MILE OR LESS
LOWEST: 42 ON 2 3 = THUNDER
SNOW, ICE PELLETS, HAIL 4 = ICE PELLETS
TOTAL MONTH: 0.0 INCH 5 = HAIL
GRTST 24HR 0.0 6 = FREEZING RAIN OR DRIZZLE
GRTST DEPTH: 0 7 = DUSTSTORM OR SANDSTORM:
VSBY 1/2 MILE OR LESS
8 = SMOKE OR HAZE
[NO. OF DAYS WITH] [WEATHER - DAYS WITH] 9 = BLOWING SNOW
X = TORNADO
MAX 32 OR BELOW: 0 0.01 INCH OR MORE: 7
MAX 90 OR ABOVE: 19 0.10 INCH OR MORE: 3
MIN 32 OR BELOW: 0 0.50 INCH OR MORE: 0
MIN 0 OR BELOW: 0 1.00 INCH OR MORE: 0
[HDD (BASE 65) ]
TOTAL THIS MO. 5 CLEAR (SCALE 0-3) 25
DPTR FM NORMAL -39 PTCLDY (SCALE 4-7) 5
TOTAL FM JUL 1 6382 CLOUDY (SCALE 8-10) 0
DPTR FM NORMAL 70
[CDD (BASE 65) ]
TOTAL THIS MO. 285
DPTR FM NORMAL 128 [PRESSURE DATA]
TOTAL FM JAN 1 292 HIGHEST SLP 30.19 ON 29
DPTR FM NORMAL 106 LOWEST SLP 29.49 ON 10
[REMARKS]
JUNE 5TH...RECORD HIGH 99 DEGREES (PREVIOUS 98 DEGREES IN 2018)
JUNE 15TH...RECORD HIGH 105 DEGREES (PREVIOUS 102 DEGREES IN 1896)
JUNE 16TH...RECORD HIGH 103 DEGREES (PREVIOUS 101 DEGREES IN 2020)
MEAN TEMPERATURE 74.1 DEGREES WAS 2ND WARMEST FOR JUNE
#FINAL-06-21#